000
CXUS54 KEWX 011011
CF6DRT
PRELIMINARY LOCAL CLIMATOLOGICAL DATA (WS FORM: F-6)
STATION: DEL RIO
MONTH: MAY
YEAR: 2020
LATITUDE: 29 22 N
LONGITUDE: 100 55 W
TEMPERATURE IN F: :PCPN: SNOW: WIND :SUNSHINE: SKY :PK WND
================================================================================
1 2 3 4 5 6A 6B 7 8 9 10 11 12 13 14 15 16 17 18
12Z AVG MX 2MIN
DY MAX MIN AVG DEP HDD CDD WTR SNW DPTH SPD SPD DIR MIN PSBL S-S WX SPD DR
================================================================================
1 99 66 83 8 0 18 0.00 0.0 0 12.1 24 150 M M 0 32 150
2 102 69 86 10 0 21 0.00 0.0 0 11.2 18 150 M M 0 8 25 150
3 102 74 88 12 0 23 0.00 0.0 0 10.2 15 150 M M 1 25 100
4 104 73 89 13 0 24 0.00 0.0 0 10.5 17 150 M M 0 27 150
5 92 71 82 6 0 17 0.00 0.0 0 9.1 16 10 M M 4 8 25 350
6 89 67 78 1 0 13 0.00 0.0 0 8.2 17 130 M M 5 25 100
7 96 72 84 7 0 19 0.00 0.0 0 14.2 26 150 M M 4 37 140
8 90 72 81 4 0 16 0.00 0.0 0 11.2 23 360 M M 1 3 34 340
9 88 62 75 -2 0 10 0.00 0.0 0 8.8 18 110 M M 0 28 110
10 89 67 78 0 0 13 0.00 0.0 0 12.0 20 150 M M 4 27 110
11 89 68 79 1 0 14 0.22 0.0 0 12.6 22 140 M M 6 38 31 110
12 93 69 81 3 0 16 0.00 0.0 0 8.6 21 90 M M 2 32 90
13 89 70 80 2 0 15 T 0.0 0 13.3 36 160 M M 6 8 51 100
14 99 74 87 9 0 22 0.00 0.0 0 12.7 22 150 M M 2 31 150
15 89 67 78 -1 0 13 0.48 0.0 0 10.5 45 230 M M 7 38 61 230
16 92 63 78 -1 0 13 0.00 0.0 0 4.9 13 70 M M 1 19 90
17 96 69 83 4 0 18 0.00 0.0 0 7.2 14 150 M M 0 22 170
18 102 72 87 8 0 22 0.00 0.0 0 10.4 18 110 M M 0 30 140
19 108 74 91 11 0 26 0.00 0.0 0 9.9 17 120 M M 0 26 130
20 99 73 86 6 0 21 0.24 0.0 0 12.3 36 250 M M 0 3 48 250
21 97 70 84 4 0 19 T 0.0 0 9.4 22 150 M M 0 3 29 170
22 97 77 87 7 0 22 0.00 0.0 0 11.0 18 140 M M 3 28 150
23 96 71 84 4 0 19 0.18 0.0 0 13.8 31 60 M M 5 38 47 50
24 88 68 78 -3 0 13 T 0.0 0 8.8 28 340 M M 4 3 42 300
25 90 66 78 -3 0 13 T 0.0 0 9.3 18 80 M M 4 3 28 80
26 92 68 80 -1 0 15 0.00 0.0 0 2.8 12 310 M M 2 17 90
27 101 70 86 5 0 21 0.00 0.0 0 11.7 23 90 M M 0 36 70
28 100 74 87 5 0 22 T 0.0 0 9.1 32 30 M M 3 3 52 40
29 95 67 81 -1 0 16 0.00 0.0 0 5.5 15 60 M M 1 22 60
30 92 66 79 -3 0 14 0.00 0.0 0 4.6 14 140 M M 0 8 19 100
31 86 69 78 -4 0 13 0.09 0.0 0 6.9 18 150 M M 4 13 23 150
================================================================================
SM 2941 2158 0 541 1.21 0.0 302.8 M 69
================================================================================
AV 94.9 69.6 9.8 FASTST M M 2 MAX(MPH)
MISC ----> # 45 230 # 61 230
================================================================================
NOTES:
# LAST OF SEVERAL OCCURRENCES
COLUMN 17 PEAK WIND IN M.P.H.
PRELIMINARY LOCAL CLIMATOLOGICAL DATA (WS FORM: F-6) , PAGE 2
STATION: DEL RIO
MONTH: MAY
YEAR: 2020
LATITUDE: 29 22 N
LONGITUDE: 100 55 W
[TEMPERATURE DATA] [PRECIPITATION DATA] SYMBOLS USED IN COLUMN 16
AVERAGE MONTHLY: 82.2 TOTAL FOR MONTH: 1.21 1 = FOG OR MIST
DPTR FM NORMAL: 3.3 DPTR FM NORMAL: -1.60 2 = FOG REDUCING VISIBILITY
HIGHEST: 108 ON 19 GRTST 24HR 0.48 ON 15-15 TO 1/4 MILE OR LESS
LOWEST: 62 ON 9 3 = THUNDER
SNOW, ICE PELLETS, HAIL 4 = ICE PELLETS
TOTAL MONTH: 0.0 INCH 5 = HAIL
GRTST 24HR 0.0 6 = FREEZING RAIN OR DRIZZLE
GRTST DEPTH: 0 7 = DUSTSTORM OR SANDSTORM:
VSBY 1/2 MILE OR LESS
8 = SMOKE OR HAZE
[NO. OF DAYS WITH] [WEATHER - DAYS WITH] 9 = BLOWING SNOW
X = TORNADO
MAX 32 OR BELOW: 0 0.01 INCH OR MORE: 5
MAX 90 OR ABOVE: 23 0.10 INCH OR MORE: 4
MIN 32 OR BELOW: 0 0.50 INCH OR MORE: 0
MIN 0 OR BELOW: 0 1.00 INCH OR MORE: 0
[HDD (BASE 65) ]
TOTAL THIS MO. 0 CLEAR (SCALE 0-3) 20
DPTR FM NORMAL -1 PTCLDY (SCALE 4-7) 11
TOTAL FM JUL 1 964 CLOUDY (SCALE 8-10) 0
DPTR FM NORMAL -412
[CDD (BASE 65) ]
TOTAL THIS MO. 541
DPTR FM NORMAL 111 [PRESSURE DATA]
TOTAL FM JAN 1 1063 HIGHEST SLP 30.17 ON 10
DPTR FM NORMAL 304 LOWEST SLP 29.52 ON 24
[REMARKS]
#FINAL-05-20#