898
CXUS53 KDMX 030424
CF6DSM
PRELIMINARY LOCAL CLIMATOLOGICAL DATA (WS FORM: F-6)
STATION: DES MOINES IA
MONTH: MAY
YEAR: 2020
LATITUDE: 41 31 N
LONGITUDE: 93 39 W
TEMPERATURE IN F: :PCPN: SNOW: WIND :SUNSHINE: SKY :PK WND
================================================================================
1 2 3 4 5 6A 6B 7 8 9 10 11 12 13 14 15 16 17 18
12Z AVG MX 2MIN
DY MAX MIN AVG DEP HDD CDD WTR SNW DPTH SPD SPD DIR MIN PSBL S-S WX SPD DR
================================================================================
1 80 50 65 7 0 0 0.00 0.0 0 12.3 26 170 M M 5 37 210
2 73 57 65 7 0 0 0.02 0.0 0 5.8 16 340 M M 6 22 20
3 77 50 64 6 1 0 T 0.0 0 5.0 14 340 M M 6 19 300
4 63 47 55 -3 10 0 0.22 0.0 0 9.4 16 60 M M 9 1 23 70
5 50 45 48 -11 17 0 0.27 0.0 0 7.5 22 30 M M 9 1 29 30
6 61 43 52 -7 13 0 T 0.0 0 5.7 16 330 M M 7 1 21 310
7 64 42 53 -7 12 0 0.04 0.0 0 5.8 15 360 M M 8 21 350
8 57 41 49 -11 16 0 0.00 0.0 0 11.9 23 330 M M 3 34 30
9 67 33 50 -10 15 0 T 0.0 0 12.1 32 300 M M 5 47 250
10 54 41 48 -12 17 0 0.00 0.0 0 18.3 32 300 M M 8 43 300
11 59 43 51 -10 14 0 0.00 0.0 0 9.7 20 310 M M 7 26 320
12 62 44 53 -8 12 0 0.00 0.0 0 4.8 15 190 M M 8 21 180
13 56 44 50 -11 15 0 0.14 0.0 0 11.2 22 150 M M 8 13 29 140
14 65 54 60 -2 5 0 0.89 0.0 0 5.4 15 60 M M 9 123 19 70
15 75 54 65 3 0 0 0.00 0.0 0 6.7 14 30 M M 7 12 23 310
16 75 52 64 2 1 0 T 0.0 0 8.9 20 140 M M 9 3 26 140
17 65 53 59 -4 6 0 0.73 0.0 0 13.8 29 250 M M 10 13 36 240
18 60 51 56 -7 9 0 0.01 0.0 0 12.1 20 360 M M 10 1 27 20
19 63 52 58 -5 7 0 T 0.0 0 8.6 15 80 M M 9 1 23 80
20 62 57 60 -4 5 0 0.01 0.0 0 8.1 14 110 M M 10 1 20 100
21 63 56 60 -4 5 0 T 0.0 0 8.1 15 140 M M 10 21 110
22 73 57 65 1 0 0 T 0.0 0 9.2 18 140 M M 9 24 110
23 77 61 69 5 0 4 0.33 0.0 0 9.0 20 110 M M 7 13 32 120
24 81 64 73 8 0 8 1.16 0.0 0 9.0 22 150 M M 9 13 31 140
25 84 65 75 10 0 10 1.20 0.0 0 5.8 16 160 M M 8 138 22 160
26 80 63 72 7 0 7 0.34 0.0 0 9.0 31 170 M M 6 13 49 150
27 79 64 72 6 0 7 0.00 0.0 0 4.8 14 180 M M 9 18 190
28 79 60 70 4 0 5 0.21 0.0 0 10.8 25 30 M M 8 18 36 360
29 72 53 63 -3 2 0 0.00 0.0 0 9.0 23 330 M M 1 31 310
30 75 51 63 -4 2 0 T 0.0 0 4.0 14 50 M M 6 19 80
31 73 58 66 -1 0 1 T 0.0 0 7.9 17 170 M M 7 23 160
================================================================================
SM 2124 1605 184 42 5.57 0.0 269.7 M 233
================================================================================
AV 68.5 51.8 8.7 FASTST M M 8 MAX(MPH)
MISC ----> # 32 300 # 49 150
================================================================================
NOTES:
# LAST OF SEVERAL OCCURRENCES
COLUMN 17 PEAK WIND IN M.P.H.
PRELIMINARY LOCAL CLIMATOLOGICAL DATA (WS FORM: F-6) , PAGE 2
STATION: DES MOINES IA
MONTH: MAY
YEAR: 2020
LATITUDE: 41 31 N
LONGITUDE: 93 39 W
[TEMPERATURE DATA] [PRECIPITATION DATA] SYMBOLS USED IN COLUMN 16
AVERAGE MONTHLY: 60.2 TOTAL FOR MONTH: 5.57 1 = FOG OR MIST
DPTR FM NORMAL: -2.2 DPTR FM NORMAL: 0.83 2 = FOG REDUCING VISIBILITY
HIGHEST: 84 ON 25 GRTST 24HR 1.20 ON 25-25 TO 1/4 MILE OR LESS
LOWEST: 33 ON 9 3 = THUNDER
SNOW, ICE PELLETS, HAIL 4 = ICE PELLETS
TOTAL MONTH: 0.0 INCH 5 = HAIL
GRTST 24HR 0.0 6 = FREEZING RAIN OR DRIZZLE
GRTST DEPTH: 0 7 = DUSTSTORM OR SANDSTORM:
VSBY 1/2 MILE OR LESS
8 = SMOKE OR HAZE
[NO. OF DAYS WITH] [WEATHER - DAYS WITH] 9 = BLOWING SNOW
X = TORNADO
MAX 32 OR BELOW: 0 0.01 INCH OR MORE: 14
MAX 90 OR ABOVE: 0 0.10 INCH OR MORE: 10
MIN 32 OR BELOW: 0 0.50 INCH OR MORE: 4
MIN 0 OR BELOW: 0 1.00 INCH OR MORE: 2
[HDD (BASE 65) ]
TOTAL THIS MO. 184 CLEAR (SCALE 0-3) 2
DPTR FM NORMAL 38 PTCLDY (SCALE 4-7) 14
TOTAL FM JUL 1 6009 CLOUDY (SCALE 8-10) 15
DPTR FM NORMAL -176
[CDD (BASE 65) ]
TOTAL THIS MO. 42
DPTR FM NORMAL -20 [PRESSURE DATA]
TOTAL FM JAN 1 48 HIGHEST SLP M ON M
DPTR FM NORMAL -28 LOWEST SLP 29.65 ON 17
[REMARKS]
#FINAL-05-20#