000
CXUS55 KTWC 021158
CLMDUG
CLIMATE REPORT
NATIONAL WEATHER SERVICE TUCSON AZ
458 AM MST SAT DEC 02 2023
...................................
...THE DOUGLAS AZ CLIMATE SUMMARY FOR THE MONTH OF NOVEMBER 2023...
CLIMATE NORMAL PERIOD 1991 TO 2020
CLIMATE RECORD PERIOD 1948 TO 2023
WEATHER OBSERVED NORMAL DEPART LAST YEAR`S
VALUE DATE(S) VALUE FROM VALUE
NORMAL
..............................................................
TEMPERATURE (F)
RECORD
HIGH 88 11/01/2011
LOW 11 11/30/2010
HIGHEST 86 11/06 81 5
LOWEST 25 11/23 22 3
AVG. MAXIMUM 72.3 70.7 1.6
AVG. MINIMUM 39.0 35.0 4.0
MEAN 55.7 52.8 2.9
DAYS MAX >= 90 0 0.0 0.0
DAYS MAX >= 100 0
DAYS MIN <= 32 4 9.6 -5.6
DAYS MIN >= 80 0
PRECIPITATION (INCHES)
RECORD
MAXIMUM 4.62 2019
MINIMUM 0.00 2022
TOTALS 0.00R 0.67 -0.67 0.00
DAILY AVG. 0.00 0.02 -0.02 0.00
DAYS >= .01 0 2.9 -2.9 0
DAYS >= .10 0 1.5 -1.5 0
DAYS >= .50 0 0.3 -0.3 0
DAYS >= 1.00 0 0.1 -0.1 0
GREATEST
24 HR. TOTAL 0.00 10/31 TO 10/31 0.00
DEGREE DAYS
HEATING TOTAL 274 366 -92 307
SINCE 7/1 336 455 -119 MM
COOLING TOTAL 1 1 0 0
SINCE 1/1 2078 1709 369 MM
..............................................................
WIND (MPH)
AVERAGE WIND SPEED 7.3
HIGHEST WIND SPEED/DIRECTION 28/250 DATE 11/07
28/220 11/24
HIGHEST GUST SPEED/DIRECTION 41/250 DATE 11/07
AVERAGE RH (PERCENT) 45
- INDICATES NEGATIVE NUMBERS.
R INDICATES RECORD WAS SET OR TIED.
MM INDICATES DATA IS MISSING.
T INDICATES TRACE AMOUNT.
$$