000
CXUS51 KPBZ 011334
CF6DUJ
PRELIMINARY LOCAL CLIMATOLOGICAL DATA (WS FORM: F-6)
STATION: DUBOIS PA
MONTH: DECEMBER
YEAR: 2023
LATITUDE: 41 10 N
LONGITUDE: 78 54 W
TEMPERATURE IN F: :PCPN: SNOW: WIND :SUNSHINE: SKY :PK WND
================================================================================
1 2 3 4 5 6A 6B 7 8 9 10 11 12 13 14 15 16 17 18
12Z AVG MX 2MIN
DY MAX MIN AVG DEP HDD CDD WTR SNW DPTH SPD SPD DIR MIN PSBL S-S WX SPD DR
================================================================================
1 48 42 45 11 20 0 T M M 5.5 15 220 M M 9 1 22 220
2 56 47 52 18 13 0 T M M 8.3 20 240 M M 8 12 32 240
3 53 42 48 15 17 0 M M M 9.4 32 250 M M 10 13 55 240
4 41 36 39 6 26 0 T M M 10.6 21 270 M M 10 1 32 260
5 36 33 35 2 30 0 0.01 M M 4.8 12 280 M M 10 18 16 270
6 37 30 34 2 31 0 0.02 M M 8.4 17 290 M M 10 1 26 320
7 40 30 35 3 30 0 T M M 8.1 21 240 M M 7 18 31 250
8 60 31 46 14 19 0 0.00 M M 4.9 14 210 M M 3 23 240
9 58 46 52 21 13 0 0.06 M M 6.6 13 130 M M 9 22 160
10 55 34 45 14 20 0 0.14 M M 7.5 15 320 M M 10 18 20 310
11 34 30 32 1 33 0 0.01 M M 11.6 21 290 M M 10 18 31 260
12 44 28 36 5 29 0 0.00 M M 12.8 23 230 M M 4 35 230
13 39 24 32 2 33 0 0.00 M M 9.7 18 290 M M 1 26 270
14 42 21 32 2 33 0 0.00 M M 8.7 16 250 M M 0 23 240
15 53 29 41 11 24 0 0.00 M M 8.3 16 280 M M 0 23 280
16 54 31 43 13 22 0 0.00 M M 7.9 16 130 M M 0 26 130
17 48 38 43 14 22 0 0.12 M M 9.5 20 130 M M 5 12 31 130
18 45 31 38 9 27 0 0.03 M M 13.2 26 260 M M 10 128 39 250
19 31 21 26 -3 39 0 T M M 12.6 22 300 M M 9 8 33 280
20 38 19 29 0 36 0 0.00 M M 5.2 14 240 M M 2 17 240
21 35 29 32 4 33 0 0.00 M M 3.9 10 90 M M 8 15 80
22 41 34 38 10 27 0 T M M 5.3 9 110 M M 10 13 120
23 46 37 42 14 23 0 0.03 M M 6.6 13 130 M M 10 17 130
24 51 42 47 19 18 0 0.00 M M 3.8 9 240 M M 10 128 12 230
25 54 42 48 20 17 0 0.00 M M 9.4 14 130 M M 5 8 22 150
26 49 44 47 20 18 0 0.08 M M 9.6 13 130 M M 10 1 23 120
27 49 45 47 20 18 0 1.05 M M 5.9 13 90 M M 10 12 16 100
28 49 36 43 16 22 0 0.01 M M 5.1 15 240 M M 9 12 20 240
29 39 32 36 9 29 0 T M M 7.2 16 270 M M 7 18 22 230
30 40 33 37 10 28 0 0.03 M M 10.2 21 270 M M 9 1 30 270
31 36 32 34 8 31 0 0.05 M M 4.6 13 240 M M 10 1 17 250
================================================================================
SM 1401 1049 781 0 1.64 M 245.2 M 225
================================================================================
AV 45.2 33.8 7.9 FASTST M M 7 MAX(MPH)
MISC ----> 32 250 55 240
================================================================================
NOTES:
# LAST OF SEVERAL OCCURRENCES
COLUMN 17 PEAK WIND IN M.P.H.
PRELIMINARY LOCAL CLIMATOLOGICAL DATA (WS FORM: F-6) , PAGE 2
STATION: DUBOIS PA
MONTH: DECEMBER
YEAR: 2023
LATITUDE: 41 10 N
LONGITUDE: 78 54 W
[TEMPERATURE DATA] [PRECIPITATION DATA] SYMBOLS USED IN COLUMN 16
AVERAGE MONTHLY: 39.5 TOTAL FOR MONTH: 1.64 1 = FOG OR MIST
DPTR FM NORMAL: 9.7 DPTR FM NORMAL: -1.32 2 = FOG REDUCING VISIBILITY
HIGHEST: 60 ON 8 GRTST 24HR 1.06 ON 26-27 TO 1/4 MILE OR LESS
LOWEST: 19 ON 20 3 = THUNDER
SNOW, ICE PELLETS, HAIL 4 = ICE PELLETS
TOTAL MONTH: M 5 = HAIL
GRTST 24HR M ON M 6 = FREEZING RAIN OR DRIZZLE
GRTST DEPTH: M ON M 7 = DUSTSTORM OR SANDSTORM:
VSBY 1/2 MILE OR LESS
8 = SMOKE OR HAZE
[NO. OF DAYS WITH] [WEATHER - DAYS WITH] 9 = BLOWING SNOW
X = TORNADO
MAX 32 OR BELOW: 1 0.01 INCH OR MORE: 13
MAX 90 OR ABOVE: 0 0.10 INCH OR MORE: 3
MIN 32 OR BELOW: 15 0.50 INCH OR MORE: 1
MIN 0 OR BELOW: 0 1.00 INCH OR MORE: 1
[HDD (BASE 65) ]
TOTAL THIS MO. 781 CLEAR (SCALE 0-3) 6
DPTR FM NORMAL -310 PTCLDY (SCALE 4-7) 7
TOTAL FM JUL 1 1947 CLOUDY (SCALE 8-10) 18
DPTR FM NORMAL -597
[CDD (BASE 65) ]
TOTAL THIS MO. 0
DPTR FM NORMAL 0 [PRESSURE DATA]
TOTAL FM JAN 1 559 HIGHEST SLP 30.69 ON 14
DPTR FM NORMAL 145 LOWEST SLP 29.37 ON 18
[REMARKS]
#FINAL-12-23#