000
CXUS53 KFGF 010815
CF6DVL
PRELIMINARY LOCAL CLIMATOLOGICAL DATA (WS FORM: F-6)
STATION: DEVILS LAKE ND
MONTH: JUNE
YEAR: 2023
LATITUDE: 48 7 N
LONGITUDE: 98 54 W
TEMPERATURE IN F: :PCPN: SNOW: WIND :SUNSHINE: SKY :PK WND
================================================================================
1 2 3 4 5 6A 6B 7 8 9 10 11 12 13 14 15 16 17 18
12Z AVG MX 2MIN
DY MAX MIN AVG DEP HDD CDD WTR SNW DPTH SPD SPD DIR MIN PSBL S-S WX SPD DR
================================================================================
1 87 61 74 14 0 9 T M M 6.8 18 110 M M 2 1 30 150
2 86 63 75 14 0 10 T M M 9.2 21 170 M M 1 28 170
3 88 65 77 16 0 12 0.00 M M 7.0 13 140 M M 1 1 20 170
4 90 65 78 17 0 13 T M M 6.3 22 120 M M 1 13 33 100
5 87 63 75 13 0 10 T M M 5.0 10 220 M M 1 18 M M
6 90 64 77 15 0 12 0.00 M M 5.1 10 220 M M 0 12 M M
7 91 68 80 18 0 15 T M M 6.5 13 120 M M 2 M M
8 81 65 73 11 0 8 0.54 M M 10.8 24 30 M M 4 138 31 40
9 80 62 71 9 0 6 0.01 M M 6.7 21 40 M M 6 18 29 40
10 70 56 63 0 2 0 0.00 M M 16.3 23 40 M M 1 30 40
11 72 48 60 -3 5 0 0.00 M M 4.7 8 210 M M 0 M M
12 81 55 68 5 0 3 0.00 M M 8.5 14 320 M M 0 17 300
13 84 57 71 8 0 6 0.00 M M 5.5 10 20 M M 1 16 20
14 80 56 68 5 0 3 0.00 M M 8.4 13 80 M M 0 18 25 100
15 77 54 66 2 0 1 0.00 M M 10.7 16 100 M M 0 M M
16 67 60 64 0 1 0 T M M 7.1 16 330 M M 9 M M
17 75 56 66 2 0 1 0.00 M M 3.6 8 200 M M 6 M M
18 86 53 70 6 0 5 0.00 M M 8.9 16 150 M M 1 1 M M
19 89 67 78 14 0 13 T M M 13.9 17 120 M M 0 23 140
20 97 68 83 19 0 18 0.00 M M 16.4 27 180 M M 0 36 180
21 81 66 74 10 0 9 T M M 10.1 20 270 M M 6 26 170
22 69 56 63 -2 2 0 0.55 0.0 0 12.4 29 30 M M 8 1 37 350
23 66 54 60 -5 5 0 0.07 0.0 0 5.5 9 30 M M 6 1 M M
24 65 56 61 -4 4 0 0.45 0.0 0 17.7 29 30 M M 8 1 43 40
25 79 58 69 4 0 4 0.03 0.0 0 12.6 18 350 M M 3 24 340
26 81 57 69 4 0 4 0.00 0.0 0 5.3 10 250 M M 0 M M
27 79 59 69 4 0 4 1.92 0.0 0 8.1 18 160 M M 3 13 25 160
28 80 58 69 3 0 4 0.40 0.0 0 7.1 40 350 M M 4 13 56 360
29 77 60 69 3 0 4 0.00 M M 9.1 14 310 M M 2 20 300
30 81 58 70 4 0 5 0.00 M M 4.2 8 360 M M 1 M M
================================================================================
SM 2416 1788 19 179 3.97 0.0 259.6 M 77
================================================================================
AV 80.5 59.6 8.7 FASTST M M 3 MAX(MPH)
MISC ----> 40 350 56 360
================================================================================
NOTES:
# LAST OF SEVERAL OCCURRENCES
COLUMN 17 PEAK WIND IN M.P.H.
PRELIMINARY LOCAL CLIMATOLOGICAL DATA (WS FORM: F-6) , PAGE 2
STATION: DEVILS LAKE ND
MONTH: JUNE
YEAR: 2023
LATITUDE: 48 7 N
LONGITUDE: 98 54 W
[TEMPERATURE DATA] [PRECIPITATION DATA] SYMBOLS USED IN COLUMN 16
AVERAGE MONTHLY: 70.1 TOTAL FOR MONTH: 3.97 1 = FOG OR MIST
DPTR FM NORMAL: 6.6 DPTR FM NORMAL: 0.21 2 = FOG REDUCING VISIBILITY
HIGHEST: 97 ON 20 GRTST 24HR 1.92 ON 27-27 TO 1/4 MILE OR LESS
LOWEST: 48 ON 11 3 = THUNDER
SNOW, ICE PELLETS, HAIL 4 = ICE PELLETS
TOTAL MONTH: 0.0 INCH 5 = HAIL
GRTST 24HR 0.0 6 = FREEZING RAIN OR DRIZZLE
GRTST DEPTH: 0 7 = DUSTSTORM OR SANDSTORM:
VSBY 1/2 MILE OR LESS
8 = SMOKE OR HAZE
[NO. OF DAYS WITH] [WEATHER - DAYS WITH] 9 = BLOWING SNOW
X = TORNADO
MAX 32 OR BELOW: 0 0.01 INCH OR MORE: 8
MAX 90 OR ABOVE: 4 0.10 INCH OR MORE: 5
MIN 32 OR BELOW: 0 0.50 INCH OR MORE: 3
MIN 0 OR BELOW: 0 1.00 INCH OR MORE: 1
[HDD (BASE 65) ]
TOTAL THIS MO. 19 CLEAR (SCALE 0-3) 19
DPTR FM NORMAL -57 PTCLDY (SCALE 4-7) 9
TOTAL FM JUL 1 9961 CLOUDY (SCALE 8-10) 2
DPTR FM NORMAL 370
[CDD (BASE 65) ]
TOTAL THIS MO. 179
DPTR FM NORMAL 150 [PRESSURE DATA]
TOTAL FM JAN 1 234 HIGHEST SLP M ON M
DPTR FM NORMAL 201 LOWEST SLP M ON M
[REMARKS]
#FINAL-06-23#