000
CXUS53 KFGF 010815
CF6DVL
PRELIMINARY LOCAL CLIMATOLOGICAL DATA (WS FORM: F-6)
STATION: DEVILS LAKE ND
MONTH: OCTOBER
YEAR: 2021
LATITUDE: 48 7 N
LONGITUDE: 98 54 W
TEMPERATURE IN F: :PCPN: SNOW: WIND :SUNSHINE: SKY :PK WND
================================================================================
1 2 3 4 5 6A 6B 7 8 9 10 11 12 13 14 15 16 17 18
12Z AVG MX 2MIN
DY MAX MIN AVG DEP HDD CDD WTR SNW DPTH SPD SPD DIR MIN PSBL S-S WX SPD DR
================================================================================
1 62 49 56 5 9 0 0.09 M M 3.8 7 270 M M 4 12 M M
2 72 41 57 7 8 0 0.01 M M 3.4 10 300 M M 1 128 M M
3 75 40 58 8 7 0 0.00 M M 5.8 16 190 M M 0 18 M M
4 79 44 62 13 3 0 0.00 M M 3.5 8 150 M M 0 M M
5 83 54 69 20 0 4 0.00 M M 14.1 25 160 M M 0 35 170
6 81 57 69 21 0 4 0.00 M M 14.3 22 160 M M 0 29 160
7 74 57 66 18 0 1 T M M 10.1 18 160 M M 1 25 160
8 60 53 57 10 8 0 0.05 M M 9.5 16 30 M M 9 1 M M
9 53 49 51 5 14 0 0.47 M M 12.4 21 20 M M 10 1 31 20
10 51 44 48 2 17 0 1.22 M M 16.7 28 350 M M 8 1 37 350
11 57 38 48 3 17 0 0.20 M M 10.9 18 280 M M 0 1 M M
12 50 36 43 -2 22 0 0.01 M M 11.5 18 360 M M 0 M M
13 52 40 46 2 19 0 1.89 M M 16.4 27 30 M M 10 1 37 50
14 49 40 45 1 20 0 T M M 21.2 30 270 M M 10 1 36 280
15 50 38 44 1 21 0 T M M 15.5 22 290 M M 6 31 290
16 58 36 47 5 18 0 0.00 M M 8.7 14 280 M M 0 M M
17 69 35 52 10 13 0 0.00 M M 7.3 13 200 M M 0 1 M M
18 73 44 59 18 6 0 0.00 M M 8.6 16 160 M M 0 M M
19 48 35 42 2 23 0 0.00 M M 18.5 27 10 M M 6 36 20
20 41 29 35 -5 30 0 0.00 M M 14.4 21 20 M M 1 27 10
21 42 24 33 -6 32 0 0.01 M M 4.8 9 320 M M 5 M M
22 44 28 36 -3 29 0 0.00 M M 6.8 12 50 M M 3 M M
23 46 27 37 -1 28 0 0.00 M M 10.5 15 110 M M 1 22 120
24 41 33 37 -1 28 0 0.03 M M 7.9 13 90 M M 8 M M
25 49 36 43 6 22 0 0.00 M M 16.3 28 150 M M 4 39 150
26 50 43 47 11 18 0 0.00 M M 23.8 30 140 M M 7 40 150
27 49 41 45 9 20 0 0.12 M M 7.4 18 170 M M 6 1 M M
28 55 34 45 10 20 0 0.01 M M 11.1 20 300 M M 0 23 300
29 59 25 42 7 23 0 0.01 M M 10.5 22 190 M M 0 1 26 190
30 51 34 43 9 22 0 0.00 M M 16.2 24 340 M M 3 38 340
31 39 29 34 0 31 0 T M M 14.9 22 290 M M 8 27 290
================================================================================
SM 1762 1213 528 9 4.12 M 356.8 M 111
================================================================================
AV 56.8 39.1 11.5 FASTST M M 4 MAX(MPH)
MISC ----> # 30 270 40 150
================================================================================
NOTES:
# LAST OF SEVERAL OCCURRENCES
COLUMN 17 PEAK WIND IN M.P.H.
PRELIMINARY LOCAL CLIMATOLOGICAL DATA (WS FORM: F-6) , PAGE 2
STATION: DEVILS LAKE ND
MONTH: OCTOBER
YEAR: 2021
LATITUDE: 48 7 N
LONGITUDE: 98 54 W
[TEMPERATURE DATA] [PRECIPITATION DATA] SYMBOLS USED IN COLUMN 16
AVERAGE MONTHLY: 48.0 TOTAL FOR MONTH: 4.12 1 = FOG OR MIST
DPTR FM NORMAL: 5.7 DPTR FM NORMAL: 2.61 2 = FOG REDUCING VISIBILITY
HIGHEST: 83 ON 5 GRTST 24HR 1.89 ON 13-13 TO 1/4 MILE OR LESS
LOWEST: 24 ON 21 3 = THUNDER
SNOW, ICE PELLETS, HAIL 4 = ICE PELLETS
TOTAL MONTH: M 5 = HAIL
GRTST 24HR M ON M 6 = FREEZING RAIN OR DRIZZLE
GRTST DEPTH: M ON M 7 = DUSTSTORM OR SANDSTORM:
VSBY 1/2 MILE OR LESS
8 = SMOKE OR HAZE
[NO. OF DAYS WITH] [WEATHER - DAYS WITH] 9 = BLOWING SNOW
X = TORNADO
MAX 32 OR BELOW: 0 0.01 INCH OR MORE: 13
MAX 90 OR ABOVE: 0 0.10 INCH OR MORE: 5
MIN 32 OR BELOW: 6 0.50 INCH OR MORE: 2
MIN 0 OR BELOW: 0 1.00 INCH OR MORE: 2
[HDD (BASE 65) ]
TOTAL THIS MO. 528 CLEAR (SCALE 0-3) 15
DPTR FM NORMAL -177 PTCLDY (SCALE 4-7) 10
TOTAL FM JUL 1 675 CLOUDY (SCALE 8-10) 6
DPTR FM NORMAL -305
[CDD (BASE 65) ]
TOTAL THIS MO. 9
DPTR FM NORMAL 9 [PRESSURE DATA]
TOTAL FM JAN 1 653 HIGHEST SLP M ON M
DPTR FM NORMAL 399 LOWEST SLP M ON M
[REMARKS]
#FINAL-10-21#