000
CXUS54 KHGX 011410
CF6DWH
PRELIMINARY LOCAL CLIMATOLOGICAL DATA (WS FORM: F-6)
STATION: HOUSTON/D.W._HOOKS
MONTH: APRIL
YEAR: 2021
LATITUDE: 30 4 N
LONGITUDE: 95 33 W
TEMPERATURE IN F: :PCPN: SNOW: WIND :SUNSHINE: SKY :PK WND
================================================================================
1 2 3 4 5 6A 6B 7 8 9 10 11 12 13 14 15 16 17 18
12Z AVG MX 2MIN
DY MAX MIN AVG DEP HDD CDD WTR SNW DPTH SPD SPD DIR MIN PSBL S-S WX SPD DR
================================================================================
1 71 46 59 -5 6 0 0.00 0.0 0 6.5 18 70 M M 1 25 80
2 69 42 56 -8 9 0 0.00 0.0 0 6.4 15 130 M M 0 20 120
3 65 45 55 -10 10 0 T 0.0 0 5.0 16 110 M M 5 25 90
4 74 48 61 -4 4 0 0.00 0.0 0 4.4 13 120 M M 5 1 18 110
5 80 52 66 1 0 1 T 0.0 0 5.4 14 140 M M 5 12 23 160
6 83 66 75 10 0 10 0.00 0.0 0 10.5 22 150 M M 9 32 150
7 83 60 72 6 0 7 T 0.0 0 8.1 17 210 M M 9 12 25 220
8 87 55 71 5 0 6 0.00 0.0 0 5.3 16 110 M M 4 128 23 110
9 85 70 78 12 0 13 0.00 0.0 0 9.2 18 190 M M 9 18 27 190
10 82 61 72 6 0 7 T 0.0 0 7.1 20 350 M M 3 128 28 350
11 86 48 67 0 0 2 0.00 0.0 0 3.0 10 110 M M 0 19 80
12 87 52 70 3 0 5 0.00 0.0 0 6.6 16 120 M M 1 12 23 100
13 85 69 77 10 0 12 0.09 0.0 0 6.4 22 110 M M 9 13 29 120
14 78 68 73 5 0 8 0.11 0.0 0 5.7 15 60 M M 10 18 24 70
15 72 62 67 -1 0 2 0.06 0.0 0 8.0 29 90 M M 10 13 42 310
16 71 61 66 -2 0 1 0.16 0.0 0 8.0 14 360 M M 10 1 25 360
17 67 52 60 -8 5 0 T 0.0 0 11.3 23 360 M M 9 1 32 360
18 69 50 60 -8 5 0 0.00 0.0 0 6.8 16 360 M M 0 22 360
19 75 47 61 -8 4 0 T 0.0 0 2.2 10 60 M M 3 13 70
20 82 50 66 -3 0 1 0.00 0.0 0 6.0 17 350 M M 2 27 360
21 70 45 58 -11 7 0 0.00 0.0 0 7.7 16 360 M M 1 23 10
22 72 48 60 -10 5 0 0.01 0.0 0 9.8 20 120 M M 5 18 25 110
23 76 63 70 0 0 5 0.11 0.0 0 8.8 18 120 M M 10 138 27 150
24 85 64 75 5 0 10 0.00 0.0 0 8.7 16 340 M M 2 18 22 300
25 83 60 72 2 0 7 0.00 0.0 0 7.5 16 130 M M 0 26 120
26 84 58 71 0 0 6 0.00 0.0 0 7.3 17 130 M M 1 1 22 130
27 80 72 76 5 0 11 0.00 0.0 0 7.7 20 130 M M 8 27 140
28 87 74 81 10 0 16 0.00 0.0 0 11.0 21 150 M M 8 30 160
29 86 72 79 7 0 14 T 0.0 0 8.2 18 120 M M 7 18 25 110
30 77 68 73 1 0 8 2.87 0.0 M 7.6 16 180 M M 9 13 23 150
================================================================================
SM 2351 1728 55 152 3.41 0.0 216.2 M 155
================================================================================
AV 78.4 57.6 7.2 FASTST M M 5 MAX(MPH)
MISC ----> 29 90 42 310
================================================================================
NOTES:
# LAST OF SEVERAL OCCURRENCES
COLUMN 17 PEAK WIND IN M.P.H.
PRELIMINARY LOCAL CLIMATOLOGICAL DATA (WS FORM: F-6) , PAGE 2
STATION: HOUSTON/D.W._HOOKS
MONTH: APRIL
YEAR: 2021
LATITUDE: 30 4 N
LONGITUDE: 95 33 W
[TEMPERATURE DATA] [PRECIPITATION DATA] SYMBOLS USED IN COLUMN 16
AVERAGE MONTHLY: 68.0 TOTAL FOR MONTH: 3.41 1 = FOG OR MIST
DPTR FM NORMAL: 0.1 DPTR FM NORMAL: 0.02 2 = FOG REDUCING VISIBILITY
HIGHEST: 87 ON 28,12 GRTST 24HR 2.87 ON 29-30 TO 1/4 MILE OR LESS
LOWEST: 42 ON 2 3 = THUNDER
SNOW, ICE PELLETS, HAIL 4 = ICE PELLETS
TOTAL MONTH: 0.0 INCH 5 = HAIL
GRTST 24HR 0.0 6 = FREEZING RAIN OR DRIZZLE
GRTST DEPTH: 0 7 = DUSTSTORM OR SANDSTORM:
VSBY 1/2 MILE OR LESS
8 = SMOKE OR HAZE
[NO. OF DAYS WITH] [WEATHER - DAYS WITH] 9 = BLOWING SNOW
X = TORNADO
MAX 32 OR BELOW: 0 0.01 INCH OR MORE: 7
MAX 90 OR ABOVE: 0 0.10 INCH OR MORE: 4
MIN 32 OR BELOW: 0 0.50 INCH OR MORE: 1
MIN 0 OR BELOW: 0 1.00 INCH OR MORE: 1
[HDD (BASE 65) ]
TOTAL THIS MO. 55 CLEAR (SCALE 0-3) 11
DPTR FM NORMAL 4 PTCLDY (SCALE 4-7) 9
TOTAL FM JUL 1 1422 CLOUDY (SCALE 8-10) 10
DPTR FM NORMAL -153
[CDD (BASE 65) ]
TOTAL THIS MO. 152
DPTR FM NORMAL 14 [PRESSURE DATA]
TOTAL FM JAN 1 274 HIGHEST SLP 30.53 ON 1
DPTR FM NORMAL 59 LOWEST SLP 29.59 ON 9
[REMARKS]
#FINAL-04-21#