000
CXUS54 KEWX 011010
CF6DZB
PRELIMINARY LOCAL CLIMATOLOGICAL DATA (WS FORM: F-6)
STATION: HORSESHOE BAY
MONTH: JUNE
YEAR: 2023
LATITUDE: 30 31 N
LONGITUDE: 98 22 W
TEMPERATURE IN F: :PCPN: SNOW: WIND :SUNSHINE: SKY :PK WND
================================================================================
1 2 3 4 5 6A 6B 7 8 9 10 11 12 13 14 15 16 17 18
12Z AVG MX 2MIN
DY MAX MIN AVG DEP HDD CDD WTR SNW DPTH SPD SPD DIR MIN PSBL S-S WX SPD DR
================================================================================
1 90 69 80 M 0 15 0.00 M M 6.8 14 180 M M 3 21 180
2 90 66 78 M 0 13 0.00 M M 5.6 10 150 M M 3 1 18 170
3 92 67 80 M 0 15 0.40 M M 5.5 16 180 M M 2 3 31 90
4 79 66 73 M 0 8 0.03 M M 2.1 8 310 M M 3 17 50
5 87 65 76 M 0 11 0.03 M M 1.6 8 350 M M 2 3 M M
6 86 65 76 M 0 11 0.00 M M 2.2 8 80 M M 1 M M
7 90 67 79 M 0 14 0.00 M M 1.9 8 190 M M 2 M M
8 89 68 79 M 0 14 0.00 M M 4.7 10 180 M M 1 16 340
9 99 67 83 M 0 18 0.00 M M 2.4 8 180 M M 1 M M
10 96 68 82 M 0 17 0.41 M M 9.4 17 210 M M 1 3 29 290
11 98 77 88 M 0 23 0.00 M M 6.9 15 210 M M 3 30 140
12 96 76 86 M 0 21 0.00 M M 7.4 13 180 M M 1 21 160
13 90 76 83 M 0 18 0.00 M M 4.6 10 150 M M 6 8 16 150
14 95 79 87 M 0 22 0.00 M M 4.4 8 190 M M 5 M M
15 98 78 88 M 0 23 0.00 M M 6.7 14 180 M M 3 18 24 190
16 102 77 90 M 0 25 0.00 M M 4.7 12 190 M M 1 3 23 190
17 97 77 87 M 0 22 0.00 M M 4.8 16 180 M M 1 22 180
18 103 78 91 M 0 26 0.00 M M 4.6 12 170 M M 1 23 220
19 103 77 90 M 0 25 0.00 M M 7.1 24 250 M M 1 39 100
20 108 72 90 M 0 25 0.00 M M 4.2 10 190 M M 1 20 190
21 108 73 91 M 0 26 0.55 M M 5.8 14 170 M M 1 3 31 250
22 95 74 85 M 0 20 0.01 M M 5.6 12 150 M M 1 3 18 0
23 98 73 86 M 0 21 0.00 M M 5.8 13 150 M M 1 20 140
24 101 76 89 M 0 24 0.00 M M 8.2 16 190 M M 0 28 200
25 100 78 89 M 0 24 0.00 M M 7.9 17 180 M M 0 25 180
26 104 78 91 M 0 26 0.00 M M 6.6 13 160 M M 0 20 160
27 103 77 90 M 0 25 0.00 M M 5.5 12 220 M M 0 18 200
28 102 76 89 M 0 24 0.00 M M 8.0 12 200 M M 0 20 180
29 99 76 88 M 0 23 0.00 M M 6.9 13 150 M M 0 22 180
30 98 73 86 M 0 21 M M M 8.3 15 190 M M 1 22 170
================================================================================
SM 2896 2189 0 600 1.43 M 166.2 M 46
================================================================================
AV 96.5 73.0 5.5 FASTST M M 2 MAX(MPH)
MISC ----> 24 250 39 100
================================================================================
NOTES:
# LAST OF SEVERAL OCCURRENCES
COLUMN 17 PEAK WIND IN M.P.H.
PRELIMINARY LOCAL CLIMATOLOGICAL DATA (WS FORM: F-6) , PAGE 2
STATION: HORSESHOE BAY
MONTH: JUNE
YEAR: 2023
LATITUDE: 30 31 N
LONGITUDE: 98 22 W
[TEMPERATURE DATA] [PRECIPITATION DATA] SYMBOLS USED IN COLUMN 16
AVERAGE MONTHLY: 84.8 TOTAL FOR MONTH: 1.43 1 = FOG OR MIST
DPTR FM NORMAL: 0.0 DPTR FM NORMAL: M 2 = FOG REDUCING VISIBILITY
HIGHEST: 108 ON 21,20 GRTST 24HR 0.55 ON 21-21 TO 1/4 MILE OR LESS
LOWEST: 65 ON 6, 5 3 = THUNDER
SNOW, ICE PELLETS, HAIL 4 = ICE PELLETS
TOTAL MONTH: M 5 = HAIL
GRTST 24HR M ON M 6 = FREEZING RAIN OR DRIZZLE
GRTST DEPTH: M ON M 7 = DUSTSTORM OR SANDSTORM:
VSBY 1/2 MILE OR LESS
8 = SMOKE OR HAZE
[NO. OF DAYS WITH] [WEATHER - DAYS WITH] 9 = BLOWING SNOW
X = TORNADO
MAX 32 OR BELOW: 0 0.01 INCH OR MORE: 6
MAX 90 OR ABOVE: 26 0.10 INCH OR MORE: 3
MIN 32 OR BELOW: 0 0.50 INCH OR MORE: 1
MIN 0 OR BELOW: 0 1.00 INCH OR MORE: 0
[HDD (BASE 65) ]
TOTAL THIS MO. 0 CLEAR (SCALE 0-3) 28
DPTR FM NORMAL M PTCLDY (SCALE 4-7) 2
TOTAL FM JUL 1 1531 CLOUDY (SCALE 8-10) 0
DPTR FM NORMAL M
[CDD (BASE 65) ]
TOTAL THIS MO. 600
DPTR FM NORMAL M [PRESSURE DATA]
TOTAL FM JAN 1 1168 HIGHEST SLP M ON M
DPTR FM NORMAL M LOWEST SLP M ON M
[REMARKS]
#FINAL-06-23#