000
CXUS54 KEWX 011011
CF6DZB
PRELIMINARY LOCAL CLIMATOLOGICAL DATA (WS FORM: F-6)
STATION: HORSESHOE BAY
MONTH: MARCH
YEAR: 2023
LATITUDE: 30 31 N
LONGITUDE: 98 22 W
TEMPERATURE IN F: :PCPN: SNOW: WIND :SUNSHINE: SKY :PK WND
================================================================================
1 2 3 4 5 6A 6B 7 8 9 10 11 12 13 14 15 16 17 18
12Z AVG MX 2MIN
DY MAX MIN AVG DEP HDD CDD WTR SNW DPTH SPD SPD DIR MIN PSBL S-S WX SPD DR
================================================================================
1 87 69 78 M 0 13 0.00 M M 5.8 14 170 M M 5 18 20 170
2 82 57 70 M 0 5 0.68 M M 10.6 21 310 M M 5 138 43 270
3 71 48 60 M 5 0 0.00 M M 8.3 17 280 M M 0 29 280
4 83 41 62 M 3 0 0.00 M M 5.8 14 210 M M 0 20 220
5 82 51 67 M 0 2 0.00 M M 7.5 14 180 M M 0 1 22 180
6 82 53 68 M 0 3 0.00 M M 5.1 12 220 M M 4 18 21 170
7 84 62 73 M 0 8 0.00 M M 5.1 10 200 M M 6 18 18 180
8 74 62 68 M 0 3 0.00 M M 3.1 9 30 M M 7 18 M M
9 83 59 71 M 0 6 0.00 M M 4.7 13 190 M M 9 8 22 130
10 73 53 63 M 2 0 0.01 M M 3.9 9 360 M M 6 1 M M
11 90 59 75 M 0 10 0.00 M M 9.3 22 220 M M 2 18 27 220
12 77 56 67 M 0 2 0.00 M M 9.7 15 230 M M 1 21 230
13 69 48 59 M 6 0 0.00 M M 6.2 10 70 M M 1 8 17 40
14 63 46 55 M 10 0 0.03 M M 4.9 9 110 M M 6 16 110
15 75 45 60 M 5 0 0.00 M M 8.3 16 160 M M 9 22 180
16 84 49 67 M 0 2 0.19 M M 11.0 25 330 M M 7 13 36 330
17 58 41 50 M 15 0 0.00 M M 10.6 21 360 M M 4 28 350
18 52 39 46 M 19 0 0.00 M M 3.6 8 350 M M 5 M M
19 62 36 49 M 16 0 0.00 M M 2.6 7 160 M M 1 M M
20 56 42 49 M 16 0 0.00 M M 7.4 15 170 M M 8 1 23 170
21 76 51 64 M 1 0 0.01 M M 7.8 16 200 M M 9 1 25 190
22 82 68 75 M 0 10 0.00 M M 9.4 15 170 M M 8 18 28 180
23 82 70 76 M 0 11 0.00 M M 9.5 20 180 M M 9 8 32 180
24 85 50 68 M 0 3 0.04 M M 7.0 14 150 M M 4 22 190
25 80 51 66 M 0 1 0.00 M M 4.2 10 330 M M 0 18 340
26 86 45 66 M 0 1 0.00 M M 2.3 13 200 M M 2 8 21 200
27 80 57 69 M 0 4 0.00 M M 4.6 7 70 M M 6 M M
28 67 54 61 M 4 0 0.00 M M 7.7 15 360 M M 3 23 360
29 74 53 64 M 1 0 0.00 M M 4.6 12 150 M M 9 8 21 160
30 75 58 67 M 0 2 0.06 M M 7.8 18 150 M M 10 18 31 150
31 92 50 71 M 0 6 0.00 M M 8.8 21 200 M M 3 8 35 200
================================================================================
SM 2366 1623 103 92 1.02 M 207.3 M 149
================================================================================
AV 76.3 52.4 6.7 FASTST M M 5 MAX(MPH)
MISC ----> 25 330 43 270
================================================================================
NOTES:
# LAST OF SEVERAL OCCURRENCES
COLUMN 17 PEAK WIND IN M.P.H.
PRELIMINARY LOCAL CLIMATOLOGICAL DATA (WS FORM: F-6) , PAGE 2
STATION: HORSESHOE BAY
MONTH: MARCH
YEAR: 2023
LATITUDE: 30 31 N
LONGITUDE: 98 22 W
[TEMPERATURE DATA] [PRECIPITATION DATA] SYMBOLS USED IN COLUMN 16
AVERAGE MONTHLY: 64.3 TOTAL FOR MONTH: 1.02 1 = FOG OR MIST
DPTR FM NORMAL: 0.0 DPTR FM NORMAL: M 2 = FOG REDUCING VISIBILITY
HIGHEST: 92 ON 31 GRTST 24HR 0.68 ON 2- 2 TO 1/4 MILE OR LESS
LOWEST: 36 ON 19 3 = THUNDER
SNOW, ICE PELLETS, HAIL 4 = ICE PELLETS
TOTAL MONTH: M 5 = HAIL
GRTST 24HR M ON M 6 = FREEZING RAIN OR DRIZZLE
GRTST DEPTH: M ON M 7 = DUSTSTORM OR SANDSTORM:
VSBY 1/2 MILE OR LESS
8 = SMOKE OR HAZE
[NO. OF DAYS WITH] [WEATHER - DAYS WITH] 9 = BLOWING SNOW
X = TORNADO
MAX 32 OR BELOW: 0 0.01 INCH OR MORE: 7
MAX 90 OR ABOVE: 2 0.10 INCH OR MORE: 2
MIN 32 OR BELOW: 0 0.50 INCH OR MORE: 1
MIN 0 OR BELOW: 0 1.00 INCH OR MORE: 0
[HDD (BASE 65) ]
TOTAL THIS MO. 103 CLEAR (SCALE 0-3) 9
DPTR FM NORMAL M PTCLDY (SCALE 4-7) 14
TOTAL FM JUL 1 1475 CLOUDY (SCALE 8-10) 8
DPTR FM NORMAL M
[CDD (BASE 65) ]
TOTAL THIS MO. 92
DPTR FM NORMAL M [PRESSURE DATA]
TOTAL FM JAN 1 132 HIGHEST SLP M ON M
DPTR FM NORMAL M LOWEST SLP M ON M
[REMARKS]
#FINAL-03-23#