000
CXUS54 KEWX 011010
CF6DZB
PRELIMINARY LOCAL CLIMATOLOGICAL DATA (WS FORM: F-6)
STATION: HORSESHOE BAY
MONTH: OCTOBER
YEAR: 2023
LATITUDE: 30 31 N
LONGITUDE: 98 22 W
TEMPERATURE IN F: :PCPN: SNOW: WIND :SUNSHINE: SKY :PK WND
================================================================================
1 2 3 4 5 6A 6B 7 8 9 10 11 12 13 14 15 16 17 18
12Z AVG MX 2MIN
DY MAX MIN AVG DEP HDD CDD WTR SNW DPTH SPD SPD DIR MIN PSBL S-S WX SPD DR
================================================================================
1 92 67 80 M 0 15 0.00 M M 3.6 8 130 M M 2 22 100
2 93 66 80 M 0 15 0.00 M M 4.7 13 130 M M 2 20 150
3 94 68 81 M 0 16 0.00 M M 4.3 9 110 M M 3 17 100
4 98 75 87 M 0 22 0.00 M M 5.5 12 170 M M 5 17 160
5 82 68 75 M 0 10 1.55 M M 2.5 8 70 M M 6 3 21 110
6 85 66 76 M 0 11 0.00 M M 2.9 10 50 M M 0 17 50
7 76 57 67 M 0 2 0.00 M M 3.8 9 10 M M 0 16 10
8 82 49 66 M 0 1 0.00 M M 3.2 8 210 M M 0 16 200
9 84 54 69 M 0 4 0.00 M M 6.1 14 220 M M 0 22 220
10 79 63 71 M 0 6 0.00 M M 5.3 14 170 M M 5 22 170
11 78 65 72 M 0 7 0.00 M M 4.9 12 150 M M 8 17 130
12 84 69 77 M 0 12 0.00 M M 7.0 13 170 M M 7 20 200
13 90 67 79 M 0 14 0.00 M M 5.1 13 350 M M 6 18 180
14 77 51 64 M 1 0 0.00 M M 4.7 10 330 M M 0 17 340
15 74 50 62 M 3 0 0.00 M M 6.5 15 360 M M 0 23 350
16 74 43 59 M 6 0 0.00 M M 4.1 13 330 M M 0 22 350
17 80 40 60 M 5 0 0.00 M M 3.2 9 170 M M 0 M M
18 84 55 70 M 0 5 0.00 M M 7.2 15 190 M M 0 24 180
19 87 54 71 M 0 6 0.00 M M 3.7 9 360 M M 0 18 350
20 95 50 73 M 0 8 0.00 M M 1.1 5 150 M M 0 M M
21 93 54 74 M 0 9 0.00 M M 3.1 8 180 M M 0 M M
22 88 62 75 M 0 10 0.00 M M 6.0 13 150 M M 2 22 160
23 80 71 76 M 0 11 0.02 M M 6.2 10 140 M M 8 21 140
24 80 72 76 M 0 11 0.47 M M 9.4 16 160 M M 9 25 160
25 85 73 79 M 0 14 0.07 M M 8.6 14 160 M M 7 24 160
26 83 67 75 M 0 10 1.75 M M 6.0 12 170 M M 8 3 20 170
27 90 74 82 M 0 17 0.01 M M 6.3 12 170 M M 7 17 160
28 86 72 79 M 0 14 0.07 M M 5.1 10 160 M M 4 21 180
29 75 42 59 M 6 0 0.09 M M 9.7 18 340 M M 10 1 26 360
30 51 39 45 M 20 0 0.66 M M 11.6 16 350 M M 10 28 360
31 60 37 49 M 16 0 0.00 M M 6.2 13 360 M M 3 17 10
================================================================================
SM 2559 1840 57 250 4.69 M 167.7 M 112
================================================================================
AV 82.5 59.4 5.4 FASTST M M 4 MAX(MPH)
MISC ----> 18 340 28 360
================================================================================
NOTES:
# LAST OF SEVERAL OCCURRENCES
COLUMN 17 PEAK WIND IN M.P.H.
PRELIMINARY LOCAL CLIMATOLOGICAL DATA (WS FORM: F-6) , PAGE 2
STATION: HORSESHOE BAY
MONTH: OCTOBER
YEAR: 2023
LATITUDE: 30 31 N
LONGITUDE: 98 22 W
[TEMPERATURE DATA] [PRECIPITATION DATA] SYMBOLS USED IN COLUMN 16
AVERAGE MONTHLY: 71.0 TOTAL FOR MONTH: 4.69 1 = FOG OR MIST
DPTR FM NORMAL: 0.0 DPTR FM NORMAL: M 2 = FOG REDUCING VISIBILITY
HIGHEST: 98 ON 4 GRTST 24HR 1.75 ON 26-26 TO 1/4 MILE OR LESS
LOWEST: 37 ON 31 3 = THUNDER
SNOW, ICE PELLETS, HAIL 4 = ICE PELLETS
TOTAL MONTH: M 5 = HAIL
GRTST 24HR M ON M 6 = FREEZING RAIN OR DRIZZLE
GRTST DEPTH: M ON M 7 = DUSTSTORM OR SANDSTORM:
VSBY 1/2 MILE OR LESS
8 = SMOKE OR HAZE
[NO. OF DAYS WITH] [WEATHER - DAYS WITH] 9 = BLOWING SNOW
X = TORNADO
MAX 32 OR BELOW: 0 0.01 INCH OR MORE: 9
MAX 90 OR ABOVE: 8 0.10 INCH OR MORE: 4
MIN 32 OR BELOW: 0 0.50 INCH OR MORE: 3
MIN 0 OR BELOW: 0 1.00 INCH OR MORE: 2
[HDD (BASE 65) ]
TOTAL THIS MO. 57 CLEAR (SCALE 0-3) 17
DPTR FM NORMAL M PTCLDY (SCALE 4-7) 11
TOTAL FM JUL 1 57 CLOUDY (SCALE 8-10) 3
DPTR FM NORMAL M
[CDD (BASE 65) ]
TOTAL THIS MO. 250
DPTR FM NORMAL M [PRESSURE DATA]
TOTAL FM JAN 1 3545 HIGHEST SLP M ON M
DPTR FM NORMAL M LOWEST SLP M ON M
[REMARKS]
#FINAL-10-23#