000
CXUS56 KOTX 010900
CF6EAT
PRELIMINARY LOCAL CLIMATOLOGICAL DATA (WS FORM: F-6)
STATION: WENATCHEE WA PANGBORN FIELD
MONTH: MAY
YEAR: 2020
LATITUDE: 47 23 N
LONGITUDE: 120 12 W
TEMPERATURE IN F: :PCPN: SNOW: WIND :SUNSHINE: SKY :PK WND
================================================================================
1 2 3 4 5 6A 6B 7 8 9 10 11 12 13 14 15 16 17 18
12Z AVG MX 2MIN
DY MAX MIN AVG DEP HDD CDD WTR SNW DPTH SPD SPD DIR MIN PSBL S-S WX SPD DR
================================================================================
1 67 41 54 -1 11 0 0.00 M M 7.7 15 130 M M 1 20 140
2 66 45 56 0 9 0 0.11 M M 8.8 23 310 M M 7 26 310
3 61 41 51 -5 14 0 0.00 M M 9.8 21 290 M M 1 28 320
4 65 37 51 -5 14 0 0.00 M M 6.8 15 140 M M 1 19 150
5 74 50 62 6 3 0 0.00 M M 8.1 17 300 M M 5 20 320
6 62 45 54 -3 11 0 0.07 M M 18.4 37 300 M M 3 47 320
7 69 41 55 -2 10 0 0.00 M M 6.1 15 160 M M 0 21 120
8 73 43 58 1 7 0 0.00 M M 4.3 13 140 M M 0 20 140
9 78 47 63 5 2 0 0.00 M M 5.2 13 60 M M 0 16 70
10 79 52 66 8 0 1 0.00 M M 6.0 15 140 M M 0 18 150
11 75 51 63 5 2 0 T M M 5.0 17 350 M M 3 24 50
12 68 53 61 2 4 0 0.09 M M 9.2 26 310 M M 7 29 310
13 69 49 59 0 6 0 T M M 11.9 18 310 M M 3 24 310
14 60 49 55 -4 10 0 0.08 M M 5.4 10 230 M M 8 13 250
15 71 46 59 -1 6 0 0.00 M M 7.3 17 140 M M 0 24 140
16 65 48 57 -3 8 0 0.09 M M 5.8 16 310 M M 6 1 19 300
17 65 51 58 -2 7 0 0.10 M M 6.9 18 310 M M 7 3 23 320
18 68 44 56 -4 9 0 T M M 8.0 18 290 M M 4 22 290
19 69 55 62 1 3 0 0.14 M M 8.3 22 290 M M 6 3 28 360
20 73 54 64 3 1 0 0.00 M M 24.2 40 300 M M 1 52 290
21 65 48 57 -4 8 0 0.00 M M 19.7 31 320 M M 1 38 310
22 66 47 57 -5 8 0 0.00 M M 15.9 32 310 M M 4 39 310
23 71 45 58 -4 7 0 0.00 M M 8.8 17 300 M M 0 20 300
24 77 49 63 1 2 0 0.00 M M 7.5 15 340 M M 4 19 340
25 74 58 66 4 0 1 0.00 M M 8.9 21 310 M M 5 23 310
26 80 54 67 4 0 2 0.00 M M 13.3 24 310 M M 0 29 320
27 81 49 65 2 0 0 0.00 M M 6.5 15 320 M M 0 17 320
28 85 56 71 8 0 6 0.00 M M 3.8 10 260 M M 0 13 280
29 91 60 76 13 0 11 0.00 M M 5.7 13 130 M M 0 16 130
30 85 56 71 8 0 6 0.12 M M 13.7 30 320 M M 1 3 37 290
31 70 51 61 -3 4 0 T M M 16.9 25 290 M M 4 31 290
================================================================================
SM 2222 1515 166 27 0.80 M 293.9 M 82
================================================================================
AV 71.7 48.9 9.5 FASTST M M 3 MAX(MPH)
MISC ----> # 40 300 # 52 290
================================================================================
NOTES:
# LAST OF SEVERAL OCCURRENCES
COLUMN 17 PEAK WIND IN M.P.H.
PRELIMINARY LOCAL CLIMATOLOGICAL DATA (WS FORM: F-6) , PAGE 2
STATION: WENATCHEE WA PANGBORN FIELD
MONTH: MAY
YEAR: 2020
LATITUDE: 47 23 N
LONGITUDE: 120 12 W
[TEMPERATURE DATA] [PRECIPITATION DATA] SYMBOLS USED IN COLUMN 16
AVERAGE MONTHLY: 60.3 TOTAL FOR MONTH: 0.80 1 = FOG OR MIST
DPTR FM NORMAL: 0.5 DPTR FM NORMAL: 0.12 2 = FOG REDUCING VISIBILITY
HIGHEST: 91 ON 29 GRTST 24HR 0.14 ON 19-19 TO 1/4 MILE OR LESS
LOWEST: 37 ON 4 3 = THUNDER
SNOW, ICE PELLETS, HAIL 4 = ICE PELLETS
TOTAL MONTH: M 5 = HAIL
GRTST 24HR M ON M 6 = FREEZING RAIN OR DRIZZLE
GRTST DEPTH: M ON M 7 = DUSTSTORM OR SANDSTORM:
VSBY 1/2 MILE OR LESS
8 = SMOKE OR HAZE
[NO. OF DAYS WITH] [WEATHER - DAYS WITH] 9 = BLOWING SNOW
X = TORNADO
MAX 32 OR BELOW: 0 0.01 INCH OR MORE: 8
MAX 90 OR ABOVE: 1 0.10 INCH OR MORE: 4
MIN 32 OR BELOW: 0 0.50 INCH OR MORE: 0
MIN 0 OR BELOW: 0 1.00 INCH OR MORE: 0
[HDD (BASE 65) ]
TOTAL THIS MO. 166 CLEAR (SCALE 0-3) 19
DPTR FM NORMAL -32 PTCLDY (SCALE 4-7) 12
TOTAL FM JUL 1 5642 CLOUDY (SCALE 8-10) 0
DPTR FM NORMAL -72
[CDD (BASE 65) ]
TOTAL THIS MO. 27
DPTR FM NORMAL -82 [PRESSURE DATA]
TOTAL FM JAN 1 27 HIGHEST SLP 0.00 ON 9
DPTR FM NORMAL -120 LOWEST SLP 29.33 ON 30
[REMARKS]
#FINAL-05-20#