000
CXUS51 KAKQ 010833
CF6ECG
PRELIMINARY LOCAL CLIMATOLOGICAL DATA (WS FORM: F-6)
STATION: ELIZABETH CITY NC
MONTH: FEBRUARY
YEAR: 2020
LATITUDE: 36 16 N
LONGITUDE: 76 11 W
TEMPERATURE IN F: :PCPN: SNOW: WIND :SUNSHINE: SKY :PK WND
================================================================================
1 2 3 4 5 6A 6B 7 8 9 10 11 12 13 14 15 16 17 18
12Z AVG MX 2MIN
DY MAX MIN AVG DEP HDD CDD WTR SNW DPTH SPD SPD DIR MIN PSBL S-S WX SPD DR
================================================================================
1 51 45 48 6 17 0 0.49 0.0 0 9.5 16 10 M M 10 1 19 10
2 59 38 49 6 16 0 0.00 0.0 0 11.9 23 220 M M 1 35 180
3 73 49 61 18 4 0 0.00 0.0 0 9.3 16 210 M M 0 22 250
4 73 54 64 21 1 0 T 0.0 0 10.4 17 240 M M 1 22 240
5 69 49 59 16 6 0 0.03 0.0 0 10.4 18 30 M M 9 128 21 230
6 74 50 62 19 3 0 3.09 0.0 0 10.1 32 190 M M 7 12 46 200
7 65 39 52 9 13 0 1.32 0.0 0 20.9 44 230 M M 6 1 60 230
8 48 33 41 -2 24 0 T 0.0 0 6.2 14 280 M M 3 20 290
9 54 35 45 2 20 0 0.01 0.0 0 4.8 14 110 M M 0 16 130
10 67 40 54 10 11 0 0.00 0.0 0 8.6 21 210 M M 1 28 220
11 75 62 69 25 0 4 0.15 0.0 0 12.1 23 210 M M 10 1 31 200
12 62 50 56 12 9 0 0.04 0.0 0 10.7 18 60 M M 10 1 26 30
13 78 52 65 21 0 0 0.25 0.0 0 11.8 25 230 M M 9 18 32 220
14 54 36 45 1 20 0 0.00 0.0 0 13.6 24 40 M M 6 28 40
15 44 31 38 -6 27 0 0.00 0.0 0 8.1 18 360 M M 1 24 10
16 55 30 43 -1 22 0 0.19 0.0 0 3.7 13 230 M M 3 1 16 210
17 58 41 50 6 15 0 0.24 M 0 7.1 16 40 M M 4 12 19 50
18 65 41 53 9 12 0 0.00 0.0 0 5.3 13 240 M M 5 12 14 230
19 61 43 52 7 13 0 0.38 0.0 0 11.2 26 350 M M 9 1 34 350
20 47 35 41 -4 24 0 0.42 1.1 0 12.8 25 10 M M 8 1 30 20
21 38 26 32 -13 33 0 0.03 0.3 1 17.8 29 10 M M 5 1 40 10
22 51 23 37 -8 28 0 0.00 0.0 0 4.8 10 100 M M 0 13 320
23 61 31 46 1 19 0 0.00 0.0 0 6.1 24 110 M M 0 27 100
24 57 36 47 2 18 0 0.03 0.0 0 4.2 12 170 M M 6 15 210
25 66 48 57 11 8 0 0.08 0.0 0 5.8 13 180 M M 9 12 21 170
26 65 53 59 13 6 0 0.02 0.0 0 5.9 20 200 M M 8 128 26 190
27 61 35 48 2 17 0 0.08 0.0 0 15.3 28 290 M M 1 36 240
28 54 29 42 -4 23 0 0.01 0.0 0 9.4 21 230 M M 1 27 230
29 51 33 42 -4 23 0 0.00 0.0 0 10.5 23 300 M M 3 36 280
================================================================================
SM 1736 1167 432 4 6.86 1.4 278.3 M 136
================================================================================
AV 59.9 40.2 9.6 FASTST M M 5 MAX(MPH)
MISC ----> # 44 230 # 60 230
================================================================================
NOTES:
# LAST OF SEVERAL OCCURRENCES
COLUMN 17 PEAK WIND IN M.P.H.
PRELIMINARY LOCAL CLIMATOLOGICAL DATA (WS FORM: F-6) , PAGE 2
STATION: ELIZABETH CITY NC
MONTH: FEBRUARY
YEAR: 2020
LATITUDE: 36 16 N
LONGITUDE: 76 11 W
[TEMPERATURE DATA] [PRECIPITATION DATA] SYMBOLS USED IN COLUMN 16
AVERAGE MONTHLY: 50.1 TOTAL FOR MONTH: 6.86 1 = FOG OR MIST
DPTR FM NORMAL: 6.0 DPTR FM NORMAL: 3.68 2 = FOG REDUCING VISIBILITY
HIGHEST: 78 ON 13 GRTST 24HR 3.09 ON 6- 6 TO 1/4 MILE OR LESS
LOWEST: 23 ON 22 3 = THUNDER
SNOW, ICE PELLETS, HAIL 4 = ICE PELLETS
TOTAL MONTH: 1.4 INCHES 5 = HAIL
GRTST 24HR 1.1 ON 20-20 6 = FREEZING RAIN OR DRIZZLE
GRTST DEPTH: 1 ON 21 7 = DUSTSTORM OR SANDSTORM:
VSBY 1/2 MILE OR LESS
8 = SMOKE OR HAZE
[NO. OF DAYS WITH] [WEATHER - DAYS WITH] 9 = BLOWING SNOW
X = TORNADO
MAX 32 OR BELOW: 0 0.01 INCH OR MORE: 18
MAX 90 OR ABOVE: 0 0.10 INCH OR MORE: 9
MIN 32 OR BELOW: 6 0.50 INCH OR MORE: 2
MIN 0 OR BELOW: 0 1.00 INCH OR MORE: 2
[HDD (BASE 65) ]
TOTAL THIS MO. 432 CLEAR (SCALE 0-3) 13
DPTR FM NORMAL -153 PTCLDY (SCALE 4-7) 9
TOTAL FM JUL 1 1849 CLOUDY (SCALE 8-10) 7
DPTR FM NORMAL -642
[CDD (BASE 65) ]
TOTAL THIS MO. 4
DPTR FM NORMAL 3 [PRESSURE DATA]
TOTAL FM JAN 1 14 HIGHEST SLP 30.63 ON 15
DPTR FM NORMAL 12 LOWEST SLP 29.20 ON 7
[REMARKS]
#FINAL-02-20#