000
CXUS51 KAKQ 042016
CF6ECG
PRELIMINARY LOCAL CLIMATOLOGICAL DATA (WS FORM: F-6)
STATION: ELIZABETH CITY NC
MONTH: OCTOBER
YEAR: 2023
LATITUDE: 36 16 N
LONGITUDE: 76 11 W
TEMPERATURE IN F: :PCPN: SNOW: WIND :SUNSHINE: SKY :PK WND
================================================================================
1 2 3 4 5 6A 6B 7 8 9 10 11 12 13 14 15 16 17 18
12Z AVG MX 2MIN
DY MAX MIN AVG DEP HDD CDD WTR SNW DPTH SPD SPD DIR MIN PSBL S-S WX SPD DR
================================================================================
1 79 55 67 -2 0 2 0.00 0.0 0 9.0 18 10 M M 1 18 24 10
2 80 57 69 1 0 4 0.00 0.0 0 10.5 22 30 M M 0 8 28 30
3 79 58 69 1 0 4 0.00 0.0 0 7.2 14 60 M M 1 1 18 40
4 79 55 67 -1 0 2 0.00 0.0 0 7.1 14 40 M M 1 1 19 50
5 83 65 74 7 0 9 0.00 0.0 0 7.6 16 100 M M 1 21 90
6 81 66 74 7 0 9 T 0.0 0 6.1 12 50 M M 0 14 50
7 79 51 65 -2 0 0 T 0.0 0 9.2 22 340 M M 6 12 31 340
8 67 43 55 -11 10 0 0.00 0.0 0 9.2 20 280 M M 1 26 280
9 70 43 57 -9 8 0 0.00 0.0 0 8.2 16 220 M M 1 22 220
10 75 52 64 -2 1 0 T 0.0 0 7.2 16 250 M M 5 24 260
11 77 56 67 2 0 2 0.00 0.0 0 5.0 12 230 M M 1 14 140
12 73 52 63 -2 2 0 T 0.0 0 1.3 7 50 M M 2 1 10 70
13 77 48 63 -1 2 0 0.00 0.0 0 3.7 14 70 M M 1 12 17 70
14 71 59 65 1 0 0 0.65 0.0 0 9.3 24 290 M M 7 1 34 290
15 64 46 55 -9 10 0 0.00 0.0 0 11.0 23 340 M M 8 31 330
16 66 43 55 -8 10 0 0.00 0.0 0 8.8 17 320 M M 1 23 290
17 69 45 57 -6 8 0 0.00 0.0 0 8.0 16 340 M M 3 22 340
18 71 43 57 -5 8 0 0.00 0.0 0 3.9 14 110 M M 2 17 320
19 70 45 58 -4 7 0 0.03 0.0 0 3.7 13 120 M M 5 1 18 120
20 74 56 65 3 0 0 0.48 0.0 0 6.6 20 310 M M 6 123 27 290
21 70 50 60 -1 5 0 0.03 0.0 0 12.7 25 280 M M 3 38 280
22 72 50 61 0 4 0 0.00 0.0 0 11.3 28 310 M M 1 39 320
23 65 43 54 -6 11 0 0.00 0.0 0 6.5 16 350 M M 0 1 21 360
24 73 40 57 -3 8 0 0.00 0.0 0 2.6 8 140 M M 0 12 11 20
25 77 47 62 2 3 0 0.00 0.0 0 3.5 12 100 M M 3 12 15 110
26 79 50 65 6 0 0 0.00 0.0 0 3.6 9 180 M M 1 12 14 180
27 80 51 66 7 0 1 0.00 0.0 0 6.4 14 290 M M 0 12 19 240
28 85 58 72 14 0 7 0.00 0.0 0 5.0 12 250 M M 0 14 250
29 82 57 70 12 0 5 0.00 0.0 0 7.2 17 230 M M 0 1 24 210
30 84 62 73 15 0 8 0.00 0.0 0 13.1 23 10 M M 1 31 10
31 62 48 55 -2 10 0 0.02 0.0 0 15.6 22 20 M M 10 1 34 20
================================================================================
SM 2313 1594 107 53 1.21 0.0 230.1 M 72
================================================================================
AV 74.6 51.4 7.4 FASTST M M 2 MAX(MPH)
MISC ----> 28 310 39 320
================================================================================
NOTES:
# LAST OF SEVERAL OCCURRENCES
COLUMN 17 PEAK WIND IN M.P.H.
PRELIMINARY LOCAL CLIMATOLOGICAL DATA (WS FORM: F-6) , PAGE 2
STATION: ELIZABETH CITY NC
MONTH: OCTOBER
YEAR: 2023
LATITUDE: 36 16 N
LONGITUDE: 76 11 W
[TEMPERATURE DATA] [PRECIPITATION DATA] SYMBOLS USED IN COLUMN 16
AVERAGE MONTHLY: 63.0 TOTAL FOR MONTH: 1.21 1 = FOG OR MIST
DPTR FM NORMAL: -0.1 DPTR FM NORMAL: -2.42 2 = FOG REDUCING VISIBILITY
HIGHEST: 85 ON 28 GRTST 24HR 0.65 ON 14-14 TO 1/4 MILE OR LESS
LOWEST: 40 ON 24 3 = THUNDER
SNOW, ICE PELLETS, HAIL 4 = ICE PELLETS
TOTAL MONTH: 0.0 INCH 5 = HAIL
GRTST 24HR 0.0 6 = FREEZING RAIN OR DRIZZLE
GRTST DEPTH: 0 7 = DUSTSTORM OR SANDSTORM:
VSBY 1/2 MILE OR LESS
8 = SMOKE OR HAZE
[NO. OF DAYS WITH] [WEATHER - DAYS WITH] 9 = BLOWING SNOW
X = TORNADO
MAX 32 OR BELOW: 0 0.01 INCH OR MORE: 5
MAX 90 OR ABOVE: 0 0.10 INCH OR MORE: 2
MIN 32 OR BELOW: 0 0.50 INCH OR MORE: 1
MIN 0 OR BELOW: 0 1.00 INCH OR MORE: 0
[HDD (BASE 65) ]
TOTAL THIS MO. 107 CLEAR (SCALE 0-3) 22
DPTR FM NORMAL -24 PTCLDY (SCALE 4-7) 7
TOTAL FM JUL 1 107 CLOUDY (SCALE 8-10) 2
DPTR FM NORMAL -33
[CDD (BASE 65) ]
TOTAL THIS MO. 53
DPTR FM NORMAL -19 [PRESSURE DATA]
TOTAL FM JAN 1 1705 HIGHEST SLP 30.42 ON 24
DPTR FM NORMAL -41 LOWEST SLP 29.42 ON 14
[REMARKS]
#FINAL-10-23#