000
CXUS56 KOTX 011010
CF6EPH
PRELIMINARY LOCAL CLIMATOLOGICAL DATA (WS FORM: F-6)
STATION: EPHRATA WA AIRPORT
MONTH: FEBRUARY
YEAR: 2023
LATITUDE: 47 18 N
LONGITUDE: 119 31 W
TEMPERATURE IN F: :PCPN: SNOW: WIND :SUNSHINE: SKY :PK WND
================================================================================
1 2 3 4 5 6A 6B 7 8 9 10 11 12 13 14 15 16 17 18
12Z AVG MX 2MIN
DY MAX MIN AVG DEP HDD CDD WTR SNW DPTH SPD SPD DIR MIN PSBL S-S WX SPD DR
================================================================================
1 31 24 28 -4 37 0 0.00 M M 7.1 12 300 M M 1 14 310
2 37 22 30 -2 35 0 0.00 M M 7.0 14 310 M M 0 16 310
3 40 25 33 1 32 0 0.00 M M 6.4 14 350 M M 2 16 350
4 45 28 37 5 28 0 0.00 M M 8.0 15 300 M M 9 18 290
5 44 31 38 5 27 0 0.07 M M 6.6 10 310 M M 8 12 13 320
6 47 29 38 5 27 0 0.00 M M 5.8 17 220 M M 2 12 19 220
7 47 30 39 6 26 0 0.00 M M 5.7 20 220 M M 6 24 220
8 48 27 38 5 27 0 0.00 M M 6.9 22 260 M M 1 28 260
9 45 28 37 3 28 0 0.00 M M 8.2 15 320 M M 2 17 320
10 44 26 35 1 30 0 0.00 M M 4.3 12 340 M M 1 14 300
11 47 25 36 2 29 0 0.00 M M 3.8 12 330 M M 0 14 330
12 46 24 35 1 30 0 0.00 M M 4.7 9 20 M M 0 10 180
13 50 28 39 5 26 0 0.00 M M 13.0 25 280 M M 1 1 30 310
14 48 32 40 5 25 0 0.00 M M 17.0 28 320 M M 2 35 330
15 44 21 33 -2 32 0 0.00 M M 4.7 10 210 M M 0 14 190
16 42 23 33 -2 32 0 0.00 M M 4.7 9 10 M M 2 11 10
17 48 29 39 4 26 0 0.00 M M 3.4 13 310 M M 6 17 210
18 54 32 43 7 22 0 0.00 M M 8.5 21 320 M M 2 27 320
19 56 26 41 5 24 0 0.00 M M 8.4 24 260 M M 1 33 270
20 56 41 49 13 16 0 0.00 M M 18.4 51 260 M M 0 62 270
21 48 28 38 2 27 0 T M M 16.7 45 260 M M 4 1 56 250
22 28 16 22 -15 43 0 0.01 M M 16.4 28 40 M M 10 18 35 40
23 21 12 17 -20 48 0 0.00 M M 15.2 28 40 M M 7 34 40
24 27 4 16 -21 49 0 0.00 M M 2.7 10 50 M M 1 14 50
25 31 9 20 -18 45 0 0.00 M M 3.6 9 300 M M 0 12 160
26 46 22 34 -4 31 0 0.00 M M 7.7 29 250 M M 4 34 250
27 39 20 30 -8 35 0 T M M 6.0 14 10 M M 6 1 16 20
28 40 26 33 -6 32 0 0.04 M M 5.2 16 310 M M 6 1 20 290
================================================================================
SM 1199 688 869 0 0.12 M 226.1 M 84
================================================================================
AV 42.8 24.6 8.1 FASTST M M 3 MAX(MPH)
MISC ----> 51 260 62 270
================================================================================
NOTES:
# LAST OF SEVERAL OCCURRENCES
COLUMN 17 PEAK WIND IN M.P.H.
PRELIMINARY LOCAL CLIMATOLOGICAL DATA (WS FORM: F-6) , PAGE 2
STATION: EPHRATA WA AIRPORT
MONTH: FEBRUARY
YEAR: 2023
LATITUDE: 47 18 N
LONGITUDE: 119 31 W
[TEMPERATURE DATA] [PRECIPITATION DATA] SYMBOLS USED IN COLUMN 16
AVERAGE MONTHLY: 33.7 TOTAL FOR MONTH: 0.12 1 = FOG OR MIST
DPTR FM NORMAL: -1.2 DPTR FM NORMAL: -0.52 2 = FOG REDUCING VISIBILITY
HIGHEST: 56 ON 20,19 GRTST 24HR 0.07 ON 5- 5 TO 1/4 MILE OR LESS
LOWEST: 4 ON 24 3 = THUNDER
SNOW, ICE PELLETS, HAIL 4 = ICE PELLETS
TOTAL MONTH: M 5 = HAIL
GRTST 24HR M ON M 6 = FREEZING RAIN OR DRIZZLE
GRTST DEPTH: M ON M 7 = DUSTSTORM OR SANDSTORM:
VSBY 1/2 MILE OR LESS
8 = SMOKE OR HAZE
[NO. OF DAYS WITH] [WEATHER - DAYS WITH] 9 = BLOWING SNOW
X = TORNADO
MAX 32 OR BELOW: 5 0.01 INCH OR MORE: 3
MAX 90 OR ABOVE: 0 0.10 INCH OR MORE: 0
MIN 32 OR BELOW: 27 0.50 INCH OR MORE: 0
MIN 0 OR BELOW: 0 1.00 INCH OR MORE: 0
[HDD (BASE 65) ]
TOTAL THIS MO. 869 CLEAR (SCALE 0-3) 18
DPTR FM NORMAL 28 PTCLDY (SCALE 4-7) 7
TOTAL FM JUL 1 4388 CLOUDY (SCALE 8-10) 3
DPTR FM NORMAL -22
[CDD (BASE 65) ]
TOTAL THIS MO. 0
DPTR FM NORMAL 0 [PRESSURE DATA]
TOTAL FM JAN 1 0 HIGHEST SLP M ON M
DPTR FM NORMAL 0 LOWEST SLP 29.37 ON 21
[REMARKS]
#FINAL-02-23#