000
CXUS51 KCLE 021655
CLMERI
CLIMATE REPORT
NATIONAL WEATHER SERVICE CLEVELAND, OH
1255 PM EDT MON OCT 02 2023
...................................
...THE ERIE PA CLIMATE SUMMARY FOR THE MONTH OF SEPTEMBER 2023...
CLIMATE NORMAL PERIOD 1991 TO 2020
CLIMATE RECORD PERIOD 1873 TO 2023
WEATHER OBSERVED NORMAL DEPART LAST YEAR`S
VALUE DATE(S) VALUE FROM VALUE
NORMAL
..............................................................
TEMPERATURE (F)
RECORD
HIGH 99 09/03/1953
LOW 33 09/23/1974
09/27/1957
HIGHEST 91 09/06
LOWEST 48 09/15
AVG. MAXIMUM 73.1 73.7 -0.6 71.4
AVG. MINIMUM 58.9 56.7 2.2 57.1
MEAN 66.0 65.2 0.8 64.3
DAYS MAX >= 90 1 0.6 0.4 0
DAYS MAX <= 32 0 0.0 0.0 0
DAYS MIN <= 32 0 0.0 0.0 0
DAYS MIN <= 0 0 0.0 0.0 0
PRECIPITATION (INCHES)
RECORD
MAXIMUM 10.65 1977
MINIMUM 1.01 1948
TOTALS 1.88 4.32 -2.44 8.31
DAYS >= .01 7 10.1 -3.1 13
DAYS >= .10 5 7.0 -2.0 8
DAYS >= .50 1 2.7 -1.7 5
DAYS >= 1.00 0 1.3 -1.3 3
GREATEST
24 HR. TOTAL 1.22 09/12 TO 09/13 3.31
SNOWFALL (INCHES)
RECORDS
TOTAL T 1993
TOTALS 0.0 0.0 0.0 0.0
SINCE 7/1 0.0 0.0 0.0 0.0
DAYS >= 1.0 0 0.0 0.0 0
GREATEST
24 HR TOTAL 0.0
DEGREE DAYS
HEATING TOTAL 51 84 -33 94
SINCE 7/1 59 98 -39 94
COOLING TOTAL 88 90 -2 78
SINCE 1/1 549 739 -190 744
..............................................................
WIND (MPH)
AVERAGE WIND SPEED 7.2
HIGHEST WIND SPEED/DIRECTION 25/270 DATE 09/06
HIGHEST GUST SPEED/DIRECTION 42/280 DATE 09/06
SKY COVER
AVERAGE SKY COVER 0.42
AVERAGE RH (PERCENT) 71
WEATHER CONDITIONS. NUMBER OF DAYS WITH
THUNDERSTORM 3 MIXED PRECIP 0
HEAVY RAIN 3 RAIN 5
LIGHT RAIN 11 FREEZING RAIN 0
LT FREEZING RAIN 0 HAIL 0
HEAVY SNOW 0 SNOW 0
LIGHT SNOW 0 SLEET 0
FOG 11 FOG W/VIS <= 1/4 MILE 1
HAZE 15
- INDICATES NEGATIVE NUMBERS.
R INDICATES RECORD WAS SET OR TIED.
MM INDICATES DATA IS MISSING.
T INDICATES TRACE AMOUNT.
$$