000
CXUS53 KDMX 050305
CF6EST
PRELIMINARY LOCAL CLIMATOLOGICAL DATA (WS FORM: F-6)
STATION: ESTHERVILLE IA
MONTH: JANUARY
YEAR: 2022
LATITUDE: 43 24 N
LONGITUDE: 94 45 W
TEMPERATURE IN F: :PCPN: SNOW: WIND :SUNSHINE: SKY :PK WND
================================================================================
1 2 3 4 5 6A 6B 7 8 9 10 11 12 13 14 15 16 17 18
12Z AVG MX 2MIN
DY MAX MIN AVG DEP HDD CDD WTR SNW DPTH SPD SPD DIR MIN PSBL S-S WX SPD DR
================================================================================
1 -2 -8 -5 -21 70 0 0.00 0.0 M 16.1 25 350 M M 5 32 350
2 19 -9 5 -11 60 0 0.00 0.0 M 8.2 15 210 M M 0 21 200
3 43 7 25 9 40 0 0.00 0.0 M 10.7 20 180 M M 0 24 180
4 40 12 26 10 39 0 M M M 18.9 39 300 M M 3 18 52 310
5 12 -3 5 -10 60 0 M M M 27.8 40 310 M M 7 8 52 300
6 0 -10 -5 -20 70 0 0.00 0.0 M 15.7 25 340 M M 2 8 34 310
7 14 -9 3 -12 62 0 0.00 0.0 M 15.4 35 170 M M 5 46 170
8 38 8 23 8 42 0 M M M 21.2 37 180 M M 1 47 190
9 20 2 11 -4 54 0 0.00 0.0 M 12.5 28 320 M M 3 36 320
10 17 0 9 -6 56 0 0.00 0.0 M 7.6 18 170 M M 1 26 170
11 50 11 31 16 34 0 0.00 0.0 M 18.1 28 280 M M 0 38 290
12 49 29 39 24 26 0 0.00 0.0 M 7.6 15 300 M M 3 19 330
13 42 26 34 19 31 0 0.00 0.0 M 12.0 23 350 M M 6 1 30 330
14 31 14 23 9 42 0 M M M 15.9 30 60 M M 10 12 38 40
15 14 -9 3 -11 62 0 M M M 9.6 23 20 M M 1 18 30 20
16 36 -2 17 3 48 0 0.00 0.0 M 17.2 33 340 M M 6 18 44 340
17 31 17 24 10 41 0 0.00 0.0 M 9.2 21 340 M M 4 1 27 340
18 43 11 27 13 38 0 0.00 0.0 M 17.6 38 330 M M 2 1 46 320
19 11 -6 3 -11 62 0 M M M 22.5 35 330 M M 1 8 43 340
20 2 -17 -7 -21 72 0 0.00 0.0 M 7.3 14 330 M M 0 17 320
21 27 -15 6 -8 59 0 M M M 18.4 32 190 M M 3 18 40 190
22 28 8 18 4 47 0 M M M 12.2 26 20 M M 7 18 35 320
23 22 -7 8 -6 57 0 M M M 12.3 21 190 M M 6 18 26 190
24 31 -5 13 -2 52 0 M M M 17.8 28 350 M M 6 18 35 340
25 2 -18 -8 -23 73 0 0.00 0.0 M 9.2 20 330 M M 0 25 330
26 32 -20 6 -9 59 0 0.00 0.0 M 16.9 29 210 M M 1 40 200
27 34 -3 16 1 49 0 M M M 16.3 28 330 M M 6 35 340
28 18 -16 1 -14 64 0 0.00 0.0 M 9.1 16 240 M M 2 19 240
29 38 5 22 7 43 0 0.00 0.0 M 14.2 26 330 M M 0 36 330
30 20 8 14 -1 51 0 M M M 10.9 23 340 M M 5 18 32 330
31 35 11 23 8 42 0 0.00 0.0 M 15.1 23 170 M M 0 18 29 150
================================================================================
SM 797 12 1605 0 0.00 0.0 443.5 M 96
================================================================================
AV 25.7 0.4 14.3 FASTST M M 3 MAX(MPH)
MISC ----> 40 310 # 52 310
================================================================================
NOTES:
# LAST OF SEVERAL OCCURRENCES
COLUMN 17 PEAK WIND IN M.P.H.
PRELIMINARY LOCAL CLIMATOLOGICAL DATA (WS FORM: F-6) , PAGE 2
STATION: ESTHERVILLE IA
MONTH: JANUARY
YEAR: 2022
LATITUDE: 43 24 N
LONGITUDE: 94 45 W
[TEMPERATURE DATA] [PRECIPITATION DATA] SYMBOLS USED IN COLUMN 16
AVERAGE MONTHLY: 13.0 TOTAL FOR MONTH: 0.00 1 = FOG OR MIST
DPTR FM NORMAL: -1.8 DPTR FM NORMAL: -0.56 2 = FOG REDUCING VISIBILITY
HIGHEST: 50 ON 11 GRTST 24HR 0.18 ON 14-14 TO 1/4 MILE OR LESS
LOWEST: -20 ON 26 3 = THUNDER
SNOW, ICE PELLETS, HAIL 4 = ICE PELLETS
TOTAL MONTH: 0.0 INCH 5 = HAIL
GRTST 24HR 0.0 6 = FREEZING RAIN OR DRIZZLE
GRTST DEPTH: M ON M 7 = DUSTSTORM OR SANDSTORM:
VSBY 1/2 MILE OR LESS
8 = SMOKE OR HAZE
[NO. OF DAYS WITH] [WEATHER - DAYS WITH] 9 = BLOWING SNOW
X = TORNADO
MAX 32 OR BELOW: 20 0.01 INCH OR MORE: 0
MAX 90 OR ABOVE: 0 0.10 INCH OR MORE: 0
MIN 32 OR BELOW: 31 0.50 INCH OR MORE: 0
MIN 0 OR BELOW: 17 1.00 INCH OR MORE: 0
[HDD (BASE 65) ]
TOTAL THIS MO. 1605 CLEAR (SCALE 0-3) 18
DPTR FM NORMAL 51 PTCLDY (SCALE 4-7) 12
TOTAL FM JUL 1 4054 CLOUDY (SCALE 8-10) 1
DPTR FM NORMAL -636
[CDD (BASE 65) ]
TOTAL THIS MO. 0
DPTR FM NORMAL 0 [PRESSURE DATA]
TOTAL FM JAN 1 0 HIGHEST SLP 30.80 ON 20
DPTR FM NORMAL 0 LOWEST SLP 29.41 ON 4
[REMARKS]
#FINAL-01-22#