000
CXUS56 KPQR 011155
CF6EUG
PRELIMINARY LOCAL CLIMATOLOGICAL DATA (WS FORM: F-6)
STATION: EUGENE OR
MONTH: JANUARY
YEAR: 2022
LATITUDE: 44 7 N
LONGITUDE: 123 13 W
TEMPERATURE IN F: :PCPN: SNOW: WIND :SUNSHINE: SKY :PK WND
================================================================================
1 2 3 4 5 6A 6B 7 8 9 10 11 12 13 14 15 16 17 18
12Z AVG MX 2MIN
DY MAX MIN AVG DEP HDD CDD WTR SNW DPTH SPD SPD DIR MIN PSBL S-S WX SPD DR
================================================================================
1 42 30 36 -4 29 0 0.00 0.0 0 4.4 9 130 M M 8 10 130
2 51 31 41 1 24 0 T 0.0 0 17.2 37 180 M M 6 46 170
3 49 39 44 4 21 0 2.12 0.0 0 11.4 36 210 M M 10 1 49 220
4 49 39 44 3 21 0 0.61 0.0 0 10.7 18 180 M M 10 1 23 170
5 53 45 49 8 16 0 0.65 0.0 0 7.2 15 140 M M 10 1 17 140
6 57 50 54 13 11 0 0.04 0.0 0 12.2 21 200 M M 10 1 25 190
7 51 37 44 3 21 0 0.04 0.0 0 12.1 33 220 M M 9 39 220
8 53 34 44 3 21 0 T 0.0 0 3.7 9 140 M M 6 12 150
9 39 30 35 -6 30 0 0.00 0.0 0 1.5 7 320 M M 9 12 8 30
10 50 33 42 1 23 0 0.01 0.0 0 2.7 10 230 M M 9 12 13 240
11 55 44 50 9 15 0 T 0.0 0 7.5 16 140 M M 8 19 140
12 58 40 49 8 16 0 0.00 0.0 0 7.2 20 140 M M 6 23 140
13 52 39 46 5 19 0 0.11 0.0 0 9.4 17 180 M M 9 12 22 210
14 47 36 42 1 23 0 T 0.0 0 4.2 12 360 M M 10 12 14 330
15 46 39 43 2 22 0 0.00 0.0 0 4.8 10 10 M M 10 12 13 20
16 39 36 38 -4 27 0 0.00 0.0 0 3.2 9 340 M M 10 12 11 350
17 50 34 42 0 23 0 0.00 0.0 0 3.4 10 170 M M 8 12 12 160
18 53 39 46 4 19 0 0.01 0.0 0 7.6 13 130 M M 10 12 16 210
19 52 47 50 8 15 0 0.27 0.0 0 8.3 13 140 M M 10 1 15 140
20 57 39 48 6 17 0 0.02 0.0 0 7.3 16 140 M M 8 1 18 140
21 47 36 42 0 23 0 0.00 0.0 0 8.2 18 10 M M 9 12 21 10
22 43 31 37 -5 28 0 0.00 0.0 0 7.2 15 10 M M 8 12 19 350
23 48 31 40 -2 25 0 0.00 0.0 0 1.2 6 10 M M 8 12 12 40
24 44 30 37 -5 28 0 0.00 0.0 0 3.9 10 360 M M 9 12 12 10
25 45 32 39 -3 26 0 0.00 0.0 0 5.5 12 360 M M 8 128 13 360
26 42 26 34 -8 31 0 0.00 0.0 0 2.4 8 10 M M 7 12 11 10
27 46 28 37 -5 28 0 0.00 0.0 0 1.9 9 10 M M 5 12 12 10
28 48 25 37 -5 28 0 0.00 0.0 0 2.4 15 140 M M 2 1 17 90
29 53 25 39 -3 26 0 0.00 0.0 0 2.7 9 40 M M 4 12 11 40
30 54 29 42 0 23 0 0.15 0.0 0 9.0 20 190 M M 6 1 23 190
31 48 32 40 -2 25 0 0.04 0.0 0 5.4 14 350 M M 6 17 350
================================================================================
SM 1521 1086 704 0 4.07 0.0 195.8 M 248
================================================================================
AV 49.1 35.0 6.3 FASTST M M 8 MAX(MPH)
MISC ----> 37 180 49 220
================================================================================
NOTES:
# LAST OF SEVERAL OCCURRENCES
COLUMN 17 PEAK WIND IN M.P.H.
PRELIMINARY LOCAL CLIMATOLOGICAL DATA (WS FORM: F-6) , PAGE 2
STATION: EUGENE OR
MONTH: JANUARY
YEAR: 2022
LATITUDE: 44 7 N
LONGITUDE: 123 13 W
[TEMPERATURE DATA] [PRECIPITATION DATA] SYMBOLS USED IN COLUMN 16
AVERAGE MONTHLY: 42.0 TOTAL FOR MONTH: 4.07 1 = FOG OR MIST
DPTR FM NORMAL: 0.6 DPTR FM NORMAL: -1.98 2 = FOG REDUCING VISIBILITY
HIGHEST: 58 ON 12 GRTST 24HR 5.07 ON 6- 6 TO 1/4 MILE OR LESS
LOWEST: 25 ON 29,28 3 = THUNDER
SNOW, ICE PELLETS, HAIL 4 = ICE PELLETS
TOTAL MONTH: 0.0 INCH 5 = HAIL
GRTST 24HR 0.0 6 = FREEZING RAIN OR DRIZZLE
GRTST DEPTH: 0 7 = DUSTSTORM OR SANDSTORM:
VSBY 1/2 MILE OR LESS
8 = SMOKE OR HAZE
[NO. OF DAYS WITH] [WEATHER - DAYS WITH] 9 = BLOWING SNOW
X = TORNADO
MAX 32 OR BELOW: 0 0.01 INCH OR MORE: 12
MAX 90 OR ABOVE: 0 0.10 INCH OR MORE: 6
MIN 32 OR BELOW: 13 0.50 INCH OR MORE: 3
MIN 0 OR BELOW: 0 1.00 INCH OR MORE: 1
[HDD (BASE 65) ]
TOTAL THIS MO. 704 CLEAR (SCALE 0-3) 1
DPTR FM NORMAL -28 PTCLDY (SCALE 4-7) 11
TOTAL FM JUL 1 2317 CLOUDY (SCALE 8-10) 19
DPTR FM NORMAL -270
[CDD (BASE 65) ]
TOTAL THIS MO. 0
DPTR FM NORMAL 0 [PRESSURE DATA]
TOTAL FM JAN 1 0 HIGHEST SLP 30.64 ON 21
DPTR FM NORMAL 0 LOWEST SLP 29.45 ON 7
[REMARKS]
#FINAL-01-22#