000
CXUS56 KPQR 031553
CF6EUG
PRELIMINARY LOCAL CLIMATOLOGICAL DATA (WS FORM: F-6)
STATION: EUGENE OR
MONTH: JANUARY
YEAR: 2024
LATITUDE: 44 7 N
LONGITUDE: 123 13 W
TEMPERATURE IN F: :PCPN: SNOW: WIND :SUNSHINE: SKY :PK WND
================================================================================
1 2 3 4 5 6A 6B 7 8 9 10 11 12 13 14 15 16 17 18
12Z AVG MX 2MIN
DY MAX MIN AVG DEP HDD CDD WTR SNW DPTH SPD SPD DIR MIN PSBL S-S WX SPD DR
================================================================================
1 48 40 44 4 21 0 0.00 0.0 0 3.5 9 350 M M 10 12 11 340
2 43 38 41 1 24 0 0.14 0.0 0 3.7 9 330 M M 10 12 12 20
3 51 37 44 4 21 0 0.03 0.0 0 6.4 12 140 M M 9 12 15 140
4 53 35 44 3 21 0 0.15 0.0 0 8.7 16 130 M M 9 1 20 130
5 50 33 42 1 23 0 0.00 0.0 0 9.0 21 130 M M 6 12 25 140
6 46 38 42 1 23 0 0.74 0.0 0 7.6 26 140 M M 9 1 35 130
7 47 36 42 1 23 0 0.04 0.0 0 8.4 13 130 M M 7 1 15 160
8 49 40 45 4 20 0 0.29 0.0 0 13.7 25 130 M M 10 18 32 140
9 51 39 45 4 20 0 0.95 0.0 0 15.2 30 130 M M 9 18 38 190
10 45 35 40 -1 25 0 0.18 0.0 0 8.1 18 210 M M 8 1 26 200
11 47 35 41 0 24 0 0.12 0.0 0 9.6 17 170 M M 9 1 24 150
12 46 33 40 -1 25 0 0.38 0.0 0 8.0 14 310 M M 10 1 17 160
13 33 20 27 -14 38 0 1.06 0.7 0 14.4 22 320 M M 10 16 27 320
14 27 20 24 -17 41 0 0.02 0.0 1 6.8 12 310 M M 10 1 19 310
15 29 20 25 -16 40 0 0.00 0.0 1 9.0 17 320 M M 7 1 21 320
16 32 19 26 -16 39 0 0.60 0.0 1 4.2 9 320 M M 8 146 11 320
17 48 31 40 -2 25 0 0.83 0.0 T M M M M M 7 1 M M
18 48 33 41 -1 24 0 0.51 0.0 0 7.4 14 340 M M 8 12 14 340
19 41 32 37 -5 28 0 0.00 0.0 0 7.9 14 340 M M 6 14 340
20 45 30 38 -4 27 0 0.38 0.0 0 4.0 10 340 M M 8 10 340
21 54 45 50 8 15 0 0.41 0.0 0 4.0 9 150 M M 8 1 9 150
22 57 46 52 10 13 0 0.31 0.0 0 6.7 10 180 M M 8 18 10 180
23 56 43 50 8 15 0 0.02 0.0 0 3.1 8 180 M M 6 1 8 180
24 56 45 51 9 14 0 0.75 0.0 0 9.2 17 200 M M 7 18 17 200
25 55 45 50 8 15 0 0.18 0.0 0 6.2 12 180 M M 8 1 12 180
26 54 45 50 8 15 0 0.77 0.0 0 3.5 9 160 M M 8 1 9 160
27 63 55 59 17 6 0 0.51 0.0 0 8.5 16 130 M M 8 1 16 130
28 69 50 60 18 5 0 0.18 0.0 0 2.5 6 180 M M 6 12 6 180
29 58 45 52 10 13 0 0.01 0.0 0 1.0 8 310 M M 10 12 8 310
30 60 51 56 14 9 0 0.01 0.0 0 1.9 7 310 M M 10 128 7 310
31 60 52 56 14 9 0 0.06 0.0 0 1.7 6 180 M M 10 1 6 180
================================================================================
SM 1521 1166 661 0 9.63 0.7 203.9 M 259
================================================================================
AV 49.1 37.6 6.8 FASTST M M 8 MAX(MPH)
MISC ----> 30 130 38 190
================================================================================
NOTES:
# LAST OF SEVERAL OCCURRENCES
COLUMN 17 PEAK WIND IN M.P.H.
PRELIMINARY LOCAL CLIMATOLOGICAL DATA (WS FORM: F-6) , PAGE 2
STATION: EUGENE OR
MONTH: JANUARY
YEAR: 2024
LATITUDE: 44 7 N
LONGITUDE: 123 13 W
[TEMPERATURE DATA] [PRECIPITATION DATA] SYMBOLS USED IN COLUMN 16
AVERAGE MONTHLY: 43.3 TOTAL FOR MONTH: 9.63 1 = FOG OR MIST
DPTR FM NORMAL: 1.9 DPTR FM NORMAL: 3.58 2 = FOG REDUCING VISIBILITY
HIGHEST: 69 ON 28 GRTST 24HR 1.59 ON 26-27 TO 1/4 MILE OR LESS
LOWEST: 19 ON 16 3 = THUNDER
SNOW, ICE PELLETS, HAIL 4 = ICE PELLETS
TOTAL MONTH: 0.7 INCH 5 = HAIL
GRTST 24HR 0.7 ON 13-13 6 = FREEZING RAIN OR DRIZZLE
GRTST DEPTH: 1 ON 16,15 7 = DUSTSTORM OR SANDSTORM:
VSBY 1/2 MILE OR LESS
8 = SMOKE OR HAZE
[NO. OF DAYS WITH] [WEATHER - DAYS WITH] 9 = BLOWING SNOW
X = TORNADO
MAX 32 OR BELOW: 3 0.01 INCH OR MORE: 27
MAX 90 OR ABOVE: 0 0.10 INCH OR MORE: 20
MIN 32 OR BELOW: 7 0.50 INCH OR MORE: 9
MIN 0 OR BELOW: 0 1.00 INCH OR MORE: 1
[HDD (BASE 65) ]
TOTAL THIS MO. 661 CLEAR (SCALE 0-3) 0
DPTR FM NORMAL -71 PTCLDY (SCALE 4-7) 15
TOTAL FM JUL 1 2206 CLOUDY (SCALE 8-10) 16
DPTR FM NORMAL -381
[CDD (BASE 65) ]
TOTAL THIS MO. 0
DPTR FM NORMAL 0 [PRESSURE DATA]
TOTAL FM JAN 1 0 HIGHEST SLP 30.48 ON 5
DPTR FM NORMAL 0 LOWEST SLP 29.42 ON 31
[REMARKS]
#FINAL-01-24#