000
CXUS53 KPAH 010700
CF6EVV
PRELIMINARY LOCAL CLIMATOLOGICAL DATA (WS FORM: F-6)
STATION: EVANSVILLE IN
MONTH: MARCH
YEAR: 2022
LATITUDE: 38 2 N
LONGITUDE: 87 32 W
TEMPERATURE IN F: :PCPN: SNOW: WIND :SUNSHINE: SKY :PK WND
================================================================================
1 2 3 4 5 6A 6B 7 8 9 10 11 12 13 14 15 16 17 18
12Z AVG MX 2MIN
DY MAX MIN AVG DEP HDD CDD WTR SNW DPTH SPD SPD DIR MIN PSBL S-S WX SPD DR
================================================================================
1 67 34 51 9 14 0 0.00 0.0 0 7.7 16 230 M M 0 23 240
2 74 36 55 13 10 0 0.00 0.0 0 6.9 15 190 M M 0 22 200
3 60 37 49 7 16 0 0.00 0.0 0 10.6 20 50 M M 0 28 40
4 64 32 48 5 17 0 0.00 0.0 0 5.1 10 90 M M 0 15 90
5 74 46 60 17 5 0 0.00 0.0 0 11.1 28 210 M M 3 40 220
6 70 52 61 18 4 0 1.03 0.0 0 10.0 23 220 M M 8 13 33 210
7 69 35 52 8 13 0 1.48 0.0 0 11.2 26 310 M M 10 13 41 200
8 41 33 37 -7 28 0 T 0.0 0 4.1 10 320 M M 8 14 310
9 51 33 42 -2 23 0 0.00 0.0 0 5.6 14 20 M M 3 20 340
10 56 32 44 -1 21 0 0.00 0.0 0 4.3 10 360 M M 1 14 340
11 40 26 33 -12 32 0 0.09 T T 9.0 20 340 M M 7 128 35 330
12 30 16 23 -22 42 0 0.00 0.0 0 10.5 21 320 M M 2 33 300
13 57 27 42 -4 23 0 0.00 0.0 0 13.3 25 210 M M 3 35 220
14 66 34 50 4 15 0 0.00 0.0 0 7.9 23 220 M M 2 31 220
15 67 44 56 10 9 0 0.01 0.0 0 2.4 9 250 M M 5 14 220
16 72 39 56 10 9 0 0.00 0.0 0 3.6 14 180 M M 0 19 130
17 73 43 58 11 7 0 0.00 0.0 0 3.3 15 180 M M 1 1 19 180
18 67 52 60 13 5 0 0.07 0.0 0 10.0 26 230 M M 7 138 35 240
19 52 36 44 -4 21 0 0.06 0.0 0 10.7 23 260 M M 8 1 31 260
20 67 30 49 1 16 0 0.00 0.0 0 3.8 14 210 M M 0 1 18 210
21 74 38 56 8 9 0 0.02 0.0 0 4.8 16 160 M M 1 24 170
22 58 49 54 6 11 0 1.39 0.0 0 9.2 18 80 M M 10 13 30 160
23 59 45 52 3 13 0 0.11 0.0 0 13.9 30 240 M M 10 18 43 250
24 49 39 44 -5 21 0 T 0.0 0 11.9 23 210 M M 9 32 220
25 51 35 43 -7 22 0 T 0.0 0 9.4 22 250 M M 7 8 34 250
26 51 31 41 -9 24 0 0.00 0.0 0 11.0 24 260 M M 1 37 320
27 47 28 38 -12 27 0 0.00 0.0 0 6.1 16 330 M M 0 23 280
28 49 28 39 -12 26 0 0.00 0.0 0 4.9 12 30 M M 3 19 30
29 56 41 49 -2 16 0 T 0.0 0 10.2 18 90 M M 5 27 130
30 80 52 66 15 0 1 0.70 0.0 0 13.9 35 240 M M 5 1 52 190
31 59 38 49 -3 16 0 0.01 0.0 0 12.9 35 250 M M 10 1 47 260
================================================================================
SM 1850 1141 515 1 4.97 T 259.3 M 129
================================================================================
AV 59.7 36.8 8.4 FASTST M M 4 MAX(MPH)
MISC ----> # 35 240 52 190
================================================================================
NOTES:
# LAST OF SEVERAL OCCURRENCES
COLUMN 17 PEAK WIND IN M.P.H.
PRELIMINARY LOCAL CLIMATOLOGICAL DATA (WS FORM: F-6) , PAGE 2
STATION: EVANSVILLE IN
MONTH: MARCH
YEAR: 2022
LATITUDE: 38 2 N
LONGITUDE: 87 32 W
[TEMPERATURE DATA] [PRECIPITATION DATA] SYMBOLS USED IN COLUMN 16
AVERAGE MONTHLY: 48.2 TOTAL FOR MONTH: 4.97 1 = FOG OR MIST
DPTR FM NORMAL: 1.6 DPTR FM NORMAL: 0.37 2 = FOG REDUCING VISIBILITY
HIGHEST: 80 ON 30 GRTST 24HR 2.44 ON 6- 7 TO 1/4 MILE OR LESS
LOWEST: 16 ON 12 3 = THUNDER
SNOW, ICE PELLETS, HAIL 4 = ICE PELLETS
TOTAL MONTH: T 5 = HAIL
GRTST 24HR T ON 11-11 6 = FREEZING RAIN OR DRIZZLE
GRTST DEPTH: T 7 = DUSTSTORM OR SANDSTORM:
VSBY 1/2 MILE OR LESS
8 = SMOKE OR HAZE
[NO. OF DAYS WITH] [WEATHER - DAYS WITH] 9 = BLOWING SNOW
X = TORNADO
MAX 32 OR BELOW: 1 0.01 INCH OR MORE: 11
MAX 90 OR ABOVE: 0 0.10 INCH OR MORE: 5
MIN 32 OR BELOW: 9 0.50 INCH OR MORE: 4
MIN 0 OR BELOW: 0 1.00 INCH OR MORE: 3
[HDD (BASE 65) ]
TOTAL THIS MO. 515 CLEAR (SCALE 0-3) 16
DPTR FM NORMAL -59 PTCLDY (SCALE 4-7) 10
TOTAL FM JUL 1 3815 CLOUDY (SCALE 8-10) 5
DPTR FM NORMAL -186
[CDD (BASE 65) ]
TOTAL THIS MO. 1
DPTR FM NORMAL -3 [PRESSURE DATA]
TOTAL FM JAN 1 1 HIGHEST SLP M ON M
DPTR FM NORMAL -3 LOWEST SLP 29.27 ON 30
[REMARKS]
#FINAL-03-22#