516
CXUS55 KPAH 010700
CF6EVV
PRELIMINARY LOCAL CLIMATOLOGICAL DATA (WS FORM: F-6)
STATION: EVANSVILLE IN
MONTH: DECEMBER
YEAR: 2020
LATITUDE: 38 2 N
LONGITUDE: 87 32 W
TEMPERATURE IN F: :PCPN: SNOW: WIND :SUNSHINE: SKY :PK WND
================================================================================
1 2 3 4 5 6A 6B 7 8 9 10 11 12 13 14 15 16 17 18
12Z AVG MX 2MIN
DY MAX MIN AVG DEP HDD CDD WTR SNW DPTH SPD SPD DIR MIN PSBL S-S WX SPD DR
================================================================================
1 40 22 31 -9 34 0 0.00 0.0 0 6.1 16 270 M M 1 22 280
2 49 20 35 -4 30 0 0.00 0.0 0 1.7 7 140 M M 0 9 150
3 45 27 36 -3 29 0 0.00 0.0 0 1.3 9 180 M M 6 13 180
4 48 34 41 2 24 0 0.00 0.0 0 4.1 13 260 M M 7 18 17 280
5 52 28 40 2 25 0 0.00 0.0 0 3.6 9 20 M M 0 12 30
6 43 28 36 -2 29 0 0.00 0.0 0 6.3 13 360 M M 4 20 350
7 44 31 38 0 27 0 0.00 0.0 0 4.3 10 350 M M 10 14 270
8 42 33 38 1 27 0 0.00 0.0 0 2.9 9 270 M M 7 12 210
9 62 34 48 11 17 0 0.00 0.0 0 5.5 13 260 M M 0 18 18 250
10 68 32 50 13 15 0 0.00 0.0 0 2.9 12 190 M M 0 18 17 190
11 68 40 54 18 11 0 0.09 0.0 0 7.9 20 190 M M 2 27 180
12 59 42 51 15 14 0 0.11 0.0 0 12.9 31 230 M M 9 1 44 240
13 43 38 41 5 24 0 0.00 0.0 0 4.6 12 350 M M 10 16 350
14 40 25 33 -3 32 0 0.00 0.0 0 7.2 18 330 M M 7 30 340
15 39 20 30 -5 35 0 T T 0 7.1 18 90 M M 3 26 100
16 36 32 34 -1 31 0 0.08 T 0 6.8 14 300 M M 10 18 22 310
17 40 23 32 -3 33 0 T T 0 4.4 12 250 M M 6 8 15 230
18 43 20 32 -3 33 0 0.00 0.0 0 3.7 14 140 M M 0 18 20 130
19 45 36 41 6 24 0 0.05 0.0 0 8.7 14 200 M M 8 18 19 200
20 49 37 43 9 22 0 0.00 0.0 0 7.4 18 230 M M 6 18 23 220
21 58 38 48 14 17 0 0.00 0.0 0 12.5 28 240 M M 4 18 37 260
22 51 35 43 9 22 0 0.00 0.0 0 5.1 15 320 M M 0 27 300
23 59 39 49 15 16 0 0.74 0.0 0 11.6 31 260 M M 6 18 43 250
24 45 20 33 -1 32 0 T T T 9.4 18 310 M M 7 8 30 320
25 20 13 17 -17 48 0 T T 0 9.3 17 280 M M 6 8 25 280
26 44 15 30 -4 35 0 0.00 0.0 0 5.2 14 230 M M 0 17 220
27 59 31 45 12 20 0 T 0.0 0 9.6 23 200 M M 3 34 190
28 51 30 41 8 24 0 0.00 0.0 0 8.1 20 330 M M 8 27 310
29 41 28 35 2 30 0 0.00 0.0 0 7.8 16 100 M M 4 23 100
30 54 34 44 11 21 0 0.93 T 0 7.1 18 190 M M 9 14 28 190
31 35 29 32 -1 33 0 0.01 0.0 0 9.4 14 50 M M 9 1 19 360
================================================================================
SM 1472 914 814 0 2.01 T 204.5 M 152
================================================================================
AV 47.5 29.5 6.6 FASTST M M 5 MAX(MPH)
MISC ----> # 31 230 44 240
================================================================================
NOTES:
# LAST OF SEVERAL OCCURRENCES
COLUMN 17 PEAK WIND IN M.P.H.
PRELIMINARY LOCAL CLIMATOLOGICAL DATA (WS FORM: F-6) , PAGE 2
STATION: EVANSVILLE IN
MONTH: DECEMBER
YEAR: 2020
LATITUDE: 38 2 N
LONGITUDE: 87 32 W
[TEMPERATURE DATA] [PRECIPITATION DATA] SYMBOLS USED IN COLUMN 16
AVERAGE MONTHLY: 38.5 TOTAL FOR MONTH: 2.01 1 = FOG OR MIST
DPTR FM NORMAL: 2.9 DPTR FM NORMAL: -1.75 2 = FOG REDUCING VISIBILITY
HIGHEST: 68 ON 11,10 GRTST 24HR 0.94 ON 30-31 TO 1/4 MILE OR LESS
LOWEST: 13 ON 25 3 = THUNDER
SNOW, ICE PELLETS, HAIL 4 = ICE PELLETS
TOTAL MONTH: T 5 = HAIL
GRTST 24HR T ON 15-15 6 = FREEZING RAIN OR DRIZZLE
GRTST DEPTH: T 7 = DUSTSTORM OR SANDSTORM:
VSBY 1/2 MILE OR LESS
8 = SMOKE OR HAZE
[NO. OF DAYS WITH] [WEATHER - DAYS WITH] 9 = BLOWING SNOW
X = TORNADO
MAX 32 OR BELOW: 1 0.01 INCH OR MORE: 7
MAX 90 OR ABOVE: 0 0.10 INCH OR MORE: 3
MIN 32 OR BELOW: 19 0.50 INCH OR MORE: 2
MIN 0 OR BELOW: 0 1.00 INCH OR MORE: 0
[HDD (BASE 65) ]
TOTAL THIS MO. 814 CLEAR (SCALE 0-3) 10
DPTR FM NORMAL -97 PTCLDY (SCALE 4-7) 15
TOTAL FM JUL 1 1534 CLOUDY (SCALE 8-10) 6
DPTR FM NORMAL -239
[CDD (BASE 65) ]
TOTAL THIS MO. 0
DPTR FM NORMAL 0 [PRESSURE DATA]
TOTAL FM JAN 1 1504 HIGHEST SLP M ON M
DPTR FM NORMAL 107 LOWEST SLP 29.64 ON 23
[REMARKS]
#FINAL-12-20#