000
CXUS53 KPAH 011600
CLSEVV
INDCLMEWS 000
TTAA00 KPAH 011553
CLIMATE REPORT
NATIONAL WEATHER SERVICE PADUCAH KY
952 AM CST SUN DEC 1 2019
...................................
...THE EVANSVILLE IN CLIMATE SUMMARY FOR THE FALL SEASON, FROM
9/1/2019 TO 11/30/2019...
CLIMATE NORMAL PERIOD 1981 TO 2010
CLIMATE RECORD PERIOD 1896 TO 2019
WEATHER OBSERVED NORMAL DEPART
VALUE DATE(S) VALUE FROM
NORMAL
................................................
TEMPERATURE (F)
RECORD
HIGH 104 09/06/1925
LOW -3 11/25/1950
HIGHEST 96 10/02 69 27
09/16
LOWEST 9 11/13 0 9
AVG. MAXIMUM 69.8 69.2 0.6
AVG. MINIMUM 46.5 46.2 0.3
MEAN 58.2 57.7 0.5
DAYS MAX >= 90 19 4.3 14.7
DAYS MAX <= 32 1 0.2 0.8
DAYS MIN <= 32 17 13.0 4.0
DAYS MIN <= 0 0 0.0 0.0
PRECIPITATION (INCHES)
RECORD
MAXIMUM 19.16 2006
MINIMUM 2.95 1963
TOTALS 12.29 10.63 1.66
DAILY AVG. 0.13 0.12 0.01
DAYS >= .01 24 25.4 -1.4
DAYS >= .10 17 16.8 0.2
DAYS >= .50 7 7.3 -0.3
DAYS >= 1.00 3 2.9 0.1
GREATEST
24 HR. TOTAL 2.91 MM
STORM TOTAL MM
(MM/DD(HH)) MM
SNOWFALL (INCHES)
TOTALS 1.1
LIQUID EQUIV 0.11
SINCE 7/1 1.1
LIQUID 7/1 0.11
SNOWDEPTH AVG. 0
DAYS >= TRACE 2
DAYS >= 1.0 1
GREATEST
SNOW DEPTH 1 11/12
24 HR TOTAL 1.1 MM
STORM TOTAL MM
(MM/DD(HH)) MM
DEGREE_DAYS
HEATING TOTAL 987 861 126
SINCE 7/1 MM 861 MM
COOLING TOTAL 387 198 189
SINCE 1/1 1640 1397 243
FREEZE DATES
RECORD
EARLIEST 10/03/1974
LATEST 05/10/1966
EARLIEST 10/23
LATEST 04/10
.................................................
WIND (MPH)
AVERAGE WIND SPEED 5.7
HIGHEST WIND SPEED/DIRECTION 39/200 DATE 10/26
HIGHEST GUST SPEED/DIRECTION 54/260 DATE 11/27
SKY COVER
POSSIBLE SUNSHINE (PERCENT) MM
AVERAGE SKY COVER 0.30
NUMBER OF DAYS FAIR 61
NUMBER OF DAYS PC 19
NUMBER OF DAYS CLOUDY 11
AVERAGE RH (PERCENT) 68
WEATHER CONDITIONS. NUMBER OF DAYS WITH
THUNDERSTORM 7 MIXED PRECIP 0
HEAVY RAIN 11 RAIN 18
LIGHT RAIN 26 FREEZING RAIN 0
LT FREEZING RAIN 0 HAIL 0
HEAVY SNOW 0 SNOW 1
LIGHT SNOW 1 SLEET 0
FOG 47 FOG W/VIS <= 1/4 MILE 2
HAZE 13
- INDICATES NEGATIVE NUMBERS.
R INDICATES RECORD WAS SET OR TIED.
MM INDICATES DATA IS MISSING.
T INDICATES TRACE AMOUNT.
$$