000
CXUS56 KSLC 011228
CF6EVW
PRELIMINARY LOCAL CLIMATOLOGICAL DATA (WS FORM: F-6)
STATION: EVANSTON WY
MONTH: APRIL
YEAR: 2020
LATITUDE: 41 16 N
LONGITUDE: 111 2 W
TEMPERATURE IN F: :PCPN: SNOW: WIND :SUNSHINE: SKY :PK WND
================================================================================
1 2 3 4 5 6A 6B 7 8 9 10 11 12 13 14 15 16 17 18
12Z AVG MX 2MIN
DY MAX MIN AVG DEP HDD CDD WTR SNW DPTH SPD SPD DIR MIN PSBL S-S WX SPD DR
================================================================================
1 50 22 36 1 29 0 0.05 M 0 13.2 32 240 M M 8 12 41 240
2 29 14 22 -14 43 0 T M 0 10.7 23 280 M M 5 1 28 290
3 39 10 25 -11 40 0 0.00 0.0 0 8.9 29 270 M M 1 35 270
4 49 19 34 -2 31 0 0.00 0.0 0 8.7 25 250 M M 2 33 250
5 54 33 44 8 21 0 T M 0 16.7 33 220 M M 5 45 210
6 51 33 42 5 23 0 T M 0 16.7 35 210 M M 3 44 210
7 55 31 43 6 22 0 0.00 0.0 0 12.1 26 240 M M 1 33 200
8 61 31 46 9 19 0 0.00 0.0 0 6.0 20 360 M M 0 24 360
9 64 32 48 11 17 0 0.00 0.0 0 10.7 29 250 M M 2 35 250
10 56 30 43 5 22 0 0.00 0.0 0 11.5 21 260 M M 0 1 25 260
11 54 32 43 5 22 0 T M 0 17.8 33 250 M M 4 44 250
12 38 21 30 -8 35 0 T M 0 11.1 24 290 M M 8 8 32 290
13 33 14 24 -14 41 0 T M 0 8.8 26 360 M M 4 8 35 360
14 39 11 25 -14 40 0 0.00 0.0 0 14.6 28 260 M M 3 35 270
15 40 28 34 -5 31 0 T M 0 17.3 31 240 M M 9 12 39 240
16 32 20 26 -13 39 0 0.03 M 0 9.3 25 70 M M 9 128 32 70
17 49 14 32 -8 33 0 T M 0 5.8 16 230 M M 4 12 21 210
18 52 28 40 0 25 0 0.00 0.0 0 7.9 21 270 M M 0 27 250
19 53 28 41 1 24 0 0.00 0.0 0 10.7 26 350 M M 4 32 260
20 58 29 44 4 21 0 0.00 0.0 0 5.4 15 330 M M 3 21 330
21 61 32 47 6 18 0 0.00 0.0 0 9.0 20 320 M M 1 24 320
22 56 32 44 3 21 0 0.00 0.0 0 14.8 29 280 M M 4 36 270
23 52 33 43 1 22 0 0.01 M 0 15.6 32 300 M M 7 1 40 290
24 52 26 39 -3 26 0 0.00 0.0 0 10.0 23 270 M M 5 30 270
25 59 32 46 4 19 0 0.00 0.0 0 11.2 24 260 M M 2 31 240
26 65 40 53 11 12 0 0.00 0.0 0 12.9 31 280 M M 2 41 290
27 69 38 54 11 11 0 0.00 0.0 0 14.1 36 250 M M 3 46 260
28 63 37 50 7 15 0 0.00 0.0 0 9.8 21 270 M M 1 28 270
29 73 37 55 12 10 0 0.00 0.0 0 6.1 16 260 M M 0 8 23 200
30 73 45 59 15 6 0 0.00 0.0 0 13.7 33 250 M M 2 43 240
================================================================================
SM 1579 832 738 0 0.09 0.0 341.1 M 102
================================================================================
AV 52.6 27.7 11.4 FASTST M M 3 MAX(MPH)
MISC ----> # 36 250 # 46 260
================================================================================
NOTES:
# LAST OF SEVERAL OCCURRENCES
COLUMN 17 PEAK WIND IN M.P.H.
PRELIMINARY LOCAL CLIMATOLOGICAL DATA (WS FORM: F-6) , PAGE 2
STATION: EVANSTON WY
MONTH: APRIL
YEAR: 2020
LATITUDE: 41 16 N
LONGITUDE: 111 2 W
[TEMPERATURE DATA] [PRECIPITATION DATA] SYMBOLS USED IN COLUMN 16
AVERAGE MONTHLY: 40.2 TOTAL FOR MONTH: 0.09 1 = FOG OR MIST
DPTR FM NORMAL: 0.8 DPTR FM NORMAL: -1.06 2 = FOG REDUCING VISIBILITY
HIGHEST: 73 ON 30,29 GRTST 24HR 0.05 ON 1- 1 TO 1/4 MILE OR LESS
LOWEST: 10 ON 3 3 = THUNDER
SNOW, ICE PELLETS, HAIL 4 = ICE PELLETS
TOTAL MONTH: 0.0 INCH 5 = HAIL
GRTST 24HR 0.0 6 = FREEZING RAIN OR DRIZZLE
GRTST DEPTH: 0 7 = DUSTSTORM OR SANDSTORM:
VSBY 1/2 MILE OR LESS
8 = SMOKE OR HAZE
[NO. OF DAYS WITH] [WEATHER - DAYS WITH] 9 = BLOWING SNOW
X = TORNADO
MAX 32 OR BELOW: 2 0.01 INCH OR MORE: 3
MAX 90 OR ABOVE: 0 0.10 INCH OR MORE: 0
MIN 32 OR BELOW: 22 0.50 INCH OR MORE: 0
MIN 0 OR BELOW: 0 1.00 INCH OR MORE: 0
[HDD (BASE 65) ]
TOTAL THIS MO. 738 CLEAR (SCALE 0-3) 15
DPTR FM NORMAL -31 PTCLDY (SCALE 4-7) 12
TOTAL FM JUL 1 7907 CLOUDY (SCALE 8-10) 3
DPTR FM NORMAL 70
[CDD (BASE 65) ]
TOTAL THIS MO. 0
DPTR FM NORMAL 0 [PRESSURE DATA]
TOTAL FM JAN 1 0 HIGHEST SLP 30.32 ON 14
DPTR FM NORMAL 0 LOWEST SLP 29.51 ON 1
[REMARKS]
#FINAL-04-20#