000
CXUS52 KMHX 010743
CF6EWN
PRELIMINARY LOCAL CLIMATOLOGICAL DATA (WS FORM: F-6)
STATION: NEW BERN NC
MONTH: MARCH
YEAR: 2024
LATITUDE: 35 4 N
LONGITUDE: 77 3 W
TEMPERATURE IN F: :PCPN: SNOW: WIND :SUNSHINE: SKY :PK WND
================================================================================
1 2 3 4 5 6A 6B 7 8 9 10 11 12 13 14 15 16 17 18
12Z AVG MX 2MIN
DY MAX MIN AVG DEP HDD CDD WTR SNW DPTH SPD SPD DIR MIN PSBL S-S WX SPD DR
================================================================================
1 64 37 51 1 14 0 0.08 0.0 0 7.7 17 90 M M 2 1 28 110
2 74 55 65 15 0 0 1.14 0.0 0 6.1 21 180 M M 7 12 31 180
3 70 55 63 13 2 0 0.00 0.0 0 4.9 13 100 M M 6 12 18 130
4 63 56 60 10 5 0 0.22 0.0 0 8.9 16 340 M M 10 12 22 340
5 69 54 62 12 3 0 0.00 0.0 0 4.9 10 150 M M 6 1 15 160
6 67 57 62 11 3 0 1.57 0.0 0 7.4 20 170 M M 10 1 30 180
7 68 54 61 10 4 0 0.01 0.0 0 6.1 15 340 M M 7 1 21 360
8 63 47 55 4 10 0 0.00 0.0 0 8.2 16 80 M M 2 22 30
9 70 47 59 8 6 0 0.34 0.0 M 10.3 29 180 M M 7 1 41 170
10 66 46 56 4 9 0 0.01 0.0 0 12.5 23 270 M M 2 35 270
11 61 39 50 -2 15 0 0.00 0.0 0 9.2 20 320 M M 0 31 310
12 73 38 56 4 9 0 0.00 0.0 0 6.3 15 230 M M 0 23 230
13 79 45 62 10 3 0 0.00 0.0 0 5.7 12 170 M M 0 M M
14 82 43 63 10 2 0 0.00 0.0 0 4.8 17 200 M M 1 25 200
15 82 53 68 15 0 3 T 0.0 0 10.3 21 240 M M 2 31 240
16 68 50 59 6 6 0 0.00 0.0 0 6.6 15 30 M M 5 20 50
17 75 51 63 10 2 0 T 0.0 0 5.7 13 250 M M 4 1 19 260
18 65 48 57 3 8 0 T 0.0 0 8.2 25 350 M M 7 35 350
19 55 37 46 -8 19 0 0.00 0.0 0 10.6 24 340 M M 1 34 340
20 71 42 57 3 8 0 0.00 0.0 0 9.5 21 230 M M 0 34 230
21 60 46 53 -1 12 0 0.00 0.0 0 8.5 16 120 M M 0 23 120
22 69 44 57 2 8 0 0.17 0.0 0 8.2 18 150 M M 5 1 29 140
23 70 50 60 5 5 0 1.43 0.0 0 10.6 30 160 M M 8 1 44 150
24 53 37 45 -10 20 0 0.00 0.0 0 15.5 25 20 M M 0 36 10
25 61 37 49 -7 16 0 0.00 0.0 0 10.6 15 30 M M 0 21 70
26 63 38 51 -5 14 0 0.00 0.0 0 6.6 13 90 M M 3 17 80
27 65 48 57 1 8 0 T 0.0 0 6.1 14 140 M M 7 1 21 130
28 59 44 52 -4 13 0 1.84 0.0 0 9.3 26 340 M M 9 13 44 280
29 68 40 54 -3 11 0 0.00 0.0 0 9.2 22 270 M M 0 36 270
30 78 50 64 7 1 0 0.00 0.0 0 9.4 22 220 M M 0 32 220
31 85 54 70 13 0 5 0.00 0.0 0 8.2 17 200 M M 0 26 200
================================================================================
SM 2116 1442 236 8 6.81 0.0 256.1 M 111
================================================================================
AV 68.3 46.5 8.3 FASTST M M 4 MAX(MPH)
MISC ----> 30 160 # 44 150
================================================================================
NOTES:
# LAST OF SEVERAL OCCURRENCES
COLUMN 17 PEAK WIND IN M.P.H.
PRELIMINARY LOCAL CLIMATOLOGICAL DATA (WS FORM: F-6) , PAGE 2
STATION: NEW BERN NC
MONTH: MARCH
YEAR: 2024
LATITUDE: 35 4 N
LONGITUDE: 77 3 W
[TEMPERATURE DATA] [PRECIPITATION DATA] SYMBOLS USED IN COLUMN 16
AVERAGE MONTHLY: 57.4 TOTAL FOR MONTH: 6.81 1 = FOG OR MIST
DPTR FM NORMAL: 4.2 DPTR FM NORMAL: 2.96 2 = FOG REDUCING VISIBILITY
HIGHEST: 85 ON 31 GRTST 24HR 1.84 ON 28-28 TO 1/4 MILE OR LESS
LOWEST: 37 ON 25,24 3 = THUNDER
SNOW, ICE PELLETS, HAIL 4 = ICE PELLETS
TOTAL MONTH: 0.0 INCH 5 = HAIL
GRTST 24HR 0.0 6 = FREEZING RAIN OR DRIZZLE
GRTST DEPTH: 0 7 = DUSTSTORM OR SANDSTORM:
VSBY 1/2 MILE OR LESS
8 = SMOKE OR HAZE
[NO. OF DAYS WITH] [WEATHER - DAYS WITH] 9 = BLOWING SNOW
X = TORNADO
MAX 32 OR BELOW: 0 0.01 INCH OR MORE: 10
MAX 90 OR ABOVE: 0 0.10 INCH OR MORE: 7
MIN 32 OR BELOW: 0 0.50 INCH OR MORE: 4
MIN 0 OR BELOW: 0 1.00 INCH OR MORE: 4
[HDD (BASE 65) ]
TOTAL THIS MO. 236 CLEAR (SCALE 0-3) 16
DPTR FM NORMAL -143 PTCLDY (SCALE 4-7) 11
TOTAL FM JUL 1 2123 CLOUDY (SCALE 8-10) 4
DPTR FM NORMAL -389
[CDD (BASE 65) ]
TOTAL THIS MO. 8
DPTR FM NORMAL -5 [PRESSURE DATA]
TOTAL FM JAN 1 20 HIGHEST SLP 30.54 ON 1
DPTR FM NORMAL 1 LOWEST SLP 29.60 ON 9
[REMARKS]
#FINAL-03-24#