000
CXUS51 KOKX 020146
CLSEWR
CLIMATE REPORT
NATIONAL WEATHER SERVICE NEW YORK NY
943 PM EDT TUE SEP 1 2020
...................................
...THE NEWARK NJ CLIMATE SUMMARY FOR THE SEASON, FROM
6/1/2020 TO 8/31/2020...
CLIMATE NORMAL PERIOD 1981 TO 2010
CLIMATE RECORD PERIOD 1893 TO 2020
WEATHER OBSERVED NORMAL DEPART LAST YEAR`S
VALUE DATE(S) VALUE FROM VALUE
NORMAL
.............................................................
TEMPERATURE (F)
RECORD
HIGH 108 07/22/2011
LOW 41 06/01/1938
HIGHEST 96 07/27 MM MM
07/19
07/20
LOWEST 51 06/01 MM MM
AVG. MAXIMUM 86.5 83.9 2.6
AVG. MINIMUM 68.8 66.5 2.3
MEAN 77.7 75.2 2.5
DAYS MAX >= 90 31 18.3 12.7
DAYS MAX <= 32 0 0.0 0.0
DAYS MIN <= 32 0 0.0 0.0
DAYS MIN <= 0 0 0.0 0.0
PRECIPITATION (INCHES)
RECORD
MAXIMUM 23.57 2011
MINIMUM 4.46 1966
TOTALS 17.25 12.48 4.77 18.76
DAILY AVG. 0.19 0.14 0.05
DAYS >= .01 30 30.8 -0.8
DAYS >= .10 24 19.5 4.5
DAYS >= .50 12 8.3 3.7
DAYS >= 1.00 6 3.7 2.3
GREATEST
24 HR. TOTAL 2.78 MM
STORM TOTAL MM
(MM/DD(HH)) MM
SNOWFALL (INCHES)
RECORDS
TOTAL T 2011
2009
2008
24 HR TOTAL MM
TOTALS 0.0 0.0 0.0
LIQUID EQUIV 0.00 0.00 0.00
SINCE 7/1 0.0 0.0 0.0
LIQUID 7/1 0.00
DAYS >= TRACE 0 0.0 0.0
DAYS >= 1.0 0 0.0 0.0
GREATEST
SNOW DEPTH 0 MM
24 HR TOTAL 0.0 MM
STORM TOTAL MM
(MM/DD(HH)) MM
DEGREE_DAYS
HEATING TOTAL 3 18 -15
SINCE 7/1 0 1 -1
COOLING TOTAL 1191 957 234
SINCE 1/1 1241 1034 207
..............................................................
WIND (MPH)
AVERAGE WIND SPEED 8.3
HIGHEST WIND SPEED/DIRECTION 49/350 DATE 08/27
HIGHEST GUST SPEED/DIRECTION 71/340 DATE 08/27
SKY COVER
POSSIBLE SUNSHINE (PERCENT) MM
AVERAGE SKY COVER 0.60
NUMBER OF DAYS FAIR 5
NUMBER OF DAYS PC 59
NUMBER OF DAYS CLOUDY 28
AVERAGE RH (PERCENT) 65
WEATHER CONDITIONS. NUMBER OF DAYS WITH
0
18
0
0
0
0
0
HAZE 9
- INDICATES NEGATIVE NUMBERS.
R INDICATES RECORD WAS SET OR TIED.
MM INDICATES DATA IS MISSING.
T INDICATES TRACE AMOUNT.
$$