000
CXUS53 KIND 011503
CLMEYE
CLIMATE REPORT
NATIONAL WEATHER SERVICE INDIANAPOLIS IN
1103 AM EDT THU JUN 01 2023
...................................
...THE INDIANAPOLIS EAGLE CREEK IN CLIMATE SUMMARY FOR THE MONTH OF MAY 2023...
CLIMATE NORMAL PERIOD 1991 TO 2020
CLIMATE RECORD PERIOD 9999 TO 9999
WEATHER OBSERVED NORMAL DEPART LAST YEAR`S
VALUE DATE(S) VALUE FROM VALUE DATE(S)
NORMAL
................................................................
TEMPERATURE (F)
HIGHEST 88 05/31 90 05/11
LOWEST 38 05/04 45 05/02
AVG. MAXIMUM 75.6 73.8 1.8 77.0
AVG. MINIMUM 52.6 53.7 -1.1 57.6
MEAN 64.1 63.8 0.3 67.3
DAYS MAX >= 90 0 0.4 -0.4 1
DAYS MAX <= 32 0 0.0 0.0 0
DAYS MIN <= 32 0 0.0 0.0 0
DAYS MIN <= 0 0 0.0 0.0 0
PRECIPITATION (INCHES)
TOTALS 3.09 4.32 -1.23 5.37
DAILY AVG. 0.10 0.14 -0.04 0.17
DAYS >= .01 10 13.9 -3.9 14
DAYS >= .10 6 8.7 -2.7 11
DAYS >= .50 2 2.7 -0.7 4
DAYS >= 1.00 1 0.9 0.1 1
GREATEST
24 HR. TOTAL 1.36 05/07 TO 05/07
DEGREE DAYS
HEATING TOTAL 96 126 -30 65
SINCE 7/1 4667 5209 -542 MM
COOLING TOTAL 77 87 -10 145
SINCE 1/1 97 104 -7 MM
................................................................
WIND (MPH)
AVERAGE WIND SPEED 5.8
HIGHEST WIND SPEED/DIRECTION 25/300 DATE 05/01
25/300 05/07
HIGHEST GUST SPEED/DIRECTION 42/270 DATE 05/01
SKY COVER
AVERAGE SKY COVER 0.27
AVERAGE RH (PERCENT) 60
WEATHER CONDITIONS. NUMBER OF DAYS WITH
THUNDERSTORM 5 MIXED PRECIP 0
HEAVY RAIN 4 RAIN 4
LIGHT RAIN 11 FREEZING RAIN 0
LT FREEZING RAIN 0 HAIL 0
HEAVY SNOW 0 SNOW 0
LIGHT SNOW 0 SLEET 0
FOG 8 FOG W/VIS <= 1/4 MILE 0
HAZE 1
- INDICATES NEGATIVE NUMBERS.
R INDICATES RECORD WAS SET OR TIED.
MM INDICATES DATA IS MISSING.
T INDICATES TRACE AMOUNT.
$$