000
CXUS52 KKEY 012319 CCA
CF6EYW
PRELIMINARY LOCAL CLIMATOLOGICAL DATA (WS FORM: F-6)...CORRECTED
STATION: KEY WEST
MONTH: FEBRUARY
YEAR: 2020
LATITUDE: 24 32 N
LONGITUDE: 81 45 W
TEMPERATURE IN F: :PCPN: SNOW: WIND :SUNSHINE: SKY :PK WND
================================================================================
1 2 3 4 5 6A 6B 7 8 9 10 11 12 13 14 15 16 17 18
12Z AVG MX 2MIN
DY MAX MIN AVG DEP HDD CDD WTR SNW DPTH SPD SPD DIR MIN PSBL S-S WX SPD DR
================================================================================
1 77 68 73 3 0 8 0.29 0.0 0 10.6 28 210 M M 4 3 35 210
2 70 61 66 -4 0 1 0.00 0.0 0 14.3 23 330 M M 4 33 330
3 73 55 64 -6 1 0 0.00 0.0 0 7.4 16 100 M M 0 21 100
4 79 66 73 3 0 8 0.00 0.0 0 9.5 16 130 M M 1 22 140
5 80 74 77 7 0 12 0.00 0.0 0 10.6 15 130 M M 6 20 150
6 82 76 79 9 0 14 0.00 0.0 0 13.9 25 200 M M 6 31 200
7 79 66 73 3 0 8 0.31 0.0 0 14.5 24 330 M M 9 1 34 340
8 74 65 70 -1 0 5 0.00 0.0 0 10.3 16 20 M M 9 22 40
9 79 71 75 4 0 10 0.00 0.0 0 13.2 23 80 M M 6 30 80
10 81 72 77 6 0 12 T 0.0 0 12.0 17 100 M M 7 24 110
11 82 75 79 8 0 14 0.00 0.0 0 9.3 15 110 M M 4 20 120
12 83 76 80 9 0 15 0.00 0.0 0 10.3 16 120 M M 5 22 150
13 83 78 81 10 0 16 0.00 0.0 0 9.8 16 140 M M 5 21 130
14 85 75 80 9 0 15 0.00 0.0 0 5.0 13 310 M M 3 16 320
15 79 73 76 5 0 11 T 0.0 0 8.1 14 30 M M 7 1 18 20
16 83 74 79 8 0 14 0.00 0.0 0 7.7 16 130 M M 4 20 130
17 84 73 79 8 0 14 0.00 0.0 0 7.7 14 110 M M 1 16 110
18 84 78 81 10 0 16 T 0.0 0 13.6 18 110 M M 3 24 120
19 85 78 82 11 0 17 0.00 0.0 0 9.2 15 110 M M 4 19 110
20 83 77 80 9 0 15 0.04 0.0 0 6.9 13 110 M M 4 16 100
21 80 63 72 0 0 7 T 0.0 0 13.8 24 320 M M 8 34 320
22 77 61 69 -3 0 4 T 0.0 0 13.8 22 360 M M 6 1 31 350
23 78 68 73 1 0 8 0.00 0.0 0 12.4 22 90 M M 3 29 100
24 80 72 76 4 0 11 0.00 0.0 0 13.2 20 130 M M 2 24 120
25 83 76 80 8 0 15 T 0.0 0 13.8 22 160 M M 5 27 160
26 82 70 76 4 0 11 0.08 0.0 0 12.4 26 350 M M 7 18 35 340
27 74 64 69 -3 0 4 T 0.0 0 14.3 20 360 M M 9 29 360
28 68 62 65 -7 0 0 0.00 0.0 0 10.4 17 330 M M 3 23 330
29 74 63 69 -3 0 4 0.00 0.0 0 12.2 21 340 M M 3 29 340
================================================================================
SM 2301 2030 1 289 0.72 0.0 320.2 M 138
================================================================================
AV 79.3 70.0 11.0 FASTST M M 5 MAX(MPH)
MISC ----> # 28 210 # 35 210
================================================================================
NOTES:
# LAST OF SEVERAL OCCURRENCES
COLUMN 17 PEAK WIND IN M.P.H.
PRELIMINARY LOCAL CLIMATOLOGICAL DATA (WS FORM: F-6) , PAGE 2
STATION: KEY WEST
MONTH: FEBRUARY
YEAR: 2020
LATITUDE: 24 32 N
LONGITUDE: 81 45 W
[TEMPERATURE DATA] [PRECIPITATION DATA] SYMBOLS USED IN COLUMN 16
AVERAGE MONTHLY: 74.7 TOTAL FOR MONTH: 0.72 1 = FOG OR MIST
DPTR FM NORMAL: 3.7 DPTR FM NORMAL: -0.77 2 = FOG REDUCING VISIBILITY
HIGHEST: 85 ON 19,14 GRTST 24HR 1.21 ON 31- 1 TO 1/4 MILE OR LESS
LOWEST: 55 ON 3 3 = THUNDER
SNOW, ICE PELLETS, HAIL 4 = ICE PELLETS
TOTAL MONTH: 0.0 INCH 5 = HAIL
GRTST 24HR 0.0 6 = FREEZING RAIN OR DRIZZLE
GRTST DEPTH: 0 7 = DUSTSTORM OR SANDSTORM:
VSBY 1/2 MILE OR LESS
8 = SMOKE OR HAZE
[NO. OF DAYS WITH] [WEATHER - DAYS WITH] 9 = BLOWING SNOW
X = TORNADO
MAX 32 OR BELOW: 0 0.01 INCH OR MORE: 4
MAX 90 OR ABOVE: 0 0.10 INCH OR MORE: 2
MIN 32 OR BELOW: 0 0.50 INCH OR MORE: 0
MIN 0 OR BELOW: 0 1.00 INCH OR MORE: 0
[HDD (BASE 65) ]
TOTAL THIS MO. 1 CLEAR (SCALE 0-3) 9
DPTR FM NORMAL -14 PTCLDY (SCALE 4-7) 16
TOTAL FM JUL 1 11 CLOUDY (SCALE 8-10) 4
DPTR FM NORMAL -55
[CDD (BASE 65) ]
TOTAL THIS MO. 289
DPTR FM NORMAL 106 [PRESSURE DATA]
TOTAL FM JAN 1 546 HIGHEST SLP M ON M
DPTR FM NORMAL 198 LOWEST SLP 29.76 ON 6
[REMARKS]
#FINAL-02-20#