000
CDUS42 KKEY 130544
CLIEYW


CLIMATE REPORT
NATIONAL WEATHER SERVICE KEY WEST, FL
142 AM EDT SUN MAY 13 2018


...................................

...THE KEY WEST CLIMATE SUMMARY FOR MAY 12 2018...

CLIMATE NORMAL PERIOD 1981 TO 2010
CLIMATE RECORD PERIOD 1871 TO 2018


WEATHER ITEM   OBSERVED TIME   RECORD YEAR NORMAL DEPARTURE LAST
                VALUE   (LST)  VALUE       VALUE  FROM      YEAR
                                                  NORMAL
..................................................................
TEMPERATURE (F)
 YESTERDAY
  MAXIMUM         83    355 PM  90    1926  85     -2       84
                                      1886
  MINIMUM         72   1115 AM  68    1944  75     -3       76
  AVERAGE         78                        80     -2       80

PRECIPITATION (IN)
  YESTERDAY        0.11          2.58 1898   0.08   0.03     0.00
  MONTH TO DATE    1.52                      0.79   0.73     0.07
  SINCE MAR 1      3.85                      4.89  -1.04     4.88
  SINCE JAN 1      5.09                      8.42  -3.33     7.93

SNOWFALL (IN)
  YESTERDAY        0.0
  MONTH TO DATE    0.0
  SINCE MAR 1      0.0
  SINCE JUL 1      0.0
  SNOW DEPTH       0

DEGREE DAYS
 HEATING
  YESTERDAY        0                         0      0        0
  MONTH TO DATE    0                         0      0        0
  SINCE MAR 1      2                         7     -5        0
  SINCE JUL 1     44                        73    -29        5

 COOLING
  YESTERDAY       13                        15     -2       15
  MONTH TO DATE  176                       170      6      171
  SINCE MAR 1    810                       776     34      865
  SINCE JAN 1   1263                      1124    139     1405
..................................................................


WIND (MPH)
  HIGHEST WIND SPEED    18   HIGHEST WIND DIRECTION     E (100)
  HIGHEST GUST SPEED    24   HIGHEST GUST DIRECTION     E (90)
  AVERAGE WIND SPEED     8.0


SKY COVER
  POSSIBLE SUNSHINE  MM
  AVERAGE SKY COVER 0.4


WEATHER CONDITIONS
 THE FOLLOWING WEATHER WAS RECORDED YESTERDAY.
  LIGHT RAIN
  FOG


RELATIVE HUMIDITY (PERCENT)
 HIGHEST    87
 LOWEST     48
 AVERAGE    68

..........................................................


THE KEY WEST CLIMATE NORMALS FOR TODAY
                         NORMAL    RECORD    YEAR
 MAXIMUM TEMPERATURE (F)   85        90      1995
 MINIMUM TEMPERATURE (F)   75        66      1888


SUNRISE AND SUNSET
MAY 13 2018...........SUNRISE   644 AM EDT   SUNSET   803 PM EDT
MAY 14 2018...........SUNRISE   644 AM EDT   SUNSET   803 PM EDT


-  INDICATES NEGATIVE NUMBERS.
R  INDICATES RECORD WAS SET OR TIED.
MM INDICATES DATA IS MISSING.
T  INDICATES TRACE AMOUNT.

$$
