000
CDUS42 KKEY 052032
CLIEYW

CLIMATE REPORT
NATIONAL WEATHER SERVICE KEY WEST, FL
430 PM EDT THU APR 5 2018

...................................

...THE KEY WEST CLIMATE SUMMARY FOR APRIL 5 2018...
VALID TODAY AS OF 0400 PM LOCAL TIME.

CLIMATE NORMAL PERIOD 1981 TO 2010
CLIMATE RECORD PERIOD 1871 TO 2018

WEATHER ITEM   OBSERVED TIME   RECORD YEAR NORMAL DEPARTURE LAST
                VALUE   (LST)  VALUE       VALUE  FROM      YEAR
                                                  NORMAL
..................................................................

TEMPERATURE (F)
 TODAY
  MAXIMUM         82    256 PM  86    1989  80      2       84
                                      1957
                                      1949
  MINIMUM         71    547 AM  58    1915  70      1       79
  AVERAGE         77                        75      2       82

PRECIPITATION (IN)
  TODAY            0.00          2.26 1950   0.07  -0.07     0.00
  MONTH TO DATE    0.00                      0.36  -0.36      T
  SINCE MAR 1      2.12                      2.41  -0.29     0.93
  SINCE JAN 1      3.36                      5.94  -2.58     3.98

SNOWFALL (IN)
  TODAY            0.0
  MONTH TO DATE    0.0
  SINCE MAR 1      0.0
  SINCE JUL 1      0.0
  SNOW DEPTH       0

DEGREE DAYS
 HEATING
  TODAY            0                         0      0        0
  MONTH TO DATE    0                         0      0        0
  SINCE MAR 1      2                         7     -5        0
  SINCE JUL 1     44                        73    -29        5

 COOLING
  TODAY           12                        10      2       17
  MONTH TO DATE   65                        50     15       82
  SINCE MAR 1    297                       312    -15      388
  SINCE JAN 1    750                       660     90      928

..................................................................

WIND (MPH)
  HIGHEST WIND SPEED    14   HIGHEST WIND DIRECTION     N (360)
  HIGHEST GUST SPEED    18   HIGHEST GUST DIRECTION     N (20)
  AVERAGE WIND SPEED     7.4

SKY COVER
  POSSIBLE SUNSHINE  MM
  AVERAGE SKY COVER 0.2

WEATHER CONDITIONS
 THE FOLLOWING WEATHER WAS RECORDED TODAY.
  NO SIGNIFICANT WEATHER WAS OBSERVED.

RELATIVE HUMIDITY (PERCENT)
 HIGHEST    90
 LOWEST     65
 AVERAGE    78

..........................................................

THE KEY WEST CLIMATE NORMALS FOR TOMORROW
                         NORMAL    RECORD    YEAR
 MAXIMUM TEMPERATURE (F)   80        87      1937
                                             1883
 MINIMUM TEMPERATURE (F)   70        57      1891


SUNRISE AND SUNSET

APRIL  5 2018.........SUNRISE   715 AM EDT   SUNSET   745 PM EDT
APRIL  6 2018.........SUNRISE   714 AM EDT   SUNSET   745 PM EDT

-  INDICATES NEGATIVE NUMBERS.
R  INDICATES RECORD WAS SET OR TIED.
MM INDICATES DATA IS MISSING.
T  INDICATES TRACE AMOUNT.

$$

SC
