000
CXAK59 PAFG 091546
CLMFAI
CLIMATE REPORT
NATIONAL WEATHER SERVICE FAIRBANKS AK
746 AM AKDT MON OCT 09 2023
...................................
...THE FAIRBANKS AK CLIMATE SUMMARY FOR THE MONTH OF SEPTEMBER 2023...
CLIMATE NORMAL PERIOD 1991 TO 2020
CLIMATE RECORD PERIOD 1904 TO 2023
WEATHER OBSERVED NORMAL DEPART LAST YEAR`S
VALUE DATE(S) VALUE FROM VALUE DATE(S)
NORMAL
................................................................
TEMPERATURE (F)
RECORD
HIGH 84 09/05/1957
LOW 3 09/30/1992
HIGHEST 70 09/09 69 1 65 09/02
09/12
LOWEST 21 09/30 22 -1 30 09/26
09/28
AVG. MAXIMUM 52.6 55.3 -2.7 56.5
AVG. MINIMUM 36.7 36.2 0.5 39.1
MEAN 44.7 45.8 -1.1 47.8
DAYS MAX >= 90 0 0.0 0.0 0
DAYS MAX <= 32 0 0.3 -0.3 0
DAYS MIN <= 32 9 9.3 -0.3 7
DAYS MIN <= 0 0 0.0 0.0 0
PRECIPITATION (INCHES)
RECORD
MAXIMUM 5.61 1925
MINIMUM 0.09
TOTALS 0.92 1.35 -0.43 1.45
DAILY AVG. 0.03 0.04 -0.01 0.05
DAYS >= .01 12 10.7 1.3 16
DAYS >= .10 4 3.9 0.1 5
DAYS >= .50 0 0.5 -0.5 1
DAYS >= 1.00 0 0.0 0.0 0
GREATEST
24 HR. TOTAL 0.22 09/05 TO 09/06 0.69
SNOWFALL (INCHES)
RECORDS
TOTAL 24.4 1922
24 HR TOTAL 11.2 09/29/2015 TO 09/29/2015
SNOW DEPTH 13 09/18/1992
TOTALS 0.0 2.3 -2.3 0.0
SINCE 7/1 0.0 2.3 -2.3 MM
SNOWDEPTH AVG. 0 0
DAYS >= TRACE 0 1.3 -1.3 0
DAYS >= 1.0 0 0.6 -0.6 0
GREATEST
SNOW DEPTH 0 0
24 HR TOTAL 0 MM
DEGREE DAYS
HEATING TOTAL 602 578 24 509
SINCE 7/1 759 932 -173 MM
COOLING TOTAL 0 0 0 0
SINCE 1/1 140 68 72 MM
................................................................
WIND (MPH)
AVERAGE WIND SPEED 4.3
HIGHEST WIND SPEED/DIRECTION 28/240 DATE 09/01
HIGHEST GUST SPEED/DIRECTION 36/240 DATE 09/01
SKY COVER
AVERAGE SKY COVER 0.75
NUMBER OF DAYS FAIR 1
WEATHER CONDITIONS. NUMBER OF DAYS WITH
THUNDERSTORM 0 MIXED PRECIP 0
HEAVY RAIN 0 RAIN 0
LIGHT RAIN 18 FREEZING RAIN 0
LT FREEZING RAIN 0 HAIL 0
HEAVY SNOW 0 SNOW 0
LIGHT SNOW 0 SLEET 0
FOG 15 FOG W/VIS <= 1/4 MILE 1
HAZE 2
- INDICATES NEGATIVE NUMBERS.
R INDICATES RECORD WAS SET OR TIED.
MM INDICATES DATA IS MISSING.
T INDICATES TRACE AMOUNT.
$$