000
CXUS54 KOUN 010910
CF6FDR
PRELIMINARY LOCAL CLIMATOLOGICAL DATA (WS FORM: F-6)
STATION: FREDERICK MUNICIPAL
MONTH: JANUARY
YEAR: 2023
LATITUDE: 34 21 N
LONGITUDE: 98 59 W
TEMPERATURE IN F: :PCPN: SNOW: WIND :SUNSHINE: SKY :PK WND
================================================================================
1 2 3 4 5 6A 6B 7 8 9 10 11 12 13 14 15 16 17 18
12Z AVG MX 2MIN
DY MAX MIN AVG DEP HDD CDD WTR SNW DPTH SPD SPD DIR MIN PSBL S-S WX SPD DR
================================================================================
1 78 43 61 20 4 0 M M M 8.4 14 230 M M 0 M M
2 74 46 60 19 5 0 M M M 10.6 26 280 M M 4 18 34 280
3 55 36 46 5 19 0 0.00 M M 8.1 16 330 M M 0 18 330
4 53 29 41 0 24 0 0.00 M M 6.3 13 20 M M 0 15 260
5 56 27 42 1 23 0 0.00 M M 7.8 13 270 M M 0 14 310
6 69 41 55 14 10 0 0.00 M M 10.4 24 190 M M 0 29 190
7 52 32 42 1 23 0 0.00 M M 11.1 20 350 M M 0 24 320
8 60 28 44 3 21 0 0.00 M M 8.0 13 170 M M 0 15 160
9 70 33 52 11 13 0 0.00 M M 8.0 20 220 M M 0 22 210
10 83 34 59 18 6 0 0.00 M M 9.5 28 270 M M 0 8 34 270
11 80 41 61 20 4 0 0.00 M M 15.9 40 310 M M 1 8 47 310
12 57 35 46 5 19 0 0.00 M M 17.9 33 340 M M 0 45 340
13 59 29 44 2 21 0 0.00 M M 7.5 13 280 M M 0 14 190
14 67 29 48 6 17 0 0.00 M M 15.4 28 170 M M 0 32 170
15 65 36 51 9 14 0 0.00 M M 15.1 25 170 M M 1 30 170
16 75 46 61 19 4 0 0.00 0.0 M 12.2 31 250 M M 0 35 250
17 68 44 56 14 9 0 0.00 M M 7.2 13 110 M M 2 15 110
18 64 38 51 9 14 0 0.16 0.0 M 15.1 33 250 M M 3 40 250
19 55 32 44 2 21 0 0.00 M M 8.2 23 310 M M 0 27 300
20 63 33 48 6 17 0 0.00 M M 11.3 22 140 M M 3 26 130
21 62 38 50 8 15 0 T M M 14.1 25 280 M M 2 31 280
22 52 29 41 -1 24 0 0.00 M M 10.4 21 330 M M 0 25 340
23 52 26 39 -3 26 0 0.00 M M 10.3 15 80 M M 3 20 90
24 43 33 38 -4 27 0 0.62 M M 10.3 15 360 M M 10 1 19 50
25 48 30 39 -3 26 0 0.00 M M 10.8 17 350 M M 3 1 22 320
26 50 29 40 -2 25 0 0.00 M M 11.5 22 280 M M 0 26 280
27 58 28 43 1 22 0 0.00 M M 11.7 24 210 M M 0 33 230
28 64 37 51 8 14 0 0.00 M M 14.3 25 210 M M 0 31 210
29 49 23 36 -7 29 0 0.00 M M 21.1 33 360 M M 9 18 39 10
30 25 19 22 -21 43 0 0.00 M M 16.4 25 10 M M 10 29 10
31 29 21 25 -18 40 0 0.00 M M 12.7 25 20 M M 7 29 20
================================================================================
SM 1835 1025 579 0 0.78 0.0 357.6 M 58
================================================================================
AV 59.2 33.1 11.5 FASTST M M 2 MAX(MPH)
MISC ----> 40 310 47 310
================================================================================
NOTES:
# LAST OF SEVERAL OCCURRENCES
COLUMN 17 PEAK WIND IN M.P.H.
PRELIMINARY LOCAL CLIMATOLOGICAL DATA (WS FORM: F-6) , PAGE 2
STATION: FREDERICK MUNICIPAL
MONTH: JANUARY
YEAR: 2023
LATITUDE: 34 21 N
LONGITUDE: 98 59 W
[TEMPERATURE DATA] [PRECIPITATION DATA] SYMBOLS USED IN COLUMN 16
AVERAGE MONTHLY: 46.1 TOTAL FOR MONTH: 0.78 1 = FOG OR MIST
DPTR FM NORMAL: 4.4 DPTR FM NORMAL: M 2 = FOG REDUCING VISIBILITY
HIGHEST: 83 ON 10 GRTST 24HR 0.65 ON 24-25 TO 1/4 MILE OR LESS
LOWEST: 19 ON 30 3 = THUNDER
SNOW, ICE PELLETS, HAIL 4 = ICE PELLETS
TOTAL MONTH: 0.0 INCH 5 = HAIL
GRTST 24HR 0.0 6 = FREEZING RAIN OR DRIZZLE
GRTST DEPTH: M ON M 7 = DUSTSTORM OR SANDSTORM:
VSBY 1/2 MILE OR LESS
8 = SMOKE OR HAZE
[NO. OF DAYS WITH] [WEATHER - DAYS WITH] 9 = BLOWING SNOW
X = TORNADO
MAX 32 OR BELOW: 2 0.01 INCH OR MORE: 2
MAX 90 OR ABOVE: 0 0.10 INCH OR MORE: 2
MIN 32 OR BELOW: 15 0.50 INCH OR MORE: 1
MIN 0 OR BELOW: 0 1.00 INCH OR MORE: 0
[HDD (BASE 65) ]
TOTAL THIS MO. 579 CLEAR (SCALE 0-3) 26
DPTR FM NORMAL -142 PTCLDY (SCALE 4-7) 2
TOTAL FM JUL 1 1748 CLOUDY (SCALE 8-10) 3
DPTR FM NORMAL -166
[CDD (BASE 65) ]
TOTAL THIS MO. 0
DPTR FM NORMAL 0 [PRESSURE DATA]
TOTAL FM JAN 1 0 HIGHEST SLP 30.47 ON 31
DPTR FM NORMAL 0 LOWEST SLP 29.52 ON 15
[REMARKS]
#FINAL-01-23#