000
CXUS54 KOUN 010700
CF6FDR
PRELIMINARY LOCAL CLIMATOLOGICAL DATA (WS FORM: F-6)
STATION: FREDERICK MUNICIPAL
MONTH: MARCH
YEAR: 2020
LATITUDE: 34 21 N
LONGITUDE: 98 59 W
TEMPERATURE IN F: :PCPN: SNOW: WIND :SUNSHINE: SKY :PK WND
================================================================================
1 2 3 4 5 6A 6B 7 8 9 10 11 12 13 14 15 16 17 18
12Z AVG MX 2MIN
DY MAX MIN AVG DEP HDD CDD WTR SNW DPTH SPD SPD DIR MIN PSBL S-S WX SPD DR
================================================================================
1 83 43 63 14 2 0 0.00 0.0 0 11.0 23 220 M M 0 27 220
2 61 45 53 4 12 0 0.00 0.0 0 10.5 25 360 M M 0 30 360
3 67 46 57 8 8 0 0.05 0.0 0 8.1 16 70 M M 2 21 70
4 57 42 50 0 15 0 0.11 0.0 0 8.0 17 60 M M 4 1 22 50
5 70 32 51 1 14 0 0.00 0.0 0 10.5 28 20 M M 0 33 20
6 66 35 51 1 14 0 0.00 0.0 0 9.4 15 140 M M 0 8 22 150
7 70 34 52 1 13 0 0.00 0.0 0 13.6 29 160 M M 0 35 150
8 58 45 52 1 13 0 0.33 M 0 15.1 24 150 M M 6 1 27 170
9 73 49 61 10 4 0 0.04 0.0 0 15.0 30 180 M M 3 38 180
10 77 44 61 9 4 0 0.00 0.0 0 10.4 17 170 M M 0 22 180
11 73 57 65 13 0 0 0.00 0.0 0 8.2 15 320 M M 0 20 200
12 85 56 71 19 0 6 0.00 0.0 0 10.4 26 60 M M 1 37 50
13 62 48 55 2 10 0 0.34 M 0 15.0 26 60 M M 10 1 35 50
14 59 45 52 -1 13 0 0.36 M 0 10.1 20 290 M M 8 13 22 20
15 48 44 46 -7 19 0 T M 0 11.4 20 50 M M 10 1 24 40
16 60 47 54 0 11 0 0.00 0.0 0 7.5 13 190 M M 10 1 15 190
17 58 53 56 2 9 0 1.21 0.0 0 14.0 23 90 M M 10 123 27 80
18 77 54 66 12 0 1 0.08 0.0 0 9.9 29 160 M M 7 1238 35 170
19 77 54 66 11 0 1 0.10 0.0 0 15.5 38 240 M M 3 13 46 260
20 59 37 48 -7 17 0 0.00 0.0 M 16.5 30 340 M M 4 35 340
21 53 34 44 -11 21 0 0.23 0.0 0 8.8 16 320 M M 4 1 20 70
22 59 45 52 -4 13 0 0.02 0.0 0 8.9 18 200 M M 8 1 23 200
23 71 53 62 6 3 0 0.00 0.0 0 11.7 22 130 M M 8 12 26 140
24 75 53 64 8 1 0 0.00 0.0 0 11.0 18 350 M M 1 1 21 130
25 87 49 68 11 0 3 0.00 0.0 0 11.3 21 210 M M 0 26 210
26 94 55 75 18 0 10 0.00 0.0 0 12.5 25 190 M M 0 29 190
27 82 61 72 15 0 7 0.00 0.0 0 8.0 18 160 M M 1 128 22 170
28 73 51 62 4 3 0 0.05 0.0 0 13.3 25 290 M M 1 3 37 280
29 69 41 55 -3 10 0 0.00 0.0 0 7.5 M M M M 2 M M
30 62 49 56 -2 9 0 0.74 M 0 11.6 26 120 M M 9 13 32 120
31 65 49 57 -1 8 0 0.00 0.0 0 7.6 15 30 M M 6 19 20
================================================================================
SM 2130 1450 246 28 3.66 0.0 342.3 M 118
================================================================================
AV 68.7 46.8 11.0 FASTST M M 4 MAX(MPH)
MISC ----> # 38 240 # 46 260
================================================================================
NOTES:
# LAST OF SEVERAL OCCURRENCES
COLUMN 17 PEAK WIND IN M.P.H.
PRELIMINARY LOCAL CLIMATOLOGICAL DATA (WS FORM: F-6) , PAGE 2
STATION: FREDERICK MUNICIPAL
MONTH: MARCH
YEAR: 2020
LATITUDE: 34 21 N
LONGITUDE: 98 59 W
[TEMPERATURE DATA] [PRECIPITATION DATA] SYMBOLS USED IN COLUMN 16
AVERAGE MONTHLY: 57.7 TOTAL FOR MONTH: 3.66 1 = FOG OR MIST
DPTR FM NORMAL: 4.0 DPTR FM NORMAL: 1.30 2 = FOG REDUCING VISIBILITY
HIGHEST: 94 ON 26 GRTST 24HR 1.21 ON 17-17 TO 1/4 MILE OR LESS
LOWEST: 32 ON 5 3 = THUNDER
SNOW, ICE PELLETS, HAIL 4 = ICE PELLETS
TOTAL MONTH: 0.0 INCH 5 = HAIL
GRTST 24HR 0.0 6 = FREEZING RAIN OR DRIZZLE
GRTST DEPTH: 0 7 = DUSTSTORM OR SANDSTORM:
VSBY 1/2 MILE OR LESS
8 = SMOKE OR HAZE
[NO. OF DAYS WITH] [WEATHER - DAYS WITH] 9 = BLOWING SNOW
X = TORNADO
MAX 32 OR BELOW: 0 0.01 INCH OR MORE: 13
MAX 90 OR ABOVE: 1 0.10 INCH OR MORE: 8
MIN 32 OR BELOW: 1 0.50 INCH OR MORE: 2
MIN 0 OR BELOW: 0 1.00 INCH OR MORE: 1
[HDD (BASE 65) ]
TOTAL THIS MO. 246 CLEAR (SCALE 0-3) 17
DPTR FM NORMAL -122 PTCLDY (SCALE 4-7) 8
TOTAL FM JUL 1 2694 CLOUDY (SCALE 8-10) 6
DPTR FM NORMAL -202
[CDD (BASE 65) ]
TOTAL THIS MO. 28
DPTR FM NORMAL 11 [PRESSURE DATA]
TOTAL FM JAN 1 28 HIGHEST SLP M ON M
DPTR FM NORMAL 10 LOWEST SLP 29.53 ON 28
[REMARKS]
#FINAL-03-20#