000
CXUS52 KFFC 011010
CF6FFC
PRELIMINARY LOCAL CLIMATOLOGICAL DATA (WS FORM: F-6)
STATION: PEACHTREE CITY
MONTH: JUNE
YEAR: 2021
LATITUDE: 33 20 N
LONGITUDE: 84 34 W
TEMPERATURE IN F: :PCPN: SNOW: WIND :SUNSHINE: SKY :PK WND
================================================================================
1 2 3 4 5 6A 6B 7 8 9 10 11 12 13 14 15 16 17 18
12Z AVG MX 2MIN
DY MAX MIN AVG DEP HDD CDD WTR SNW DPTH SPD SPD DIR MIN PSBL S-S WX SPD DR
================================================================================
1 84 54 69 -6 0 4 0.00 M M 3.2 12 130 M M 1 17 120
2 83 57 70 -5 0 5 0.00 M M 2.5 12 140 M M 1 15 190
3 86 63 75 0 0 10 0.00 M M 2.3 10 270 M M 2 16 290
4 87 65 76 1 0 11 0.00 0.0 M 1.4 7 290 M M 1 9 280
5 89 68 79 3 0 14 T M M 1.6 10 350 M M 3 13 16 150
6 88 70 79 3 0 14 0.01 M M 2.0 13 130 M M 3 1 19 140
7 85 70 78 2 0 13 0.81 M M 3.5 16 130 M M 6 1238 20 130
8 87 70 79 3 0 14 0.47 0.0 M 3.2 9 240 M M 7 138 16 230
9 87 66 77 1 0 12 0.29 0.0 M 2.7 13 280 M M 6 13 23 270
10 83 67 75 -2 0 10 0.73 0.0 M 3.3 13 270 M M 5 1238 22 190
11 85 72 79 2 0 14 0.24 0.0 M 3.5 24 290 M M 6 138 41 290
12 86 72 79 2 0 14 0.29 M M 4.2 24 340 M M 5 13 32 330
13 89 68 79 2 0 14 0.00 M M 2.3 9 70 M M 2 1 13 40
14 92 68 80 2 0 15 0.00 M M 1.9 10 260 M M 0 13 18 250
15 90 64 77 -1 0 12 0.00 M M 5.5 21 320 M M 0 1 28 320
16 87 60 74 -4 0 9 0.00 M M 4.3 12 10 M M 1 18 350
17 89 58 74 -4 0 9 0.00 M M 1.6 8 110 M M 0 12 90
18 90 63 77 -1 0 12 0.00 M M 2.5 8 210 M M 2 1 14 230
19 75 68 72 -6 0 7 2.57 M M 4.9 15 100 M M 7 123 24 90
20 85 70 78 0 0 13 0.29 M M 6.1 15 290 M M 7 18 25 270
21 85 72 79 0 0 14 0.25 M M 4.2 15 250 M M 7 13 27 260
22 81 63 72 -7 0 7 0.35 M M 4.8 16 320 M M 7 1 21 320
23 86 57 72 -7 0 7 0.00 M M 1.6 8 40 M M 1 1 13 130
24 83 67 75 -4 0 10 0.00 M M 5.9 15 140 M M 6 21 110
25 84 64 74 -5 0 9 0.00 M M 3.5 12 120 M M 2 1 19 120
26 86 63 75 -4 0 10 1.09 M M 2.7 15 260 M M 3 128 21 270
27 88 69 79 0 0 14 0.00 M M 4.8 14 130 M M 4 1 22 110
28 89 68 79 -1 0 14 0.00 M M 2.4 13 130 M M 2 17 90
29 86 71 79 -1 0 14 0.93 M M 3.3 16 90 M M 6 1 27 90
30 89 68 79 -1 0 14 0.00 M M 3.3 15 140 M M 2 25 130
================================================================================
SM 2584 1975 0 339 8.32 0.0 99.0 M 105
================================================================================
AV 86.1 65.8 3.3 FASTST M M 4 MAX(MPH)
MISC ----> # 24 290 41 290
================================================================================
NOTES:
# LAST OF SEVERAL OCCURRENCES
COLUMN 17 PEAK WIND IN M.P.H.
PRELIMINARY LOCAL CLIMATOLOGICAL DATA (WS FORM: F-6) , PAGE 2
STATION: PEACHTREE CITY
MONTH: JUNE
YEAR: 2021
LATITUDE: 33 20 N
LONGITUDE: 84 34 W
[TEMPERATURE DATA] [PRECIPITATION DATA] SYMBOLS USED IN COLUMN 16
AVERAGE MONTHLY: 76.0 TOTAL FOR MONTH: 8.32 1 = FOG OR MIST
DPTR FM NORMAL: -1.5 DPTR FM NORMAL: 3.87 2 = FOG REDUCING VISIBILITY
HIGHEST: 92 ON 14 GRTST 24HR 2.78 ON 19-20 TO 1/4 MILE OR LESS
LOWEST: 54 ON 1 3 = THUNDER
SNOW, ICE PELLETS, HAIL 4 = ICE PELLETS
TOTAL MONTH: 0.0 INCH 5 = HAIL
GRTST 24HR 0.0 6 = FREEZING RAIN OR DRIZZLE
GRTST DEPTH: M ON M 7 = DUSTSTORM OR SANDSTORM:
VSBY 1/2 MILE OR LESS
8 = SMOKE OR HAZE
[NO. OF DAYS WITH] [WEATHER - DAYS WITH] 9 = BLOWING SNOW
X = TORNADO
MAX 32 OR BELOW: 0 0.01 INCH OR MORE: 13
MAX 90 OR ABOVE: 3 0.10 INCH OR MORE: 12
MIN 32 OR BELOW: 0 0.50 INCH OR MORE: 5
MIN 0 OR BELOW: 0 1.00 INCH OR MORE: 2
[HDD (BASE 65) ]
TOTAL THIS MO. 0 CLEAR (SCALE 0-3) 17
DPTR FM NORMAL -1 PTCLDY (SCALE 4-7) 13
TOTAL FM JUL 1 2489 CLOUDY (SCALE 8-10) 0
DPTR FM NORMAL -97
[CDD (BASE 65) ]
TOTAL THIS MO. 339
DPTR FM NORMAL -38 [PRESSURE DATA]
TOTAL FM JAN 1 513 HIGHEST SLP 30.28 ON 1
DPTR FM NORMAL -124 LOWEST SLP 29.76 ON 12
[REMARKS]
#FINAL-06-21#