000
CXUS53 KMKX 010810
CF6FLD
PRELIMINARY LOCAL CLIMATOLOGICAL DATA (WS FORM: F-6)
STATION: FOND_DU_LAC WI
MONTH: AUGUST
YEAR: 2022
LATITUDE: 43 46 N
LONGITUDE: 88 29 W
TEMPERATURE IN F: :PCPN: SNOW: WIND :SUNSHINE: SKY :PK WND
================================================================================
1 2 3 4 5 6A 6B 7 8 9 10 11 12 13 14 15 16 17 18
12Z AVG MX 2MIN
DY MAX MIN AVG DEP HDD CDD WTR SNW DPTH SPD SPD DIR MIN PSBL S-S WX SPD DR
================================================================================
1 84 63 74 3 0 9 T M M 11.2 22 290 M M 4 29 290
2 89 59 74 3 0 9 0.00 M M 10.0 20 160 M M 0 1 28 170
3 83 72 78 7 0 13 0.11 M M 8.9 22 210 M M 3 3 31 210
4 83 59 71 0 0 6 0.00 M M 7.2 16 20 M M 0 20 20
5 87 55 71 0 0 6 0.00 M M 4.9 14 150 M M 1 8 18 180
6 92 71 82 11 0 17 0.02 M M 8.2 23 250 M M 1 138 39 230
7 80 70 75 4 0 10 0.83 M M 6.0 15 220 M M 10 13 24 230
8 77 59 68 -2 0 3 0.49 M M 8.2 16 340 M M 8 138 23 330
9 80 55 68 -2 0 3 0.00 M M 2.7 9 300 M M 2 12 13 220
10 85 59 72 2 0 7 0.00 M M 7.2 20 30 M M 1 26 30
11 79 54 67 -3 0 2 0.00 M M 6.6 14 20 M M 0 20 20
12 74 52 63 -7 2 0 0.00 M M 3.8 13 240 M M 2 17 240
13 74 64 69 -1 0 4 T M M 9.3 18 180 M M 9 8 28 190
14 75 64 70 0 0 5 T M M 8.2 15 40 M M 10 18 18 30
15 78 57 68 -2 0 3 0.00 M M 5.9 14 20 M M 6 1 18 30
16 80 55 68 -2 0 3 0.00 M M 4.4 10 30 M M 0 1 M M
17 82 54 68 -1 0 3 0.00 M M 3.6 10 20 M M 0 14 30
18 83 57 70 1 0 5 0.00 M M 6.0 14 210 M M 1 20 240
19 80 64 72 3 0 7 0.01 M M 8.0 16 160 M M 4 22 190
20 77 63 70 1 0 5 0.25 M M 4.1 17 190 M M 8 1 25 180
21 75 59 67 -2 0 2 0.00 M M 5.3 15 20 M M 7 128 20 30
22 82 53 68 -1 0 3 0.00 M M 1.9 10 30 M M 2 12 14 40
23 85 56 71 3 0 6 0.00 M M 3.1 10 280 M M 0 18 15 250
24 84 61 73 5 0 8 0.01 M M 6.0 15 190 M M 1 22 190
25 78 67 73 5 0 8 0.98 M M 8.4 18 10 M M 9 1 23 180
26 77 59 68 0 0 3 0.00 M M 5.4 15 10 M M 2 19 20
27 76 55 66 -2 0 1 0.20 M M 5.6 15 190 M M 2 1 19 200
28 82 63 73 5 0 8 0.25 M M 8.1 22 170 M M 5 13 30 160
29 84 63 74 7 0 9 0.00 M M 10.3 18 240 M M 4 30 230
30 78 62 70 3 0 5 0.00 M M 11.0 24 290 M M 2 32 290
31 85 58 72 5 0 7 0.00 M M 7.7 18 300 M M 1 26 290
================================================================================
SM 2508 1862 2 180 3.15 M 207.2 M 105
================================================================================
AV 80.9 60.1 6.7 FASTST M M 3 MAX(MPH)
MISC ----> 24 290 39 230
================================================================================
NOTES:
# LAST OF SEVERAL OCCURRENCES
COLUMN 17 PEAK WIND IN M.P.H.
PRELIMINARY LOCAL CLIMATOLOGICAL DATA (WS FORM: F-6) , PAGE 2
STATION: FOND_DU_LAC WI
MONTH: AUGUST
YEAR: 2022
LATITUDE: 43 46 N
LONGITUDE: 88 29 W
[TEMPERATURE DATA] [PRECIPITATION DATA] SYMBOLS USED IN COLUMN 16
AVERAGE MONTHLY: 70.5 TOTAL FOR MONTH: 3.15 1 = FOG OR MIST
DPTR FM NORMAL: 1.1 DPTR FM NORMAL: -0.30 2 = FOG REDUCING VISIBILITY
HIGHEST: 92 ON 6 GRTST 24HR 0.99 ON 24-25 TO 1/4 MILE OR LESS
LOWEST: 52 ON 12 3 = THUNDER
SNOW, ICE PELLETS, HAIL 4 = ICE PELLETS
TOTAL MONTH: M 5 = HAIL
GRTST 24HR M ON M 6 = FREEZING RAIN OR DRIZZLE
GRTST DEPTH: M ON M 7 = DUSTSTORM OR SANDSTORM:
VSBY 1/2 MILE OR LESS
8 = SMOKE OR HAZE
[NO. OF DAYS WITH] [WEATHER - DAYS WITH] 9 = BLOWING SNOW
X = TORNADO
MAX 32 OR BELOW: 0 0.01 INCH OR MORE: 10
MAX 90 OR ABOVE: 1 0.10 INCH OR MORE: 7
MIN 32 OR BELOW: 0 0.50 INCH OR MORE: 2
MIN 0 OR BELOW: 0 1.00 INCH OR MORE: 0
[HDD (BASE 65) ]
TOTAL THIS MO. 2 CLEAR (SCALE 0-3) 19
DPTR FM NORMAL -18 PTCLDY (SCALE 4-7) 6
TOTAL FM JUL 1 2 CLOUDY (SCALE 8-10) 6
DPTR FM NORMAL -27
[CDD (BASE 65) ]
TOTAL THIS MO. 180
DPTR FM NORMAL 25 [PRESSURE DATA]
TOTAL FM JAN 1 665 HIGHEST SLP M ON M
DPTR FM NORMAL 145 LOWEST SLP 29.68 ON 3
[REMARKS]
#FINAL-08-22#