000
CXUS53 KMKX 010910
CF6FLD
PRELIMINARY LOCAL CLIMATOLOGICAL DATA (WS FORM: F-6)
STATION: FOND_DU_LAC WI
MONTH: JANUARY
YEAR: 2022
LATITUDE: 43 46 N
LONGITUDE: 88 29 W
TEMPERATURE IN F: :PCPN: SNOW: WIND :SUNSHINE: SKY :PK WND
================================================================================
1 2 3 4 5 6A 6B 7 8 9 10 11 12 13 14 15 16 17 18
12Z AVG MX 2MIN
DY MAX MIN AVG DEP HDD CDD WTR SNW DPTH SPD SPD DIR MIN PSBL S-S WX SPD DR
================================================================================
1 28 14 21 0 44 0 T M M 15.9 23 20 M M 10 29 20
2 19 3 11 -9 54 0 0.00 M M 7.2 20 360 M M 4 25 10
3 20 -2 9 -11 56 0 0.00 M M 9.7 20 210 M M 0 29 220
4 33 16 25 5 40 0 T M M 13.1 22 160 M M 1 27 170
5 31 14 23 3 42 0 0.03 M M 12.7 21 240 M M 10 18 35 240
6 17 3 10 -10 55 0 T M M 11.6 18 290 M M 9 8 26 290
7 12 1 7 -13 58 0 0.00 M M 5.6 15 180 M M 6 21 180
8 27 12 20 1 45 0 0.00 M M 14.6 24 190 M M 7 1 33 190
9 28 3 16 -3 49 0 0.00 M M 14.1 29 290 M M 2 39 290
10 4 -7 -1 -20 66 0 0.00 M M 8.7 20 290 M M 0 25 290
11 33 -8 13 -6 52 0 0.00 M M 11.3 25 190 M M 1 38 220
12 37 23 30 11 35 0 0.00 M M 3.5 10 30 M M 4 17 270
13 35 20 28 9 37 0 T M M 5.1 23 30 M M 9 168 30 40
14 25 11 18 -1 47 0 T M M 18.0 24 20 M M 9 1 31 40
15 17 2 10 -9 55 0 T M M 10.7 22 20 M M 7 8 29 10
16 22 -2 10 -8 55 0 0.00 M M 6.5 16 190 M M 4 22 190
17 28 21 25 7 40 0 0.00 M M 10.2 17 280 M M 9 24 320
18 37 24 31 13 34 0 0.00 M M 12.5 28 180 M M 8 37 190
19 36 4 20 2 45 0 0.00 M M 16.0 29 310 M M 2 38 300
20 9 -6 2 -16 63 0 0.00 M M 5.4 13 300 M M 0 16 300
21 20 -10 5 -13 60 0 0.00 M M 8.8 23 200 M M 0 32 210
22 26 13 20 2 45 0 0.01 M M 12.8 24 270 M M 8 36 190
23 13 1 7 -11 58 0 0.01 M M 8.0 21 10 M M 4 27 10
24 17 3 10 -8 55 0 0.04 M M 8.7 17 310 M M 8 1 23 300
25 6 -9 -1 -19 66 0 0.00 M M 8.7 15 270 M M 0 21 250
26 13 -21 -4 -22 69 0 0.00 M M 11.8 25 200 M M 0 35 210
27 31 9 20 2 45 0 T M M 12.9 24 200 M M 7 33 210
28 16 -7 5 -13 60 0 0.00 M M 5.2 10 320 M M 3 13 330
29 22 7 15 -3 50 0 T M M 7.1 16 180 M M 8 22 210
30 26 3 15 -4 50 0 0.00 M M 4.1 15 10 M M 4 17 20
31 33 1 17 -2 48 0 0.00 M M 11.0 23 170 M M 2 29 180
================================================================================
SM 721 136 1578 0 0.09 M 311.5 M 146
================================================================================
AV 23.3 4.4 10.0 FASTST M M 5 MAX(MPH)
MISC ----> # 29 290 39 290
================================================================================
NOTES:
# LAST OF SEVERAL OCCURRENCES
COLUMN 17 PEAK WIND IN M.P.H.
PRELIMINARY LOCAL CLIMATOLOGICAL DATA (WS FORM: F-6) , PAGE 2
STATION: FOND_DU_LAC WI
MONTH: JANUARY
YEAR: 2022
LATITUDE: 43 46 N
LONGITUDE: 88 29 W
[TEMPERATURE DATA] [PRECIPITATION DATA] SYMBOLS USED IN COLUMN 16
AVERAGE MONTHLY: 13.8 TOTAL FOR MONTH: 0.09 1 = FOG OR MIST
DPTR FM NORMAL: -5.1 DPTR FM NORMAL: -0.64 2 = FOG REDUCING VISIBILITY
HIGHEST: 37 ON 18,12 GRTST 24HR 0.14 ON 23-24 TO 1/4 MILE OR LESS
LOWEST: -21 ON 26 3 = THUNDER
SNOW, ICE PELLETS, HAIL 4 = ICE PELLETS
TOTAL MONTH: M 5 = HAIL
GRTST 24HR M ON M 6 = FREEZING RAIN OR DRIZZLE
GRTST DEPTH: M ON M 7 = DUSTSTORM OR SANDSTORM:
VSBY 1/2 MILE OR LESS
8 = SMOKE OR HAZE
[NO. OF DAYS WITH] [WEATHER - DAYS WITH] 9 = BLOWING SNOW
X = TORNADO
MAX 32 OR BELOW: 24 0.01 INCH OR MORE: 4
MAX 90 OR ABOVE: 0 0.10 INCH OR MORE: 0
MIN 32 OR BELOW: 31 0.50 INCH OR MORE: 0
MIN 0 OR BELOW: 9 1.00 INCH OR MORE: 0
[HDD (BASE 65) ]
TOTAL THIS MO. 1578 CLEAR (SCALE 0-3) 12
DPTR FM NORMAL 149 PTCLDY (SCALE 4-7) 12
TOTAL FM JUL 1 3644 CLOUDY (SCALE 8-10) 7
DPTR FM NORMAL -535
[CDD (BASE 65) ]
TOTAL THIS MO. 0
DPTR FM NORMAL 0 [PRESSURE DATA]
TOTAL FM JAN 1 0 HIGHEST SLP 30.68 ON 20
DPTR FM NORMAL 0 LOWEST SLP 29.39 ON 5
[REMARKS]
#FINAL-01-22#