000
CXUS56 KFGZ 010910
CF6FLG
PRELIMINARY LOCAL CLIMATOLOGICAL DATA (WS FORM: F-6)
STATION: FLAGSTAFF AZ AIRPORT
MONTH: SEPTEMBER
YEAR: 2022
LATITUDE: 35 7 N
LONGITUDE: 111 40 W
TEMPERATURE IN F: :PCPN: SNOW: WIND :SUNSHINE: SKY :PK WND
================================================================================
1 2 3 4 5 6A 6B 7 8 9 10 11 12 13 14 15 16 17 18
12Z AVG MX 2MIN
DY MAX MIN AVG DEP HDD CDD WTR SNW DPTH SPD SPD DIR MIN PSBL S-S WX SPD DR
================================================================================
1 87 51 69 7 0 4 0.00 0.0 0 4.3 18 60 M M 1 24 40
2 88 50 69 7 0 4 0.00 0.0 0 3.9 17 90 M M 0 24 90
3 86 51 69 7 0 4 0.00 0.0 0 2.8 16 70 M M 0 24 60
4 84 51 68 6 0 3 0.00 0.0 0 3.4 17 50 M M 1 24 60
5 88 49 69 7 0 4 0.00 0.0 0 3.1 16 60 M M 0 23 60
6 89 50 70 9 0 5 0.00 0.0 0 3.7 17 70 M M 1 23 60
7 87 51 69 8 0 4 0.00 0.0 0 3.1 17 80 M M 0 8 23 90
8 87 56 72 11 0 7 T 0.0 0 2.5 15 220 M M 1 8 18 200
9 73 52 63 2 2 0 0.00 0.0 0 5.7 15 210 M M 0 19 210
10 72 52 62 2 3 0 0.18 0.0 0 4.1 17 60 M M 6 13 23 60
11 77 47 62 2 3 0 T 0.0 0 2.7 13 90 M M 2 3 18 100
12 76 53 65 5 0 0 0.02 0.0 0 4.4 15 150 M M 5 3 23 160
13 66 48 57 -2 8 0 0.27 0.0 0 4.1 16 230 M M 6 13 20 230
14 68 45 57 -2 8 0 0.06 0.0 0 6.6 24 220 M M 5 13 31 220
15 72 40 56 -3 9 0 0.00 0.0 0 3.5 16 230 M M 2 22 230
16 72 45 59 1 6 0 0.00 0.0 0 4.9 18 210 M M 1 23 220
17 73 42 58 0 7 0 0.00 0.0 0 8.5 25 230 M M 0 31 210
18 75 38 57 -1 8 0 0.00 M M 6.9 25 220 M M 0 35 210
19 78 42 60 3 5 0 0.00 0.0 0 5.0 21 220 M M 1 25 210
20 70 51 61 4 4 0 0.14 0.0 0 3.5 20 220 M M 5 13 23 230
21 61 57 59 2 6 0 0.67 0.0 0 5.2 13 210 M M 10 13 16 220
22 70 53 62 6 3 0 0.01 0.0 0 6.3 17 210 M M 7 13 22 210
23 74 47 61 5 4 0 T 0.0 0 2.1 16 230 M M 2 1 22 210
24 77 42 60 4 5 0 0.00 0.0 0 2.6 14 330 M M 0 23 330
25 74 38 56 1 9 0 0.00 0.0 0 3.6 15 40 M M 0 21 40
26 75 39 57 2 8 0 0.00 0.0 0 2.1 13 210 M M 4 16 70
27 76 43 60 6 5 0 T M M 2.2 13 100 M M 3 21 80
28 73 43 58 4 7 0 0.00 0.0 0 1.8 13 220 M M 3 20 210
29 75 42 59 5 6 0 0.00 0.0 0 2.1 12 90 M M 0 17 80
30 73 41 57 4 8 0 0.00 0.0 0 3.3 18 210 M M 0 23 220
================================================================================
SM 2296 1409 124 35 1.35 0.0 118.0 M 66
================================================================================
AV 76.5 47.0 3.9 FASTST M M 2 MAX(MPH)
MISC ----> # 25 230 35 210
================================================================================
NOTES:
# LAST OF SEVERAL OCCURRENCES
COLUMN 17 PEAK WIND IN M.P.H.
PRELIMINARY LOCAL CLIMATOLOGICAL DATA (WS FORM: F-6) , PAGE 2
STATION: FLAGSTAFF AZ AIRPORT
MONTH: SEPTEMBER
YEAR: 2022
LATITUDE: 35 7 N
LONGITUDE: 111 40 W
[TEMPERATURE DATA] [PRECIPITATION DATA] SYMBOLS USED IN COLUMN 16
AVERAGE MONTHLY: 61.8 TOTAL FOR MONTH: 1.35 1 = FOG OR MIST
DPTR FM NORMAL: 3.5 DPTR FM NORMAL: -0.49 2 = FOG REDUCING VISIBILITY
HIGHEST: 89 ON 6 GRTST 24HR 0.79 ON 20-21 TO 1/4 MILE OR LESS
LOWEST: 38 ON 25,18 3 = THUNDER
SNOW, ICE PELLETS, HAIL 4 = ICE PELLETS
TOTAL MONTH: 0.0 INCH 5 = HAIL
GRTST 24HR 0.0 6 = FREEZING RAIN OR DRIZZLE
GRTST DEPTH: 0 7 = DUSTSTORM OR SANDSTORM:
VSBY 1/2 MILE OR LESS
8 = SMOKE OR HAZE
[NO. OF DAYS WITH] [WEATHER - DAYS WITH] 9 = BLOWING SNOW
X = TORNADO
MAX 32 OR BELOW: 0 0.01 INCH OR MORE: 7
MAX 90 OR ABOVE: 0 0.10 INCH OR MORE: 4
MIN 32 OR BELOW: 0 0.50 INCH OR MORE: 1
MIN 0 OR BELOW: 0 1.00 INCH OR MORE: 0
[HDD (BASE 65) ]
TOTAL THIS MO. 124 CLEAR (SCALE 0-3) 22
DPTR FM NORMAL -80 PTCLDY (SCALE 4-7) 7
TOTAL FM JUL 1 145 CLOUDY (SCALE 8-10) 1
DPTR FM NORMAL -127
[CDD (BASE 65) ]
TOTAL THIS MO. 35
DPTR FM NORMAL 31 [PRESSURE DATA]
TOTAL FM JAN 1 219 HIGHEST SLP M ON M
DPTR FM NORMAL 73 LOWEST SLP 29.76 ON 8
[REMARKS]
#FINAL-09-22#