000
CXUS56 KFGZ 010910
CF6FLG
PRELIMINARY LOCAL CLIMATOLOGICAL DATA (WS FORM: F-6)
STATION: FLAGSTAFF AZ AIRPORT
MONTH: FEBRUARY
YEAR: 2021
LATITUDE: 35 7 N
LONGITUDE: 111 40 W
TEMPERATURE IN F: :PCPN: SNOW: WIND :SUNSHINE: SKY :PK WND
================================================================================
1 2 3 4 5 6A 6B 7 8 9 10 11 12 13 14 15 16 17 18
12Z AVG MX 2MIN
DY MAX MIN AVG DEP HDD CDD WTR SNW DPTH SPD SPD DIR MIN PSBL S-S WX SPD DR
================================================================================
1 46 16 31 0 34 0 T 0.0 18 2.5 13 210 M M 6 16 210
2 52 32 42 11 23 0 0.02 0.0 15 5.3 20 240 M M 9 1 27 250
3 49 28 39 8 26 0 0.00 0.0 11 10.7 29 230 M M 5 1 36 220
4 45 17 31 0 34 0 0.00 0.0 8 3.5 14 210 M M 0 19 220
5 48 11 30 -1 35 0 0.00 0.0 7 3.8 17 260 M M 0 26 270
6 53 13 33 2 32 0 0.00 0.0 6 3.5 12 270 M M 0 18 250
7 53 19 36 5 29 0 0.00 0.0 5 3.5 13 250 M M 0 17 250
8 48 19 34 3 31 0 0.00 0.0 5 5.8 23 230 M M 0 28 240
9 46 18 32 1 33 0 0.00 0.0 4 5.6 21 210 M M 1 25 210
10 47 24 36 5 29 0 0.00 0.0 3 3.0 13 220 M M 7 19 270
11 51 21 36 5 29 0 0.00 0.0 2 5.6 16 220 M M 0 19 220
12 44 25 35 3 30 0 0.00 0.0 T 7.2 25 230 M M 3 31 230
13 37 21 29 -3 36 0 0.55 4.9 5 9.8 33 220 M M 6 12 43 220
14 37 21 29 -3 36 0 T T 5 6.9 15 200 M M 4 1 20 240
15 39 18 29 -3 36 0 T T 2 10.6 24 220 M M 4 28 220
16 39 25 32 0 33 0 0.16 1.4 4 8.1 18 240 M M 6 12 25 300
17 34 15 25 -7 40 0 0.00 0.0 3 5.9 17 310 M M 3 29 320
18 38 15 27 -5 38 0 0.00 0.0 3 7.3 21 50 M M 0 27 40
19 53 14 34 2 31 0 0.00 0.0 2 6.6 18 220 M M 0 21 200
20 47 19 33 0 32 0 T T 1 11.2 36 210 M M 2 47 210
21 45 14 30 -3 35 0 0.00 0.0 T 5.1 20 30 M M 0 27 40
22 52 13 33 0 32 0 0.00 0.0 T 3.2 13 60 M M 0 17 50
23 55 20 38 5 27 0 0.00 0.0 0 5.5 23 220 M M 0 27 210
24 51 23 37 4 28 0 0.00 0.0 0 8.7 25 230 M M 1 33 230
25 42 19 31 -3 34 0 0.00 0.0 0 6.5 23 60 M M 0 31 60
26 53 18 36 2 29 0 0.00 M 0 6.5 21 210 M M 0 27 220
27 45 17 31 -3 34 0 0.00 0.0 0 7.0 22 240 M M 0 31 230
28 32 10 21 -13 44 0 0.00 0.0 0 14.8 30 60 M M 1 40 60
================================================================================
SM 1281 525 910 0 0.73 6.3 183.7 M 58
================================================================================
AV 45.8 18.8 6.6 FASTST M M 2 MAX(MPH)
MISC ----> 36 210 47 210
================================================================================
NOTES:
# LAST OF SEVERAL OCCURRENCES
COLUMN 17 PEAK WIND IN M.P.H.
PRELIMINARY LOCAL CLIMATOLOGICAL DATA (WS FORM: F-6) , PAGE 2
STATION: FLAGSTAFF AZ AIRPORT
MONTH: FEBRUARY
YEAR: 2021
LATITUDE: 35 7 N
LONGITUDE: 111 40 W
[TEMPERATURE DATA] [PRECIPITATION DATA] SYMBOLS USED IN COLUMN 16
AVERAGE MONTHLY: 32.3 TOTAL FOR MONTH: 0.73 1 = FOG OR MIST
DPTR FM NORMAL: 0.2 DPTR FM NORMAL: -1.43 2 = FOG REDUCING VISIBILITY
HIGHEST: 55 ON 23 GRTST 24HR 0.55 ON 13-13 TO 1/4 MILE OR LESS
LOWEST: 10 ON 28 3 = THUNDER
SNOW, ICE PELLETS, HAIL 4 = ICE PELLETS
TOTAL MONTH: 6.3 INCHES 5 = HAIL
GRTST 24HR 4.9 ON 13-13 6 = FREEZING RAIN OR DRIZZLE
GRTST DEPTH: 19 ON M 7 = DUSTSTORM OR SANDSTORM:
VSBY 1/2 MILE OR LESS
8 = SMOKE OR HAZE
[NO. OF DAYS WITH] [WEATHER - DAYS WITH] 9 = BLOWING SNOW
X = TORNADO
MAX 32 OR BELOW: 1 0.01 INCH OR MORE: 3
MAX 90 OR ABOVE: 0 0.10 INCH OR MORE: 2
MIN 32 OR BELOW: 28 0.50 INCH OR MORE: 1
MIN 0 OR BELOW: 0 1.00 INCH OR MORE: 0
[HDD (BASE 65) ]
TOTAL THIS MO. 910 CLEAR (SCALE 0-3) 19
DPTR FM NORMAL -13 PTCLDY (SCALE 4-7) 8
TOTAL FM JUL 1 4430 CLOUDY (SCALE 8-10) 1
DPTR FM NORMAL -407
[CDD (BASE 65) ]
TOTAL THIS MO. 0
DPTR FM NORMAL 0 [PRESSURE DATA]
TOTAL FM JAN 1 0 HIGHEST SLP M ON M
DPTR FM NORMAL 0 LOWEST SLP 29.49 ON 13
[REMARKS]
#FINAL-02-21#