000
CXUS52 KMFL 011342
CF6FLL
PRELIMINARY LOCAL CLIMATOLOGICAL DATA (WS FORM: F-6)
STATION: FORT LAUDERDALE
MONTH: NOVEMBER
YEAR: 2020
LATITUDE: 26 4 N
LONGITUDE: 80 9 W
TEMPERATURE IN F: :PCPN: SNOW: WIND :SUNSHINE: SKY :PK WND
================================================================================
1 2 3 4 5 6A 6B 7 8 9 10 11 12 13 14 15 16 17 18
12Z AVG MX 2MIN
DY MAX MIN AVG DEP HDD CDD WTR SNW DPTH SPD SPD DIR MIN PSBL S-S WX SPD DR
================================================================================
1 87 77 82 4 0 17 0.05 0.0 0 9.3 17 110 M M 4 1 21 90
2 80 74 77 -1 0 12 0.00 0.0 0 13.9 26 40 M M 7 38 30
3 81 73 77 -1 0 12 0.00 0.0 0 18.0 25 50 M M 7 34 60
4 82 75 79 2 0 14 T 0.0 0 19.3 26 80 M M 8 35 90
5 84 76 80 3 0 15 0.66 0.0 0 17.5 32 120 M M 8 13 40 110
6 84 76 80 3 0 15 0.19 0.0 0 15.5 26 110 M M 8 18 34 120
7 83 73 78 1 0 13 1.88 0.0 0 19.5 38 90 M M 8 13 49 100
8 79 73 76 -1 0 11 5.93 0.0 0 23.6 40 90 M M 10 1 52 90
9 84 76 80 4 0 15 0.07 0.0 0 24.9 37 110 M M 8 1 45 110
10 86 79 83 7 0 18 T 0.0 0 18.1 28 140 M M 8 37 140
11 85 75 80 4 0 15 0.14 0.0 0 16.2 26 140 M M 9 13 34 140
12 83 76 80 4 0 15 0.88 0.0 0 7.0 18 170 M M 7 1 24 170
13 85 75 80 4 0 15 0.00 0.0 0 4.1 12 70 M M 4 1 15 70
14 84 76 80 4 0 15 0.39 0.0 0 6.7 16 110 M M 6 1 19 100
15 85 76 81 5 0 16 0.03 0.0 0 7.5 14 140 M M 3 19 140
16 85 74 80 5 0 15 0.00 0.0 0 5.6 14 80 M M 3 17 80
17 84 74 79 4 0 14 T 0.0 0 10.8 21 30 M M 7 30 30
18 81 74 78 3 0 13 0.00 0.0 0 17.7 26 60 M M 5 36 60
19 80 73 77 2 0 12 T 0.0 0 18.1 25 80 M M 7 35 60
20 81 70 76 1 0 11 0.05 0.0 0 16.8 25 70 M M 7 1 34 70
21 83 75 79 4 0 14 0.00 0.0 0 13.1 20 50 M M 5 26 80
22 81 72 77 2 0 12 0.84 0.0 0 7.3 20 100 M M 5 1 24 100
23 83 69 76 2 0 11 0.00 0.0 0 7.9 15 340 M M 2 20 360
24 81 66 74 0 0 9 0.00 0.0 0 10.9 16 80 M M 6 23 80
25 81 76 79 5 0 14 0.00 0.0 0 16.3 21 110 M M 7 27 90
26 84 75 80 6 0 15 0.00 0.0 0 10.8 16 130 M M 3 M M
27 82 70 76 2 0 11 T M 0 7.1 12 80 M M 6 M M
28 81 70 76 2 0 11 0.00 0.0 0 3.4 7 150 M M 5 7 150
29 82 68 75 1 0 10 0.00 0.0 0 5.2 12 130 M M 4 12 130
30 84 68 76 3 0 11 T 0.0 0 9.4 20 230 M M 5 1 25 230
================================================================================
SM 2485 2204 0 401 11.11 0.0 381.5 M 182
================================================================================
AV 82.8 73.5 12.7 FASTST M M 6 MAX(MPH)
MISC ----> # 40 90 # 52 90
================================================================================
NOTES:
# LAST OF SEVERAL OCCURRENCES
COLUMN 17 PEAK WIND IN M.P.H.
PRELIMINARY LOCAL CLIMATOLOGICAL DATA (WS FORM: F-6) , PAGE 2
STATION: FORT LAUDERDALE
MONTH: NOVEMBER
YEAR: 2020
LATITUDE: 26 4 N
LONGITUDE: 80 9 W
[TEMPERATURE DATA] [PRECIPITATION DATA] SYMBOLS USED IN COLUMN 16
AVERAGE MONTHLY: 78.2 TOTAL FOR MONTH: 11.11 1 = FOG OR MIST
DPTR FM NORMAL: 2.7 DPTR FM NORMAL: 7.87 2 = FOG REDUCING VISIBILITY
HIGHEST: 87 ON 1 GRTST 24HR 5.93 ON 8- 8 TO 1/4 MILE OR LESS
LOWEST: 66 ON 24 3 = THUNDER
SNOW, ICE PELLETS, HAIL 4 = ICE PELLETS
TOTAL MONTH: 0.0 INCH 5 = HAIL
GRTST 24HR 0.0 6 = FREEZING RAIN OR DRIZZLE
GRTST DEPTH: 0 7 = DUSTSTORM OR SANDSTORM:
VSBY 1/2 MILE OR LESS
8 = SMOKE OR HAZE
[NO. OF DAYS WITH] [WEATHER - DAYS WITH] 9 = BLOWING SNOW
X = TORNADO
MAX 32 OR BELOW: 0 0.01 INCH OR MORE: 12
MAX 90 OR ABOVE: 0 0.10 INCH OR MORE: 8
MIN 32 OR BELOW: 0 0.50 INCH OR MORE: 5
MIN 0 OR BELOW: 0 1.00 INCH OR MORE: 2
[HDD (BASE 65) ]
TOTAL THIS MO. 0 CLEAR (SCALE 0-3) 3
DPTR FM NORMAL -2 PTCLDY (SCALE 4-7) 23
TOTAL FM JUL 1 0 CLOUDY (SCALE 8-10) 4
DPTR FM NORMAL -2
[CDD (BASE 65) ]
TOTAL THIS MO. 401
DPTR FM NORMAL 82 [PRESSURE DATA]
TOTAL FM JAN 1 5009 HIGHEST SLP 30.28 ON 19
DPTR FM NORMAL 496 LOWEST SLP 29.63 ON 9
[REMARKS]
#FINAL-11-20#