000
CXUS54 KLZK 011230
CF6FLP
PRELIMINARY LOCAL CLIMATOLOGICAL DATA (WS FORM: F-6)
STATION: FLIPPIN
MONTH: MARCH
YEAR: 2024
LATITUDE: 36 17 N
LONGITUDE: 92 28 W
TEMPERATURE IN F: :PCPN: SNOW: WIND :SUNSHINE: SKY :PK WND
================================================================================
1 2 3 4 5 6A 6B 7 8 9 10 11 12 13 14 15 16 17 18
12Z AVG MX 2MIN
DY MAX MIN AVG DEP HDD CDD WTR SNW DPTH SPD SPD DIR MIN PSBL S-S WX SPD DR
================================================================================
1 54 36 45 M 20 0 0.01 M M 2.4 7 170 M M 7 M M
2 71 31 51 M 14 0 0.00 M M 4.0 13 150 M M 0 1 18 170
3 78 54 66 M 0 1 0.00 M M 8.5 14 160 M M 0 22 180
4 78 60 69 M 0 4 0.00 M M 8.2 15 210 M M 4 24 180
5 77 50 64 M 1 0 T M M 7.8 13 350 M M 3 20 200
6 64 49 57 M 8 0 0.00 M M 3.4 7 340 M M 8 M M
7 57 49 53 M 12 0 0.31 M M 4.2 8 90 M M 7 1 M M
8 64 48 56 M 9 0 0.31 M M 4.0 13 350 M M 9 12 18 350
9 55 38 47 M 18 0 0.37 M M 9.0 14 350 M M 5 1 22 310
10 62 29 46 M 19 0 0.00 M M 1.9 7 40 M M 0 M M
11 70 29 50 M 15 0 0.00 M M 4.1 13 210 M M 0 20 220
12 75 42 59 M 6 0 0.00 M M 4.9 14 220 M M 0 20 220
13 81 48 65 M 0 0 0.00 M M 5.6 17 220 M M 0 25 190
14 82 66 74 M 0 9 0.00 M M 9.6 16 300 M M 3 38 31 300
15 M M M M M M 0.00 M M M M M M M M M M
16 M M M M M M 0.00 M M M M M M M M M M
17 M M M M M M 0.00 M M M M M M M M M M
18 45 29 37 M 28 0 0.00 M M 2.9 5 320 M M 0 M M
19 73 25 49 M 16 0 0.00 M M 5.7 12 240 M M 0 24 260
20 76 44 60 M 5 0 0.29 M M 2.4 8 100 M M 2 123 16 99
21 64 44 54 M 11 0 0.00 M M 4.4 9 110 M M 1 12 M M
22 68 44 56 M 9 0 0.00 M M 5.7 14 360 M M 3 25 360
23 58 39 49 M 16 0 0.00 M M 7.2 14 330 M M 5 20 330
24 67 41 54 M 11 0 T M M 7.6 15 160 M M 2 25 150
25 61 50 56 M 9 0 2.27 M M 6.0 15 160 M M 9 1 27 160
26 50 32 41 M 24 0 0.00 M M 11.5 20 270 M M 8 30 290
27 58 29 44 M 21 0 0.00 M M 2.7 10 360 M M 0 M M
28 69 29 49 M 16 0 0.00 M M 2.3 8 250 M M 0 M M
29 77 41 59 M 6 0 0.00 M M 6.7 15 220 M M 0 30 210
30 82 51 67 M 0 2 0.00 M M 4.7 13 220 M M 2 18 220
31 72 63 68 M 0 3 0.00 M M 4.9 12 190 M M 8 8 18 190
================================================================================
SM 1888 1190 294 19 3.56 M 152.3 M 86
================================================================================
AV 67.4 42.5 5.4 FASTST M M 3 MAX(MPH)
MISC ----> 20 270 31 300
================================================================================
NOTES:
# LAST OF SEVERAL OCCURRENCES
COLUMN 17 PEAK WIND IN M.P.H.
PRELIMINARY LOCAL CLIMATOLOGICAL DATA (WS FORM: F-6) , PAGE 2
STATION: FLIPPIN
MONTH: MARCH
YEAR: 2024
LATITUDE: 36 17 N
LONGITUDE: 92 28 W
[TEMPERATURE DATA] [PRECIPITATION DATA] SYMBOLS USED IN COLUMN 16
AVERAGE MONTHLY: 55.0 TOTAL FOR MONTH: 3.56 1 = FOG OR MIST
DPTR FM NORMAL: 0.0 DPTR FM NORMAL: M 2 = FOG REDUCING VISIBILITY
HIGHEST: 82 ON 30,14 GRTST 24HR 2.27 ON 24-25 TO 1/4 MILE OR LESS
LOWEST: 25 ON 19 3 = THUNDER
SNOW, ICE PELLETS, HAIL 4 = ICE PELLETS
TOTAL MONTH: M 5 = HAIL
GRTST 24HR M ON M 6 = FREEZING RAIN OR DRIZZLE
GRTST DEPTH: M ON M 7 = DUSTSTORM OR SANDSTORM:
VSBY 1/2 MILE OR LESS
8 = SMOKE OR HAZE
[NO. OF DAYS WITH] [WEATHER - DAYS WITH] 9 = BLOWING SNOW
X = TORNADO
MAX 32 OR BELOW: 0 0.01 INCH OR MORE: 6
MAX 90 OR ABOVE: 0 0.10 INCH OR MORE: 5
MIN 32 OR BELOW: 8 0.50 INCH OR MORE: 1
MIN 0 OR BELOW: 0 1.00 INCH OR MORE: 1
[HDD (BASE 65) ]
TOTAL THIS MO. 294 CLEAR (SCALE 0-3) 17
DPTR FM NORMAL M PTCLDY (SCALE 4-7) 9
TOTAL FM JUL 1 3002 CLOUDY (SCALE 8-10) 5
DPTR FM NORMAL M
[CDD (BASE 65) ]
TOTAL THIS MO. 19
DPTR FM NORMAL M [PRESSURE DATA]
TOTAL FM JAN 1 29 HIGHEST SLP 30.32 ON 18
DPTR FM NORMAL M LOWEST SLP 29.41 ON 25
[REMARKS]
#FINAL-03-24#