000
CXUS53 KOAX 010930
CF6FNB
PRELIMINARY LOCAL CLIMATOLOGICAL DATA (WS FORM: F-6)
STATION: FALLS CITY NE
MONTH: MAY
YEAR: 2023
LATITUDE: 40 4 N
LONGITUDE: 95 35 W
TEMPERATURE IN F: :PCPN: SNOW: WIND :SUNSHINE: SKY :PK WND
================================================================================
1 2 3 4 5 6A 6B 7 8 9 10 11 12 13 14 15 16 17 18
12Z AVG MX 2MIN
DY MAX MIN AVG DEP HDD CDD WTR SNW DPTH SPD SPD DIR MIN PSBL S-S WX SPD DR
================================================================================
1 64 39 52 -6 13 0 0.00 M M 14.3 28 300 M M 0 37 330
2 67 37 52 -7 13 0 0.00 M M 11.3 25 310 M M 0 33 310
3 75 36 56 -3 9 0 0.00 M M 3.6 12 260 M M 0 15 20
4 79 43 61 2 4 0 T M M 10.3 23 200 M M 2 33 180
5 73 56 65 5 0 0 0.61 M M 9.5 17 160 M M 9 13 24 180
6 90 61 76 16 0 11 0.02 M M 10.5 21 340 M M 5 18 32 340
7 91 56 74 14 0 9 0.47 M M 10.1 21 230 M M 2 123 66 250
8 82 58 70 9 0 5 T M M 4.0 28 200 M M 2 35 220
9 77 57 67 6 0 2 0.02 M M 9.0 20 140 M M 1 3 26 150
10 85 60 73 11 0 8 0.00 M M 8.4 15 150 M M 0 20 160
11 74 61 68 6 0 3 0.03 M M 10.1 23 100 M M 4 1 31 100
12 86 63 75 13 0 10 0.40 M M 12.6 28 140 M M 6 138 41 140
13 81 62 72 9 0 7 0.00 M M 7.0 16 230 M M 1 22 200
14 85 60 73 10 0 8 0.23 M M 5.4 18 10 M M 3 13 27 10
15 60 55 58 -6 7 0 0.63 M M 7.9 13 40 M M 10 1 20 50
16 74 55 65 1 0 0 0.00 M M 5.1 10 350 M M 6 14 300
17 82 52 67 3 0 2 0.00 M M 4.1 9 310 M M 0 14 10
18 83 56 70 5 0 5 0.32 M M 7.0 21 320 M M 2 13 29 300
19 67 50 59 -6 6 0 0.04 M M 9.6 22 10 M M 2 18 34 10
20 71 42 57 -9 8 0 0.00 M M 3.3 9 10 M M 0 14 20
21 77 46 62 -4 3 0 0.00 M M 5.1 13 150 M M 0 18 130
22 79 51 65 -1 0 0 0.00 M M 5.7 15 170 M M 0 22 170
23 82 57 70 3 0 5 0.00 M M 5.1 16 170 M M 3 22 140
24 86 54 70 3 0 5 0.02 M M 5.2 20 140 M M 2 3 29 140
25 83 60 72 5 0 7 0.00 M M 7.1 20 220 M M 3 13 28 220
26 82 55 69 1 0 4 0.00 M M 9.5 17 100 M M 0 24 120
27 81 49 65 -3 0 0 0.00 M M 6.9 17 150 M M 0 24 150
28 84 50 67 -1 0 2 0.00 M M 5.9 13 160 M M 2 19 140
29 87 64 76 7 0 11 0.00 M M 8.0 16 160 M M 4 22 170
30 88 61 75 6 0 10 0.01 M M 8.1 23 160 M M 2 3 32 170
31 81 62 72 2 0 7 0.03 M M 7.2 18 200 M M 2 3 26 160
================================================================================
SM 2456 1668 63 121 2.83 M 236.9 M 73
================================================================================
AV 79.2 53.8 7.6 FASTST M M 2 MAX(MPH)
MISC ----> # 28 300 66 250
================================================================================
NOTES:
# LAST OF SEVERAL OCCURRENCES
COLUMN 17 PEAK WIND IN M.P.H.
PRELIMINARY LOCAL CLIMATOLOGICAL DATA (WS FORM: F-6) , PAGE 2
STATION: FALLS CITY NE
MONTH: MAY
YEAR: 2023
LATITUDE: 40 4 N
LONGITUDE: 95 35 W
[TEMPERATURE DATA] [PRECIPITATION DATA] SYMBOLS USED IN COLUMN 16
AVERAGE MONTHLY: 66.5 TOTAL FOR MONTH: 2.83 1 = FOG OR MIST
DPTR FM NORMAL: 2.5 DPTR FM NORMAL: -1.79 2 = FOG REDUCING VISIBILITY
HIGHEST: 91 ON 7 GRTST 24HR 0.86 ON 14-15 TO 1/4 MILE OR LESS
LOWEST: 36 ON 3 3 = THUNDER
SNOW, ICE PELLETS, HAIL 4 = ICE PELLETS
TOTAL MONTH: M 5 = HAIL
GRTST 24HR M ON M 6 = FREEZING RAIN OR DRIZZLE
GRTST DEPTH: M ON M 7 = DUSTSTORM OR SANDSTORM:
VSBY 1/2 MILE OR LESS
8 = SMOKE OR HAZE
[NO. OF DAYS WITH] [WEATHER - DAYS WITH] 9 = BLOWING SNOW
X = TORNADO
MAX 32 OR BELOW: 0 0.01 INCH OR MORE: 13
MAX 90 OR ABOVE: 2 0.10 INCH OR MORE: 6
MIN 32 OR BELOW: 0 0.50 INCH OR MORE: 2
MIN 0 OR BELOW: 0 1.00 INCH OR MORE: 0
[HDD (BASE 65) ]
TOTAL THIS MO. 63 CLEAR (SCALE 0-3) 23
DPTR FM NORMAL -63 PTCLDY (SCALE 4-7) 6
TOTAL FM JUL 1 5278 CLOUDY (SCALE 8-10) 2
DPTR FM NORMAL -254
[CDD (BASE 65) ]
TOTAL THIS MO. 121
DPTR FM NORMAL 28 [PRESSURE DATA]
TOTAL FM JAN 1 140 HIGHEST SLP 30.31 ON 20
DPTR FM NORMAL 29 LOWEST SLP 29.57 ON 7
[REMARKS]
#FINAL-05-23#