000
CXUS55 KBOU 011000
CF6FNL
PRELIMINARY LOCAL CLIMATOLOGICAL DATA (WS FORM: F-6)
STATION: FT COLLINS/LOVELAND CO
MONTH: NOVEMBER
YEAR: 2020
LATITUDE: 40 27 N
LONGITUDE: 105 1 W
TEMPERATURE IN F: :PCPN: SNOW: WIND :SUNSHINE: SKY :PK WND
================================================================================
1 2 3 4 5 6A 6B 7 8 9 10 11 12 13 14 15 16 17 18
12Z AVG MX 2MIN
DY MAX MIN AVG DEP HDD CDD WTR SNW DPTH SPD SPD DIR MIN PSBL S-S WX SPD DR
================================================================================
1 65 28 47 M 18 0 0.00 M M 3.9 8 40 M M 0 M M
2 74 34 54 M 11 0 0.00 M M 3.1 8 100 M M 0 M M
3 77 32 55 M 10 0 0.00 M M 3.1 7 40 M M 0 M M
4 79 41 60 M 5 0 0.00 M M 5.8 16 330 M M 1 25 330
5 74 38 56 M 9 0 0.00 M M 3.7 9 30 M M 0 M M
6 70 34 52 M 13 0 0.00 M M 4.4 9 40 M M 0 M M
7 65 37 51 M 14 0 0.00 M M 5.0 13 150 M M 1 M M
8 60 38 49 M 16 0 T M M 11.9 22 240 M M 2 38 270
9 43 26 35 M 30 0 0.01 M M 8.9 22 20 M M 9 1 M M
10 40 24 32 M 33 0 0.03 M M 4.6 9 140 M M 6 1 M M
11 49 20 35 M 30 0 0.00 M M 6.3 10 20 M M 3 M M
12 46 22 34 M 31 0 0.00 M M 6.1 21 250 M M 0 35 170
13 63 12 38 M 27 0 0.00 M M 5.1 14 130 M M 0 30 260
14 51 25 38 M 27 0 T M M 19.4 39 300 M M 1 52 270
15 59 17 38 M 27 0 0.00 M M 7.4 14 100 M M 0 21 240
16 66 31 49 M 16 0 0.00 M M 7.7 15 100 M M 0 M M
17 68 28 48 M 17 0 0.00 M M 2.6 10 210 M M 0 M M
18 63 35 49 M 16 0 0.00 M M 4.7 9 20 M M 0 M M
19 61 32 47 M 18 0 0.00 M M 6.2 14 180 M M 0 M M
20 53 30 42 M 23 0 0.00 M M 6.9 13 190 M M 2 22 150
21 53 21 37 M 28 0 0.00 M M 5.7 9 20 M M 0 M M
22 46 22 34 M 31 0 0.00 M M 6.4 13 180 M M 0 M M
23 61 20 41 M 24 0 0.00 M M 4.2 10 70 M M 2 M M
24 45 24 35 M 30 0 0.11 M M 7.6 22 10 M M 5 1 30 10
25 51 19 35 M 30 0 0.00 M M 3.0 7 10 M M 0 1 M M
26 46 23 35 M 30 0 T M M 7.4 16 160 M M 3 M M
27 45 21 33 M 32 0 0.00 M M 3.2 7 360 M M 1 M M
28 57 22 40 M 25 0 0.00 M M 3.9 12 40 M M 0 8 M M
29 43 20 32 M 33 0 0.00 M M 7.5 22 360 M M 0 36 30
30 58 17 38 M 27 0 0.00 M M 3.6 9 140 M M 0 M M
================================================================================
SM 1731 793 681 0 0.15 M 179.3 M 36
================================================================================
AV 57.7 26.4 6.0 FASTST M M 1 MAX(MPH)
MISC ----> 39 300 52 270
================================================================================
NOTES:
# LAST OF SEVERAL OCCURRENCES
COLUMN 17 PEAK WIND IN M.P.H.
PRELIMINARY LOCAL CLIMATOLOGICAL DATA (WS FORM: F-6) , PAGE 2
STATION: FT COLLINS/LOVELAND CO
MONTH: NOVEMBER
YEAR: 2020
LATITUDE: 40 27 N
LONGITUDE: 105 1 W
[TEMPERATURE DATA] [PRECIPITATION DATA] SYMBOLS USED IN COLUMN 16
AVERAGE MONTHLY: 42.1 TOTAL FOR MONTH: 0.15 1 = FOG OR MIST
DPTR FM NORMAL: 0.0 DPTR FM NORMAL: M 2 = FOG REDUCING VISIBILITY
HIGHEST: 79 ON 4 GRTST 24HR 0.11 ON 24-24 TO 1/4 MILE OR LESS
LOWEST: 12 ON 13 3 = THUNDER
SNOW, ICE PELLETS, HAIL 4 = ICE PELLETS
TOTAL MONTH: M 5 = HAIL
GRTST 24HR M ON M 6 = FREEZING RAIN OR DRIZZLE
GRTST DEPTH: M ON M 7 = DUSTSTORM OR SANDSTORM:
VSBY 1/2 MILE OR LESS
8 = SMOKE OR HAZE
[NO. OF DAYS WITH] [WEATHER - DAYS WITH] 9 = BLOWING SNOW
X = TORNADO
MAX 32 OR BELOW: 0 0.01 INCH OR MORE: 3
MAX 90 OR ABOVE: 0 0.10 INCH OR MORE: 1
MIN 32 OR BELOW: 23 0.50 INCH OR MORE: 0
MIN 0 OR BELOW: 0 1.00 INCH OR MORE: 0
[HDD (BASE 65) ]
TOTAL THIS MO. 681 CLEAR (SCALE 0-3) 25
DPTR FM NORMAL M PTCLDY (SCALE 4-7) 4
TOTAL FM JUL 1 1383 CLOUDY (SCALE 8-10) 1
DPTR FM NORMAL M
[CDD (BASE 65) ]
TOTAL THIS MO. 0
DPTR FM NORMAL M [PRESSURE DATA]
TOTAL FM JAN 1 998 HIGHEST SLP 30.55 ON 29
DPTR FM NORMAL M LOWEST SLP 29.10 ON 8
[REMARKS]
#FINAL-11-20#