000
CXUS53 KDTX 010735
CF6FNT
PRELIMINARY LOCAL CLIMATOLOGICAL DATA (WS FORM: F-6)
STATION: FLINT MI
MONTH: DECEMBER
YEAR: 2022
LATITUDE: 42 58 N
LONGITUDE: 83 44 W
TEMPERATURE IN F: :PCPN: SNOW: WIND :SUNSHINE: SKY :PK WND
================================================================================
1 2 3 4 5 6A 6B 7 8 9 10 11 12 13 14 15 16 17 18
12Z AVG MX 2MIN
DY MAX MIN AVG DEP HDD CDD WTR SNW DPTH SPD SPD DIR MIN PSBL S-S WX SPD DR
================================================================================
1 37 25 31 -2 34 0 T T T 10.9 28 280 M M 5 37 290
2 53 30 42 9 23 0 0.00 0.0 0 12.7 22 210 M M 10 35 230
3 52 22 37 5 28 0 0.05 T 0 16.3 38 290 M M 8 1 53 290
4 38 20 29 -3 36 0 0.00 0.0 0 9.9 18 230 M M 0 29 240
5 41 27 34 2 31 0 0.00 0.0 0 8.4 14 180 M M 4 19 180
6 44 37 41 10 24 0 0.01 0.0 0 4.5 10 60 M M 10 1 13 60
7 45 39 42 11 23 0 0.00 0.0 0 4.2 12 310 M M 10 18 14 310
8 39 32 36 5 29 0 0.00 0.0 0 7.4 12 70 M M 10 14 60
9 35 32 34 4 31 0 0.00 0.0 0 11.0 20 80 M M 10 27 80
10 35 31 33 3 32 0 0.01 0.2 0 6.8 15 70 M M 10 1 19 70
11 36 32 34 4 31 0 T 0.1 T 5.8 10 290 M M 10 1 13 290
12 36 32 34 4 31 0 T T 0 5.9 12 70 M M 10 1 14 80
13 35 27 31 2 34 0 0.00 0.0 0 8.3 14 90 M M 5 20 70
14 38 27 33 4 32 0 0.00 0.0 0 12.8 24 100 M M 4 33 110
15 42 34 38 9 27 0 0.05 T 0 11.6 32 110 M M 10 1 43 100
16 35 29 32 4 33 0 0.03 0.8 0 8.1 15 230 M M 10 1 22 210
17 31 26 29 1 36 0 0.02 0.5 1 10.6 18 220 M M 10 1 28 210
18 28 24 26 -2 39 0 0.01 0.3 1 12.0 20 230 M M 10 1 28 250
19 26 22 24 -4 41 0 T T 1 9.4 17 280 M M 10 27 280
20 33 21 27 -1 38 0 0.00 0.0 T 6.5 14 290 M M 8 18 280
21 27 15 21 -6 44 0 0.00 0.0 T 6.2 12 280 M M 3 18 280
22 40 27 34 7 31 0 0.18 0.5 T 8.5 23 270 M M 9 1 31 280
23 26 6 16 -11 49 0 0.21 4.0 2 24.3 37 270 M M 10 18 54 250
24 17 4 11 -16 54 0 T 1.8 4 18.2 28 280 M M 10 18 41 220
25 17 14 16 -10 49 0 0.02 0.8 5 13.5 25 260 M M 10 18 34 260
26 21 14 18 -8 47 0 T T 5 6.6 12 220 M M 10 8 16 210
27 27 16 22 -4 43 0 T T 5 9.8 21 190 M M 8 18 29 200
28 42 27 35 9 30 0 0.00 0.0 5 12.6 22 190 M M 1 36 190
29 53 38 46 20 19 0 0.00 0.0 3 11.1 17 200 M M 6 27 180
30 55 42 49 24 16 0 0.15 0.0 0 8.1 18 200 M M 10 1 26 200
31 42 31 37 12 28 0 0.09 0.0 0 5.8 13 280 M M 10 1 16 270
================================================================================
SM 1126 803 1043 0 0.83 9.0 307.8 M 251
================================================================================
AV 36.3 25.9 9.9 FASTST M M 8 MAX(MPH)
MISC ----> 38 290 54 250
================================================================================
NOTES:
# LAST OF SEVERAL OCCURRENCES
COLUMN 17 PEAK WIND IN M.P.H.
PRELIMINARY LOCAL CLIMATOLOGICAL DATA (WS FORM: F-6) , PAGE 2
STATION: FLINT MI
MONTH: DECEMBER
YEAR: 2022
LATITUDE: 42 58 N
LONGITUDE: 83 44 W
[TEMPERATURE DATA] [PRECIPITATION DATA] SYMBOLS USED IN COLUMN 16
AVERAGE MONTHLY: 31.1 TOTAL FOR MONTH: 0.83 1 = FOG OR MIST
DPTR FM NORMAL: 2.4 DPTR FM NORMAL: -1.06 2 = FOG REDUCING VISIBILITY
HIGHEST: 55 ON 30 GRTST 24HR 0.24 ON 30-31 TO 1/4 MILE OR LESS
LOWEST: 4 ON 24 3 = THUNDER
SNOW, ICE PELLETS, HAIL 4 = ICE PELLETS
TOTAL MONTH: 9.1 INCHES 5 = HAIL
GRTST 24HR 4.0 ON 23-23 6 = FREEZING RAIN OR DRIZZLE
GRTST DEPTH: 5 ON 28,27 7 = DUSTSTORM OR SANDSTORM:
VSBY 1/2 MILE OR LESS
8 = SMOKE OR HAZE
[NO. OF DAYS WITH] [WEATHER - DAYS WITH] 9 = BLOWING SNOW
X = TORNADO
MAX 32 OR BELOW: 9 0.01 INCH OR MORE: 12
MAX 90 OR ABOVE: 0 0.10 INCH OR MORE: 3
MIN 32 OR BELOW: 26 0.50 INCH OR MORE: 0
MIN 0 OR BELOW: 0 1.00 INCH OR MORE: 0
[HDD (BASE 65) ]
TOTAL THIS MO. 1043 CLEAR (SCALE 0-3) 3
DPTR FM NORMAL -82 PTCLDY (SCALE 4-7) 7
TOTAL FM JUL 1 2304 CLOUDY (SCALE 8-10) 21
DPTR FM NORMAL -262
[CDD (BASE 65) ]
TOTAL THIS MO. 0
DPTR FM NORMAL 0 [PRESSURE DATA]
TOTAL FM JAN 1 718 HIGHEST SLP 30.51 ON 21
DPTR FM NORMAL 153 LOWEST SLP 29.37 ON 23
[REMARKS]
#FINAL-12-22#