000
CXUS54 KTSA 011200
CLMFSM
CLIMATE REPORT
NATIONAL WEATHER SERVICE TULSA OK
830 AM CST FRI DEC 01 2023
...................................
...THE FORT SMITH ARKANSAS CLIMATE SUMMARY FOR THE MONTH OF NOVEMBER 2023...
CLIMATE NORMAL PERIOD 1991 TO 2020
CLIMATE RECORD PERIOD 1882 TO 2023
WEATHER OBSERVED NORMAL DEPART LAST YEAR`S
VALUE DATE(S) VALUE FROM VALUE DATE(S)
NORMAL
................................................................
TEMPERATURE (F)
RECORD
HIGH 87 11/02/2017
11/16/2016
09/02/1939
LOW 8 11/29/1976
HIGHEST 86 11/07 86 0 84
LOWEST 28 11/27 8 20 22
AVG. MAXIMUM 65.5 63.4 2.1 61.8
AVG. MINIMUM 41.1 40.0 1.1 40.3
MEAN 53.3 51.7 1.6 51.0
DAYS MAX >= 90 0
DAYS MAX <= 32 0
DAYS MIN <= 32 5
DAYS MIN <= 0 0
PRECIPITATION (INCHES)
RECORD
MAXIMUM 14.01 1946
MINIMUM 0.26 1904
TOTALS 3.22 3.85 -0.63 4.53
DAILY AVG. 0.10 0.13 -0.03 0.15
DAYS >= .01 2 7.4 -5.4 7
DAYS >= .10 1 5.2 -4.2 5
DAYS >= .50 1 2.8 -1.8 3
DAYS >= 1.00 1 1.2 -0.2 3
GREATEST
24 HR. TOTAL 1.25 11/09 TO 11/09
SNOWFALL (INCHES)
RECORDS
TOTAL 4.7 1976
TOTALS 0.0 0.0 0.0 T
SINCE 7/1 0.0 0.0 0.0 T
SNOWDEPTH AVG. 0 0
DAYS >= 1.0 0 0.0 0.0 0
GREATEST
SNOW DEPTH 0 0 MM
24 HR TOTAL 0
DEGREE DAYS
HEATING TOTAL 363 407 -44 432
SINCE 7/1 473 546 -73 MM
COOLING TOTAL 20 8 12 23
SINCE 1/1 2595 2174 421 MM
................................................................
WIND (MPH)
AVERAGE WIND SPEED 5.6
HIGHEST WIND SPEED/DIRECTION 24/280 DATE 11/26
HIGHEST GUST SPEED/DIRECTION 34/280 DATE 11/26
SKY COVER
POSSIBLE SUNSHINE (PERCENT) MM
AVERAGE SKY COVER 0.13
NUMBER OF DAYS FAIR 25
NUMBER OF DAYS PC 4
NUMBER OF DAYS CLOUDY 1
AVERAGE RH (PERCENT) 67
WEATHER CONDITIONS. NUMBER OF DAYS WITH
THUNDERSTORM 1 MIXED PRECIP 0
HEAVY RAIN 1 RAIN 2
LIGHT RAIN 5 FREEZING RAIN 0
LT FREEZING RAIN 0 HAIL 0
HEAVY SNOW 0 SNOW 0
LIGHT SNOW 0 SLEET 0
FOG 8 FOG W/VIS <= 1/4 MILE 1
HAZE 1
- INDICATES NEGATIVE NUMBERS.
R INDICATES RECORD WAS SET OR TIED.
MM INDICATES DATA IS MISSING.
T INDICATES TRACE AMOUNT.
$$