000
CXUS54 KFWD 010830
CF6FTW
PRELIMINARY LOCAL CLIMATOLOGICAL DATA (WS FORM: F-6)
STATION: FORT WORTH MEACHAM
MONTH: JANUARY
YEAR: 2023
LATITUDE: 32 49 N
LONGITUDE: 97 21 W
TEMPERATURE IN F: :PCPN: SNOW: WIND :SUNSHINE: SKY :PK WND
================================================================================
1 2 3 4 5 6A 6B 7 8 9 10 11 12 13 14 15 16 17 18
12Z AVG MX 2MIN
DY MAX MIN AVG DEP HDD CDD WTR SNW DPTH SPD SPD DIR MIN PSBL S-S WX SPD DR
================================================================================
1 78 52 65 20 0 0 0.00 M M 10.1 16 160 M M 0 22 150
2 77 57 67 22 0 2 0.00 M M 12.2 26 150 M M 6 18 35 160
3 67 45 56 11 9 0 T M M 7.9 21 270 M M 2 27 260
4 59 34 47 2 18 0 0.00 M M 4.2 10 350 M M 0 14 320
5 61 35 48 3 17 0 0.00 M M 4.6 8 20 M M 0 14 340
6 70 40 55 10 10 0 0.00 M M 12.6 21 170 M M 1 28 180
7 64 44 54 9 11 0 0.00 M M 10.3 17 320 M M 0 24 210
8 61 36 49 4 16 0 0.00 M M 3.6 12 360 M M 0 17 310
9 69 38 54 9 11 0 0.00 M M 7.3 18 180 M M 0 24 160
10 82 47 65 20 0 0 0.00 M M 8.5 18 200 M M 0 27 200
11 85 57 71 26 0 6 0.00 M M 10.9 25 200 M M 1 34 210
12 66 42 54 9 11 0 0.00 M M 16.3 31 310 M M 0 45 320
13 58 32 45 0 20 0 0.00 M M 5.0 12 350 M M 0 15 340
14 63 36 50 4 15 0 0.00 M M 12.2 24 180 M M 0 34 180
15 69 46 58 12 7 0 0.00 M M 18.2 31 170 M M 0 40 180
16 75 57 66 20 0 1 0.00 M M 10.9 23 180 M M 0 34 170
17 77 49 63 17 2 0 0.00 M M 6.2 17 140 M M 0 22 140
18 70 52 61 15 4 0 T M M 10.0 26 290 M M 4 1 35 290
19 60 40 50 4 15 0 0.00 M M 9.7 25 320 M M 0 38 300
20 60 38 49 3 16 0 0.00 M M 7.3 15 130 M M 4 21 110
21 63 45 54 8 11 0 0.02 M M 9.5 22 300 M M 5 1 29 300
22 54 35 45 -1 20 0 0.00 M M 9.9 20 290 M M 0 26 300
23 53 32 43 -3 22 0 0.00 M M 6.8 14 70 M M 3 20 80
24 48 34 41 -5 24 0 0.95 M M 13.1 21 30 M M 10 1 29 320
25 44 36 40 -6 25 0 0.00 M M 10.3 20 290 M M 7 26 280
26 54 32 43 -4 22 0 0.00 M M 7.4 16 310 M M 0 8 22 290
27 62 33 48 1 17 0 0.00 M M 10.1 21 160 M M 0 29 170
28 69 45 57 10 8 0 0.00 M M 12.7 22 190 M M 5 33 190
29 57 28 43 -4 22 0 T M M 11.7 24 320 M M 7 1 31 310
30 28 24 26 -21 39 0 T M M 13.0 20 350 M M 10 16 28 340
31 28 24 26 -21 39 0 T M M 12.7 21 10 M M 10 136 25 10
================================================================================
SM 1931 1245 431 9 0.97 M 305.2 M 75
================================================================================
AV 62.3 40.2 9.8 FASTST M M 2 MAX(MPH)
MISC ----> # 31 310 45 320
================================================================================
NOTES:
# LAST OF SEVERAL OCCURRENCES
COLUMN 17 PEAK WIND IN M.P.H.
PRELIMINARY LOCAL CLIMATOLOGICAL DATA (WS FORM: F-6) , PAGE 2
STATION: FORT WORTH MEACHAM
MONTH: JANUARY
YEAR: 2023
LATITUDE: 32 49 N
LONGITUDE: 97 21 W
[TEMPERATURE DATA] [PRECIPITATION DATA] SYMBOLS USED IN COLUMN 16
AVERAGE MONTHLY: 51.2 TOTAL FOR MONTH: 0.97 1 = FOG OR MIST
DPTR FM NORMAL: 5.4 DPTR FM NORMAL: -1.08 2 = FOG REDUCING VISIBILITY
HIGHEST: 85 ON 11 GRTST 24HR 1.51 ON 24-24 TO 1/4 MILE OR LESS
LOWEST: 24 ON 31,30 3 = THUNDER
SNOW, ICE PELLETS, HAIL 4 = ICE PELLETS
TOTAL MONTH: M 5 = HAIL
GRTST 24HR M ON M 6 = FREEZING RAIN OR DRIZZLE
GRTST DEPTH: M ON M 7 = DUSTSTORM OR SANDSTORM:
VSBY 1/2 MILE OR LESS
8 = SMOKE OR HAZE
[NO. OF DAYS WITH] [WEATHER - DAYS WITH] 9 = BLOWING SNOW
X = TORNADO
MAX 32 OR BELOW: 2 0.01 INCH OR MORE: 2
MAX 90 OR ABOVE: 0 0.10 INCH OR MORE: 1
MIN 32 OR BELOW: 6 0.50 INCH OR MORE: 1
MIN 0 OR BELOW: 0 1.00 INCH OR MORE: 0
[HDD (BASE 65) ]
TOTAL THIS MO. 431 CLEAR (SCALE 0-3) 21
DPTR FM NORMAL -164 PTCLDY (SCALE 4-7) 7
TOTAL FM JUL 1 1333 CLOUDY (SCALE 8-10) 3
DPTR FM NORMAL -196
[CDD (BASE 65) ]
TOTAL THIS MO. 9
DPTR FM NORMAL 7 [PRESSURE DATA]
TOTAL FM JAN 1 9 HIGHEST SLP 30.48 ON 13
DPTR FM NORMAL 7 LOWEST SLP 29.58 ON 2
[REMARKS]
#FINAL-01-23#