000
CXUS51 KCAR 010700
CF6FVE
PRELIMINARY LOCAL CLIMATOLOGICAL DATA (WS FORM: F-6)
STATION: FRENCHVILLE ME
MONTH: DECEMBER
YEAR: 2023
LATITUDE: 47 16 N
LONGITUDE: 68 19 W
TEMPERATURE IN F: :PCPN: SNOW: WIND :SUNSHINE: SKY :PK WND
================================================================================
1 2 3 4 5 6A 6B 7 8 9 10 11 12 13 14 15 16 17 18
12Z AVG MX 2MIN
DY MAX MIN AVG DEP HDD CDD WTR SNW DPTH SPD SPD DIR MIN PSBL S-S WX SPD DR
================================================================================
1 40 29 35 10 30 0 0.00 M M 5.6 12 160 M M 7 17 150
2 33 30 32 7 33 0 0.05 M M 4.7 8 10 M M 10 1 13 60
3 30 21 26 2 39 0 T M M 5.1 12 340 M M 10 1 17 40
4 22 18 20 -4 45 0 0.01 M M 7.7 14 10 M M 10 1 21 360
5 19 10 15 -8 50 0 T M M 10.3 18 330 M M 5 26 340
6 18 5 12 -11 53 0 0.00 M M 9.4 16 340 M M 3 23 320
7 18 13 16 -6 49 0 T M M 10.4 20 330 M M 9 1 27 320
8 27 10 19 -3 46 0 0.00 M M 11.1 18 320 M M 2 27 320
9 30 6 18 -4 47 0 0.00 M M 5.6 13 130 M M 4 12 16 130
10 40 30 35 14 30 0 0.67 M M 9.3 20 150 M M 10 12 29 160
11 39 26 33 12 32 0 0.88 M M 12.7 23 280 M M 10 1 36 310
12 28 19 24 3 41 0 T M M 11.4 24 290 M M 9 34 280
13 28 11 20 0 45 0 0.03 M M 10.4 24 290 M M 7 34 280
14 21 11 16 -4 49 0 T M M 9.9 20 280 M M 4 24 300
15 35 20 28 8 37 0 0.00 M M 11.2 22 240 M M 8 33 250
16 34 17 26 7 39 0 0.00 M M 10.3 28 310 M M 3 41 300
17 37 17 27 8 38 0 0.01 M M 12.4 18 150 M M 4 12 29 170
18 56 37 47 29 18 0 0.91 M M 21.3 37 150 M M 10 12 61 140
19 53 29 41 23 24 0 0.02 M M 10.7 24 220 M M 8 1 40 220
20 31 21 26 8 39 0 T M M 10.5 29 330 M M 5 42 340
21 21 11 16 -1 49 0 T M M 18.3 31 330 M M 8 45 340
22 18 8 13 -4 52 0 0.00 M M 11.6 23 320 M M 4 32 340
23 28 14 21 4 44 0 0.00 M M 5.2 8 180 M M 4 12 180
24 38 24 31 15 34 0 0.00 M M 3.4 8 190 M M 9 11 260
25 39 24 32 16 33 0 0.00 M M 3.0 14 230 M M 7 20 210
26 41 32 37 21 28 0 0.00 M M 8.2 23 250 M M 10 33 250
27 34 30 32 16 33 0 0.00 M M 3.7 9 330 M M 10 14 340
28 37 20 29 14 36 0 0.00 M M 4.6 10 360 M M 2 15 110
29 30 27 29 14 36 0 0.02 M M 6.7 10 50 M M 10 16 17 60
30 31 26 29 14 36 0 0.07 M M 6.8 16 320 M M 10 1 23 320
31 26 17 22 8 43 0 T M M 10.9 17 280 M M 10 24 320
================================================================================
SM 982 613 1208 0 2.67 M 282.4 M 222
================================================================================
AV 31.7 19.8 9.1 FASTST M M 7 MAX(MPH)
MISC ----> 37 150 61 140
================================================================================
NOTES:
# LAST OF SEVERAL OCCURRENCES
COLUMN 17 PEAK WIND IN M.P.H.
PRELIMINARY LOCAL CLIMATOLOGICAL DATA (WS FORM: F-6) , PAGE 2
STATION: FRENCHVILLE ME
MONTH: DECEMBER
YEAR: 2023
LATITUDE: 47 16 N
LONGITUDE: 68 19 W
[TEMPERATURE DATA] [PRECIPITATION DATA] SYMBOLS USED IN COLUMN 16
AVERAGE MONTHLY: 25.7 TOTAL FOR MONTH: 2.67 1 = FOG OR MIST
DPTR FM NORMAL: 6.4 DPTR FM NORMAL: 0.40 2 = FOG REDUCING VISIBILITY
HIGHEST: 56 ON 18 GRTST 24HR 1.54 ON 10-11 TO 1/4 MILE OR LESS
LOWEST: 5 ON 6 3 = THUNDER
SNOW, ICE PELLETS, HAIL 4 = ICE PELLETS
TOTAL MONTH: M 5 = HAIL
GRTST 24HR M ON M 6 = FREEZING RAIN OR DRIZZLE
GRTST DEPTH: M ON M 7 = DUSTSTORM OR SANDSTORM:
VSBY 1/2 MILE OR LESS
8 = SMOKE OR HAZE
[NO. OF DAYS WITH] [WEATHER - DAYS WITH] 9 = BLOWING SNOW
X = TORNADO
MAX 32 OR BELOW: 17 0.01 INCH OR MORE: 10
MAX 90 OR ABOVE: 0 0.10 INCH OR MORE: 3
MIN 32 OR BELOW: 30 0.50 INCH OR MORE: 3
MIN 0 OR BELOW: 0 1.00 INCH OR MORE: 0
[HDD (BASE 65) ]
TOTAL THIS MO. 1208 CLEAR (SCALE 0-3) 3
DPTR FM NORMAL -209 PTCLDY (SCALE 4-7) 13
TOTAL FM JUL 1 3030 CLOUDY (SCALE 8-10) 15
DPTR FM NORMAL -453
[CDD (BASE 65) ]
TOTAL THIS MO. 0
DPTR FM NORMAL 0 [PRESSURE DATA]
TOTAL FM JAN 1 319 HIGHEST SLP 30.61 ON 16
DPTR FM NORMAL 111 LOWEST SLP 29.04 ON 18
[REMARKS]
#FINAL-12-23#