000
CXUS52 KMFL 011000
CF6FXE
PRELIMINARY LOCAL CLIMATOLOGICAL DATA (WS FORM: F-6)
STATION: FORT LAUDERDALE EXEC ARPT
MONTH: APRIL
YEAR: 2020
LATITUDE: 26 12 N
LONGITUDE: 80 11 W
TEMPERATURE IN F: :PCPN: SNOW: WIND :SUNSHINE: SKY :PK WND
================================================================================
1 2 3 4 5 6A 6B 7 8 9 10 11 12 13 14 15 16 17 18
12Z AVG MX 2MIN
DY MAX MIN AVG DEP HDD CDD WTR SNW DPTH SPD SPD DIR MIN PSBL S-S WX SPD DR
================================================================================
1 83 68 76 3 0 11 0.14 0.0 0 9.5 22 310 M M 3 1 30 300
2 80 63 72 -1 0 7 0.00 0.0 0 6.7 15 100 M M 1 20 70
3 81 64 73 0 0 8 0.00 0.0 0 4.8 14 100 M M 2 18 80
4 84 68 76 2 0 11 0.00 0.0 0 5.5 15 140 M M 2 20 120
5 84 69 77 3 0 12 0.06 0.0 0 4.5 14 120 M M 6 1 19 120
6 82 71 77 3 0 12 0.31 0.0 0 9.0 23 80 M M 7 1 29 80
7 85 71 78 4 0 13 0.00 0.0 0 9.4 17 90 M M 4 22 100
8 90 72 81 7 0 16 0.00 0.0 0 6.5 15 200 M M 2 19 200
9 94 72 83 9 0 18 0.00 0.0 0 11.0 18 260 M M 3 24 260
10 94 74 84 10 0 19 0.00 0.0 0 10.4 18 260 M M 5 1 23 260
11 83 76 80 6 0 15 T 0.0 0 12.3 21 90 M M 9 26 80
12 88 78 83 9 0 18 T 0.0 0 14.2 22 120 M M 7 29 110
13 91 79 85 11 0 20 0.00 0.0 0 11.5 21 180 M M 4 26 180
14 92 77 85 10 0 20 0.00 0.0 0 8.9 18 140 M M 1 23 140
15 94 78 86 11 0 21 0.00 0.0 0 9.8 20 230 M M 2 8 27 210
16 92 76 84 9 0 19 0.02 0.0 0 7.4 17 60 M M 6 8 24 50
17 86 77 82 7 0 17 0.00 0.0 0 12.6 20 110 M M 7 24 90
18 92 75 84 9 0 19 0.75 0.0 0 5.3 26 280 M M 2 13 38 270
19 90 73 82 7 0 17 0.00 0.0 0 7.4 20 140 M M 1 24 140
20 95 79 87 12 0 22 0.00 0.0 0 14.1 30 240 M M 1 39 230
21 92 74 83 8 0 18 0.05 0.0 0 7.1 16 270 M M 2 1 21 290
22 87 67 77 1 0 12 0.00 0.0 0 8.8 16 90 M M 1 21 80
23 88 78 83 7 0 18 0.00 0.0 0 13.2 22 140 M M 2 29 140
24 96 77 87 11 0 22 0.07 0.0 0 11.7 22 270 M M 6 3 27 210
25 89 74 82 6 0 17 0.17 0.0 0 7.5 14 150 M M 4 13 M M
26 M M M M M M 0.17 M 0 3.7 12 180 M M 1 3 M M
27 84 68 76 0 0 11 0.00 0.0 0 8.0 16 70 M M 0 21 80
28 83 66 75 -1 0 10 0.00 0.0 0 10.8 21 70 M M 3 24 80
29 86 72 79 3 0 14 0.00 0.0 0 11.7 22 110 M M 4 27 120
30 86 69 78 2 0 13 1.22 0.0 0 7.2 37 290 M M 3 123 47 290
================================================================================
SM 2551 2105 0 450 2.96 0.0 270.5 M 101
================================================================================
AV 88.0 72.6 9.0 FASTST M M 3 MAX(MPH)
MISC ----> # 37 290 # 47 290
================================================================================
NOTES:
# LAST OF SEVERAL OCCURRENCES
COLUMN 17 PEAK WIND IN M.P.H.
PRELIMINARY LOCAL CLIMATOLOGICAL DATA (WS FORM: F-6) , PAGE 2
STATION: FORT LAUDERDALE EXEC ARPT
MONTH: APRIL
YEAR: 2020
LATITUDE: 26 12 N
LONGITUDE: 80 11 W
[TEMPERATURE DATA] [PRECIPITATION DATA] SYMBOLS USED IN COLUMN 16
AVERAGE MONTHLY: 80.3 TOTAL FOR MONTH: 2.96 1 = FOG OR MIST
DPTR FM NORMAL: 5.5 DPTR FM NORMAL: -0.16 2 = FOG REDUCING VISIBILITY
HIGHEST: 96 ON 24 GRTST 24HR 1.22 ON 30-30 TO 1/4 MILE OR LESS
LOWEST: 63 ON 2 3 = THUNDER
SNOW, ICE PELLETS, HAIL 4 = ICE PELLETS
TOTAL MONTH: 0.0 INCH 5 = HAIL
GRTST 24HR 0.0 6 = FREEZING RAIN OR DRIZZLE
GRTST DEPTH: 0 7 = DUSTSTORM OR SANDSTORM:
VSBY 1/2 MILE OR LESS
8 = SMOKE OR HAZE
[NO. OF DAYS WITH] [WEATHER - DAYS WITH] 9 = BLOWING SNOW
X = TORNADO
MAX 32 OR BELOW: 0 0.01 INCH OR MORE: 10
MAX 90 OR ABOVE: 12 0.10 INCH OR MORE: 6
MIN 32 OR BELOW: 0 0.50 INCH OR MORE: 2
MIN 0 OR BELOW: 0 1.00 INCH OR MORE: 1
[HDD (BASE 65) ]
TOTAL THIS MO. 0 CLEAR (SCALE 0-3) 18
DPTR FM NORMAL -2 PTCLDY (SCALE 4-7) 11
TOTAL FM JUL 1 80 CLOUDY (SCALE 8-10) 1
DPTR FM NORMAL -90
[CDD (BASE 65) ]
TOTAL THIS MO. 450
DPTR FM NORMAL 156 [PRESSURE DATA]
TOTAL FM JAN 1 1172 HIGHEST SLP 30.17 ON 28
DPTR FM NORMAL 405 LOWEST SLP 29.72 ON 1
[REMARKS]
#FINAL-04-20#