000
CXUS54 KTSA 010950
CF6FYV
PRELIMINARY LOCAL CLIMATOLOGICAL DATA (WS FORM: F-6)
STATION: FAYETTEVILLE ARKANSAS
MONTH: JANUARY
YEAR: 2024
LATITUDE: 36 0 N
LONGITUDE: 94 10 W
TEMPERATURE IN F: :PCPN: SNOW: WIND :SUNSHINE: SKY :PK WND
================================================================================
1 2 3 4 5 6A 6B 7 8 9 10 11 12 13 14 15 16 17 18
12Z AVG MX 2MIN
DY MAX MIN AVG DEP HDD CDD WTR SNW DPTH SPD SPD DIR MIN PSBL S-S WX SPD DR
================================================================================
1 44 22 33 -3 32 0 0.00 0.0 0 2.5 8 340 M M 5 14 320
2 46 20 33 -3 32 0 0.00 0.0 0 2.5 13 210 M M 0 19 240
3 51 24 38 2 27 0 0.00 0.0 0 1.8 9 330 M M 0 18 13 320
4 54 19 37 1 28 0 0.00 0.0 0 3.1 13 120 M M 0 18 19 100
5 45 31 38 2 27 0 0.20 2.3 0 4.4 15 80 M M 8 18 23 90
6 39 34 37 1 28 0 0.01 0.0 0 6.9 14 290 M M 10 1 17 290
7 55 28 42 6 23 0 0.00 0.0 0 5.6 16 140 M M 2 24 110
8 50 39 45 9 20 0 0.67 T 0 9.9 32 150 M M 8 1 56 150
9 42 30 36 0 29 0 0.08 0.3 0 14.1 25 270 M M 9 18 37 260
10 51 22 37 1 28 0 0.00 0.0 0 9.3 28 190 M M 1 40 230
11 62 22 42 6 23 0 0.31 0.0 0 7.6 25 300 M M 1 13 36 140
12 46 18 32 -4 33 0 0.01 0.4 0 11.6 24 280 M M 6 138 35 250
13 30 7 19 -17 46 0 0.00 0.0 0 7.0 20 330 M M 0 25 330
14 7 -5 1 -35 64 0 0.16 3.2 0 5.9 14 330 M M 5 19 330
15 13 -3 5 -31 60 0 T T 3 7.4 22 330 M M 7 30 340
16 15 -10 3 -33 62 0 0.00 0.0 2 4.6 16 330 M M 1 23 320
17 35 -4 16 -20 49 0 0.00 0.0 0 9.0 21 170 M M 0 28 170
18 46 16 31 -5 34 0 0.00 0.0 0 3.5 17 320 M M 0 28 320
19 32 12 22 -14 43 0 0.00 0.0 0 10.8 25 330 M M 4 32 320
20 30 7 19 -17 46 0 0.00 0.0 0 2.7 10 60 M M 0 16 20
21 35 15 25 -11 40 0 T 0.0 0 6.9 18 170 M M 6 25 160
22 49 32 41 5 24 0 0.89 0.0 0 5.0 16 160 M M 10 1 25 150
23 51 40 46 9 19 0 0.02 0.0 0 0.5 7 330 M M 10 12 7 340
24 61 42 52 15 13 0 0.00 0.0 0 1.3 9 330 M M 9 12 12 280
25 52 45 49 12 16 0 0.32 0.0 0 3.2 12 270 M M 10 12 17 270
26 49 42 46 9 19 0 0.00 0.0 0 2.3 9 70 M M 10 18 12 60
27 45 35 40 3 25 0 0.30 0.0 0 7.9 15 330 M M 10 1 20 330
28 54 29 42 5 23 0 0.00 0.0 0 5.4 13 340 M M 5 18 18 320
29 64 26 45 8 20 0 0.00 0.0 0 3.3 16 220 M M 0 24 250
30 65 32 49 12 16 0 0.00 0.0 0 4.6 17 310 M M 0 1 22 300
31 69 27 48 10 17 0 0.00 0.0 0 2.4 9 190 M M 0 13 300
================================================================================
SM 1387 694 966 0 2.97 6.2 173.0 M 137
================================================================================
AV 44.7 22.4 5.6 FASTST M M 4 MAX(MPH)
MISC ----> 32 150 56 150
================================================================================
NOTES:
# LAST OF SEVERAL OCCURRENCES
COLUMN 17 PEAK WIND IN M.P.H.
PRELIMINARY LOCAL CLIMATOLOGICAL DATA (WS FORM: F-6) , PAGE 2
STATION: FAYETTEVILLE ARKANSAS
MONTH: JANUARY
YEAR: 2024
LATITUDE: 36 0 N
LONGITUDE: 94 10 W
[TEMPERATURE DATA] [PRECIPITATION DATA] SYMBOLS USED IN COLUMN 16
AVERAGE MONTHLY: 33.6 TOTAL FOR MONTH: 2.97 1 = FOG OR MIST
DPTR FM NORMAL: -2.8 DPTR FM NORMAL: 0.22 2 = FOG REDUCING VISIBILITY
HIGHEST: 69 ON 31 GRTST 24HR 1.04 ON 8- 8 TO 1/4 MILE OR LESS
LOWEST: -10 ON 16 3 = THUNDER
SNOW, ICE PELLETS, HAIL 4 = ICE PELLETS
TOTAL MONTH: 6.2 INCHES 5 = HAIL
GRTST 24HR 3.2 ON 14-14 6 = FREEZING RAIN OR DRIZZLE
GRTST DEPTH: 3 ON 15 7 = DUSTSTORM OR SANDSTORM:
VSBY 1/2 MILE OR LESS
8 = SMOKE OR HAZE
[NO. OF DAYS WITH] [WEATHER - DAYS WITH] 9 = BLOWING SNOW
X = TORNADO
MAX 32 OR BELOW: 6 0.01 INCH OR MORE: 11
MAX 90 OR ABOVE: 0 0.10 INCH OR MORE: 7
MIN 32 OR BELOW: 24 0.50 INCH OR MORE: 2
MIN 0 OR BELOW: 4 1.00 INCH OR MORE: 0
[HDD (BASE 65) ]
TOTAL THIS MO. 966 CLEAR (SCALE 0-3) 14
DPTR FM NORMAL 79 PTCLDY (SCALE 4-7) 8
TOTAL FM JUL 1 2241 CLOUDY (SCALE 8-10) 9
DPTR FM NORMAL -278
[CDD (BASE 65) ]
TOTAL THIS MO. 0
DPTR FM NORMAL 0 [PRESSURE DATA]
TOTAL FM JAN 1 0 HIGHEST SLP 30.68 ON 20
DPTR FM NORMAL 0 LOWEST SLP 29.33 ON 9
[REMARKS]
#FINAL-01-24#