000
CXUS54 KTSA 011113
CF6FYV
PRELIMINARY LOCAL CLIMATOLOGICAL DATA (WS FORM: F-6)
STATION: FAYETTEVILLE ARKANSAS
MONTH: MARCH
YEAR: 2020
LATITUDE: 36 0 N
LONGITUDE: 94 10 W
TEMPERATURE IN F: :PCPN: SNOW: WIND :SUNSHINE: SKY :PK WND
================================================================================
1 2 3 4 5 6A 6B 7 8 9 10 11 12 13 14 15 16 17 18
12Z AVG MX 2MIN
DY MAX MIN AVG DEP HDD CDD WTR SNW DPTH SPD SPD DIR MIN PSBL S-S WX SPD DR
================================================================================
1 67 55 61 17 4 0 0.00 0.0 0 14.8 28 180 M M 5 39 190
2 74 44 59 15 6 0 0.00 0.0 0 6.6 18 290 M M 5 25 200
3 67 37 52 8 13 0 0.00 0.0 0 2.6 13 330 M M 0 16 330
4 58 34 46 1 19 0 0.00 0.0 0 2.8 12 20 M M 0 18 20
5 67 29 48 3 17 0 0.00 0.0 0 7.0 22 310 M M 0 30 310
6 61 30 46 1 19 0 0.00 0.0 0 3.5 13 330 M M 0 20 340
7 66 26 46 0 19 0 0.00 0.0 0 7.0 17 170 M M 0 28 150
8 67 44 56 10 9 0 0.00 0.0 0 13.1 24 180 M M 1 33 170
9 65 46 56 10 9 0 0.22 0.0 0 16.1 25 200 M M 9 1 38 190
10 70 41 56 10 9 0 0.00 0.0 0 4.8 13 200 M M 5 17 330
11 75 53 64 17 1 0 0.17 0.0 0 6.9 26 310 M M 2 13 40 290
12 85 57 71 24 0 6 0.00 0.0 0 11.7 26 220 M M 3 38 240
13 58 42 50 3 15 0 0.11 0.0 0 9.7 18 90 M M 6 28 80
14 53 44 49 1 16 0 1.58 0.0 0 6.9 21 300 M M 10 13 29 310
15 50 42 46 -2 19 0 0.00 0.0 0 5.5 13 80 M M 10 1 17 70
16 54 42 48 0 17 0 0.11 0.0 0 3.5 10 180 M M 10 18 15 80
17 63 49 56 8 9 0 0.02 0.0 0 5.4 12 110 M M 10 1 16 110
18 73 54 64 15 1 0 1.01 0.0 0 12.3 26 180 M M 7 13 37 180
19 69 60 65 16 0 0 2.56 0.0 0 10.4 23 260 M M 7 123 34 280
20 64 36 50 1 15 0 0.00 0.0 0 10.1 20 320 M M 6 18 29 270
21 57 32 45 -5 20 0 0.01 0.0 0 4.0 18 140 M M 1 28 150
22 54 43 49 -1 16 0 0.25 0.0 0 5.8 15 180 M M 9 1 19 180
23 62 50 56 6 9 0 0.00 0.0 0 5.1 14 180 M M 9 1 18 180
24 73 47 60 10 5 0 0.18 0.0 0 6.5 25 290 M M 6 13 34 290
25 74 42 58 7 7 0 0.00 0.0 0 6.8 20 180 M M 3 12 26 180
26 89 64 77 26 0 12 0.00 0.0 0 12.5 23 210 M M 0 31 200
27 79 71 75 24 0 10 0.00 0.0 0 12.9 23 180 M M 1 34 180
28 76 56 66 14 0 1 0.12 0.0 0 13.3 22 250 M M 3 3 37 190
29 70 42 56 4 9 0 0.00 0.0 0 6.2 18 280 M M 0 28 290
30 70 44 57 5 8 0 0.57 0.0 0 4.4 22 170 M M 5 1 30 170
31 66 45 56 4 9 0 0.28 0.0 0 6.7 17 320 M M 6 1 25 340
================================================================================
SM 2076 1401 300 29 7.19 0.0 244.9 M 139
================================================================================
AV 67.0 45.2 7.9 FASTST M M 4 MAX(MPH)
MISC ----> # 28 180 # 40 290
================================================================================
NOTES:
# LAST OF SEVERAL OCCURRENCES
COLUMN 17 PEAK WIND IN M.P.H.
PRELIMINARY LOCAL CLIMATOLOGICAL DATA (WS FORM: F-6) , PAGE 2
STATION: FAYETTEVILLE ARKANSAS
MONTH: MARCH
YEAR: 2020
LATITUDE: 36 0 N
LONGITUDE: 94 10 W
[TEMPERATURE DATA] [PRECIPITATION DATA] SYMBOLS USED IN COLUMN 16
AVERAGE MONTHLY: 56.1 TOTAL FOR MONTH: 7.19 1 = FOG OR MIST
DPTR FM NORMAL: 8.0 DPTR FM NORMAL: 3.24 2 = FOG REDUCING VISIBILITY
HIGHEST: 89 ON 26 GRTST 24HR 2.56 ON 19-19 TO 1/4 MILE OR LESS
LOWEST: 26 ON 7 3 = THUNDER
SNOW, ICE PELLETS, HAIL 4 = ICE PELLETS
TOTAL MONTH: 0.0 INCH 5 = HAIL
GRTST 24HR 0.0 6 = FREEZING RAIN OR DRIZZLE
GRTST DEPTH: 0 7 = DUSTSTORM OR SANDSTORM:
VSBY 1/2 MILE OR LESS
8 = SMOKE OR HAZE
[NO. OF DAYS WITH] [WEATHER - DAYS WITH] 9 = BLOWING SNOW
X = TORNADO
MAX 32 OR BELOW: 0 0.01 INCH OR MORE: 14
MAX 90 OR ABOVE: 0 0.10 INCH OR MORE: 12
MIN 32 OR BELOW: 4 0.50 INCH OR MORE: 4
MIN 0 OR BELOW: 0 1.00 INCH OR MORE: 3
[HDD (BASE 65) ]
TOTAL THIS MO. 300 CLEAR (SCALE 0-3) 14
DPTR FM NORMAL -226 PTCLDY (SCALE 4-7) 10
TOTAL FM JUL 1 3245 CLOUDY (SCALE 8-10) 7
DPTR FM NORMAL -584
[CDD (BASE 65) ]
TOTAL THIS MO. 29
DPTR FM NORMAL 25 [PRESSURE DATA]
TOTAL FM JAN 1 29 HIGHEST SLP 30.57 ON 6
DPTR FM NORMAL 25 LOWEST SLP 29.58 ON 27
[REMARKS]
#FINAL-03-20#