000
CXUS54 KTSA 011344
CF6FYV
PRELIMINARY LOCAL CLIMATOLOGICAL DATA (WS FORM: F-6)
STATION: FAYETTEVILLE ARKANSAS
MONTH: NOVEMBER
YEAR: 2023
LATITUDE: 36 0 N
LONGITUDE: 94 10 W
TEMPERATURE IN F: :PCPN: SNOW: WIND :SUNSHINE: SKY :PK WND
================================================================================
1 2 3 4 5 6A 6B 7 8 9 10 11 12 13 14 15 16 17 18
12Z AVG MX 2MIN
DY MAX MIN AVG DEP HDD CDD WTR SNW DPTH SPD SPD DIR MIN PSBL S-S WX SPD DR
================================================================================
1 54 20 37 -15 28 0 0.00 0.0 0 2.6 12 190 M M 0 18 250
2 64 27 46 -6 19 0 0.00 0.0 0 5.5 17 200 M M 0 22 170
3 68 40 54 2 11 0 0.00 0.0 0 8.2 21 190 M M 0 28 190
4 73 40 57 6 8 0 0.00 0.0 0 2.5 14 230 M M 6 20 230
5 76 46 61 10 4 0 0.00 0.0 0 5.4 17 180 M M 5 1 27 190
6 81 62 72 21 0 7 0.00 0.0 0 10.4 23 190 M M 1 35 200
7 83 61 72 22 0 7 0.00 0.0 0 10.7 18 170 M M 0 24 160
8 83 63 73 23 0 8 0.00 0.0 0 13.2 25 190 M M 1 35 180
9 63 47 55 5 10 0 0.15 0.0 0 4.3 15 70 M M 6 22 60
10 64 35 50 1 15 0 0.00 0.0 0 2.1 13 70 M M 0 1 19 70
11 65 31 48 -1 17 0 0.00 0.0 0 2.6 10 80 M M 2 8 16 80
12 70 31 51 3 14 0 0.00 0.0 0 0.9 7 310 M M 1 10 310
13 71 35 53 5 12 0 0.00 0.0 0 1.5 10 60 M M 0 1 16 90
14 70 33 52 4 13 0 0.00 0.0 0 2.3 15 180 M M 0 1 20 190
15 74 33 54 6 11 0 0.00 0.0 0 0.8 8 70 M M 0 1 12 60
16 64 39 52 5 13 0 0.00 0.0 0 8.0 18 170 M M 8 26 170
17 66 39 53 6 12 0 T 0.0 0 3.7 12 340 M M 6 12 15 350
18 68 32 50 4 15 0 0.00 0.0 0 0.6 10 340 M M 3 12 17 340
19 64 34 49 3 16 0 0.30 0.0 0 5.1 18 150 M M 5 1 28 140
20 58 46 52 6 13 0 0.89 0.0 0 7.0 18 140 M M 10 13 28 140
21 49 30 40 -5 25 0 0.01 0.0 0 8.7 20 330 M M 8 18 27 360
22 50 25 38 -7 27 0 0.00 0.0 0 3.5 10 310 M M 0 16 330
23 65 27 46 1 19 0 0.00 0.0 0 2.0 15 170 M M 0 18 170
24 55 28 42 -2 23 0 0.00 0.0 0 3.1 12 80 M M 0 17 40
25 59 27 43 -1 22 0 0.03 0.0 0 2.0 13 170 M M 2 18 16 170
26 45 25 35 -9 30 0 0.05 T 0 8.2 20 300 M M 6 18 30 280
27 50 20 35 -8 30 0 0.00 0.0 0 4.9 15 290 M M 0 8 20 240
28 56 23 40 -3 25 0 0.00 0.0 0 3.1 16 270 M M 0 21 260
29 64 34 49 6 16 0 0.00 0.0 0 7.1 17 190 M M 0 26 210
30 56 44 50 8 15 0 0.51 0.0 0 11.7 23 170 M M 10 138 37 150
================================================================================
SM 1928 1077 463 22 1.94 T 151.7 M 80
================================================================================
AV 64.3 35.9 5.1 FASTST M M 3 MAX(MPH)
MISC ----> 25 190 37 150
================================================================================
NOTES:
# LAST OF SEVERAL OCCURRENCES
COLUMN 17 PEAK WIND IN M.P.H.
PRELIMINARY LOCAL CLIMATOLOGICAL DATA (WS FORM: F-6) , PAGE 2
STATION: FAYETTEVILLE ARKANSAS
MONTH: NOVEMBER
YEAR: 2023
LATITUDE: 36 0 N
LONGITUDE: 94 10 W
[TEMPERATURE DATA] [PRECIPITATION DATA] SYMBOLS USED IN COLUMN 16
AVERAGE MONTHLY: 50.1 TOTAL FOR MONTH: 1.94 1 = FOG OR MIST
DPTR FM NORMAL: 2.8 DPTR FM NORMAL: -1.74 2 = FOG REDUCING VISIBILITY
HIGHEST: 83 ON 8, 7 GRTST 24HR 1.09 ON 19-20 TO 1/4 MILE OR LESS
LOWEST: 20 ON 27, 1 3 = THUNDER
SNOW, ICE PELLETS, HAIL 4 = ICE PELLETS
TOTAL MONTH: T 5 = HAIL
GRTST 24HR T ON 26-26 6 = FREEZING RAIN OR DRIZZLE
GRTST DEPTH: 0 7 = DUSTSTORM OR SANDSTORM:
VSBY 1/2 MILE OR LESS
8 = SMOKE OR HAZE
[NO. OF DAYS WITH] [WEATHER - DAYS WITH] 9 = BLOWING SNOW
X = TORNADO
MAX 32 OR BELOW: 0 0.01 INCH OR MORE: 7
MAX 90 OR ABOVE: 0 0.10 INCH OR MORE: 4
MIN 32 OR BELOW: 13 0.50 INCH OR MORE: 2
MIN 0 OR BELOW: 0 1.00 INCH OR MORE: 0
[HDD (BASE 65) ]
TOTAL THIS MO. 463 CLEAR (SCALE 0-3) 20
DPTR FM NORMAL -69 PTCLDY (SCALE 4-7) 6
TOTAL FM JUL 1 649 CLOUDY (SCALE 8-10) 4
DPTR FM NORMAL -171
[CDD (BASE 65) ]
TOTAL THIS MO. 22
DPTR FM NORMAL 19 [PRESSURE DATA]
TOTAL FM JAN 1 1808 HIGHEST SLP 30.52 ON 1
DPTR FM NORMAL 456 LOWEST SLP 29.65 ON 30
[REMARKS]
#FINAL-11-23#