000
CXUS54 KTSA 010850
CF6FYV
PRELIMINARY LOCAL CLIMATOLOGICAL DATA (WS FORM: F-6)
STATION: FAYETTEVILLE ARKANSAS
MONTH: OCTOBER
YEAR: 2023
LATITUDE: 36 0 N
LONGITUDE: 94 10 W
TEMPERATURE IN F: :PCPN: SNOW: WIND :SUNSHINE: SKY :PK WND
================================================================================
1 2 3 4 5 6A 6B 7 8 9 10 11 12 13 14 15 16 17 18
12Z AVG MX 2MIN
DY MAX MIN AVG DEP HDD CDD WTR SNW DPTH SPD SPD DIR MIN PSBL S-S WX SPD DR
================================================================================
1 89 58 74 11 0 9 0.00 0.0 0 0.5 7 70 M M 1 1 10 50
2 87 59 73 10 0 8 0.00 0.0 0 1.2 12 180 M M 2 1 15 180
3 84 57 71 8 0 6 0.00 0.0 0 2.9 18 180 M M 1 1 24 190
4 74 61 68 6 0 3 0.86 0.0 0 3.5 18 120 M M 7 13 28 110
5 81 56 69 7 0 4 0.00 0.0 0 3.4 18 130 M M 4 28 140
6 76 41 59 -3 6 0 0.00 0.0 0 4.8 22 330 M M 2 1 30 330
7 65 36 51 -10 14 0 0.00 0.0 0 3.7 14 340 M M 0 19 320
8 74 39 57 -4 8 0 0.00 0.0 0 6.2 16 220 M M 0 24 220
9 79 47 63 3 2 0 0.00 0.0 0 3.2 10 200 M M 0 14 330
10 81 47 64 4 1 0 0.00 0.0 0 2.1 12 150 M M 2 1 15 140
11 81 58 70 10 0 5 0.00 0.0 0 9.8 26 180 M M 1 1 36 170
12 74 59 67 8 0 2 0.00 0.0 0 12.3 23 180 M M 5 30 170
13 70 53 62 3 3 0 T 0.0 0 10.4 18 280 M M 5 18 28 280
14 58 47 53 -6 12 0 T 0.0 0 8.4 16 330 M M 8 1 23 290
15 60 50 55 -3 10 0 0.05 0.0 0 9.4 16 320 M M 10 18 26 340
16 64 36 50 -8 15 0 0.00 0.0 0 6.3 16 320 M M 1 23 320
17 71 36 54 -4 11 0 0.00 0.0 0 2.7 14 180 M M 0 19 170
18 76 39 58 1 7 0 T 0.0 0 8.0 23 190 M M 1 31 190
19 74 47 61 4 4 0 0.00 0.0 0 4.9 14 270 M M 0 8 20 270
20 81 45 63 6 2 0 0.00 0.0 0 4.1 14 330 M M 0 21 330
21 85 47 66 10 0 1 0.00 0.0 0 2.1 14 270 M M 0 1 20 270
22 81 47 64 8 1 0 0.00 0.0 0 3.5 15 170 M M 0 18 20 170
23 81 52 67 11 0 2 T 0.0 0 7.6 20 170 M M 2 27 180
24 82 63 73 18 0 8 0.04 0.0 0 11.4 26 180 M M 4 1 38 180
25 80 69 75 20 0 10 0.05 0.0 0 12.0 23 180 M M 6 30 180
26 76 65 71 17 0 6 0.93 0.0 0 10.7 21 180 M M 6 1 31 180
27 80 53 67 13 0 2 0.19 0.0 0 7.9 20 320 M M 10 18 24 320
28 59 48 54 0 11 0 0.91 0.0 0 4.6 12 330 M M 10 1 15 330
29 48 38 43 -11 22 0 0.44 0.0 0 7.8 18 330 M M 10 13 29 10
30 46 27 37 -16 28 0 0.00 0.0 0 7.6 17 330 M M 2 27 10
31 48 23 36 -17 29 0 0.00 0.0 0 5.4 20 330 M M 0 25 330
================================================================================
SM 2265 1503 186 66 3.47 0.0 188.4 M 100
================================================================================
AV 73.1 48.5 6.1 FASTST M M 3 MAX(MPH)
MISC ----> # 26 180 38 180
================================================================================
NOTES:
# LAST OF SEVERAL OCCURRENCES
COLUMN 17 PEAK WIND IN M.P.H.
PRELIMINARY LOCAL CLIMATOLOGICAL DATA (WS FORM: F-6) , PAGE 2
STATION: FAYETTEVILLE ARKANSAS
MONTH: OCTOBER
YEAR: 2023
LATITUDE: 36 0 N
LONGITUDE: 94 10 W
[TEMPERATURE DATA] [PRECIPITATION DATA] SYMBOLS USED IN COLUMN 16
AVERAGE MONTHLY: 60.8 TOTAL FOR MONTH: 3.47 1 = FOG OR MIST
DPTR FM NORMAL: 2.8 DPTR FM NORMAL: -1.01 2 = FOG REDUCING VISIBILITY
HIGHEST: 89 ON 1 GRTST 24HR 1.17 ON 28-29 TO 1/4 MILE OR LESS
LOWEST: 23 ON 31 3 = THUNDER
SNOW, ICE PELLETS, HAIL 4 = ICE PELLETS
TOTAL MONTH: 0.0 INCH 5 = HAIL
GRTST 24HR 0.0 6 = FREEZING RAIN OR DRIZZLE
GRTST DEPTH: 0 7 = DUSTSTORM OR SANDSTORM:
VSBY 1/2 MILE OR LESS
8 = SMOKE OR HAZE
[NO. OF DAYS WITH] [WEATHER - DAYS WITH] 9 = BLOWING SNOW
X = TORNADO
MAX 32 OR BELOW: 0 0.01 INCH OR MORE: 8
MAX 90 OR ABOVE: 0 0.10 INCH OR MORE: 5
MIN 32 OR BELOW: 2 0.50 INCH OR MORE: 3
MIN 0 OR BELOW: 0 1.00 INCH OR MORE: 0
[HDD (BASE 65) ]
TOTAL THIS MO. 186 CLEAR (SCALE 0-3) 19
DPTR FM NORMAL -58 PTCLDY (SCALE 4-7) 8
TOTAL FM JUL 1 186 CLOUDY (SCALE 8-10) 4
DPTR FM NORMAL -101
[CDD (BASE 65) ]
TOTAL THIS MO. 66
DPTR FM NORMAL 37 [PRESSURE DATA]
TOTAL FM JAN 1 1786 HIGHEST SLP 30.50 ON 31
DPTR FM NORMAL 437 LOWEST SLP 29.61 ON 12
[REMARKS]
#FINAL-10-23#