888
CXUS54 KOUN 010700
CF6GAG
PRELIMINARY LOCAL CLIMATOLOGICAL DATA (WS FORM: F-6)
STATION: GAGE
MONTH: SEPTEMBER
YEAR: 2020
LATITUDE: 36 17 N
LONGITUDE: 99 46 W
TEMPERATURE IN F: :PCPN: SNOW: WIND :SUNSHINE: SKY :PK WND
================================================================================
1 2 3 4 5 6A 6B 7 8 9 10 11 12 13 14 15 16 17 18
12Z AVG MX 2MIN
DY MAX MIN AVG DEP HDD CDD WTR SNW DPTH SPD SPD DIR MIN PSBL S-S WX SPD DR
================================================================================
1 93 67 80 4 0 15 0.35 0.0 0 8.5 28 140 M M 6 13 33 140
2 83 63 73 -3 0 8 0.82 0.0 0 5.5 35 10 M M 3 138 52 20
3 96 60 78 2 0 13 0.00 0.0 0 7.2 21 360 M M 0 1 26 10
4 94 60 77 2 0 12 0.00 0.0 0 4.4 15 170 M M 0 19 170
5 91 65 78 3 0 13 0.00 0.0 0 10.4 21 180 M M 0 1 25 180
6 96 70 83 8 0 18 0.00 0.0 0 17.2 30 200 M M 0 38 220
7 93 68 81 7 0 16 0.00 0.0 0 16.9 28 190 M M 0 35 200
8 78 45 62 -12 3 0 0.03 M 0 16.5 28 10 M M 6 1 37 20
9 46 41 44 -30 21 0 0.94 M 0 16.7 25 360 M M 10 1 32 10
10 58 45 52 -21 13 0 0.00 0.0 0 10.0 18 10 M M 10 1 24 360
11 74 51 63 -10 2 0 0.01 0.0 0 6.0 16 190 M M 6 1 20 200
12 86 56 71 -1 0 6 0.00 0.0 0 6.1 15 180 M M 2 1 20 190
13 86 54 70 -2 0 5 0.00 0.0 0 4.1 12 70 M M 2 128 16 50
14 81 51 66 -5 0 1 0.00 0.0 0 4.1 12 110 M M 0 12 16 70
15 83 50 67 -4 0 2 0.00 0.0 0 3.8 16 180 M M 0 1 20 140
16 87 56 72 2 0 7 0.00 0.0 0 3.6 14 40 M M 1 1 19 20
17 83 56 70 0 0 5 0.00 0.0 0 3.9 12 20 M M 0 18 14 30
18 81 52 67 -3 0 2 0.00 0.0 0 3.8 10 120 M M 0 18 13 130
19 83 48 66 -3 0 1 0.00 0.0 0 9.7 21 170 M M 0 18 25 190
20 84 49 67 -2 0 2 0.00 0.0 0 11.2 23 200 M M 0 18 27 200
21 83 47 65 -3 0 0 0.00 0.0 0 8.3 17 200 M M 0 18 22 150
22 84 47 66 -2 0 1 0.00 0.0 0 4.7 13 110 M M 1 18 18 110
23 82 59 71 4 0 6 0.00 0.0 0 4.0 12 150 M M 4 18 16 140
24 95 56 76 9 0 11 0.00 0.0 0 10.5 18 180 M M 0 24 180
25 100 60 80 14 0 15 0.00 0.0 0 15.5 26 170 M M 0 35 180
26 98 65 82 16 0 17 0.00 0.0 0 21.1 32 190 M M 0 40 190
27 75 60 68 2 0 3 T 0.0 0 15.4 24 20 M M 7 1 44 30
28 72 42 57 -8 8 0 0.00 0.0 0 12.2 26 340 M M 1 38 360
29 84 37 61 -4 4 0 0.00 0.0 0 8.6 20 300 M M 0 8 25 290
30 93 46 70 6 0 5 0.00 0.0 0 9.4 22 40 M M 0 27 40
================================================================================
SM 2522 1626 51 184 2.15 0.0 279.3 M 59
================================================================================
AV 84.1 54.2 9.3 FASTST M M 2 MAX(MPH)
MISC ----> # 35 10 # 52 20
================================================================================
NOTES:
# LAST OF SEVERAL OCCURRENCES
COLUMN 17 PEAK WIND IN M.P.H.
PRELIMINARY LOCAL CLIMATOLOGICAL DATA (WS FORM: F-6) , PAGE 2
STATION: GAGE
MONTH: SEPTEMBER
YEAR: 2020
LATITUDE: 36 17 N
LONGITUDE: 99 46 W
[TEMPERATURE DATA] [PRECIPITATION DATA] SYMBOLS USED IN COLUMN 16
AVERAGE MONTHLY: 69.1 TOTAL FOR MONTH: 2.15 1 = FOG OR MIST
DPTR FM NORMAL: -1.5 DPTR FM NORMAL: 0.21 2 = FOG REDUCING VISIBILITY
HIGHEST: 100 ON 25 GRTST 24HR 0.94 ON 9- 9 TO 1/4 MILE OR LESS
LOWEST: 37 ON 29 3 = THUNDER
SNOW, ICE PELLETS, HAIL 4 = ICE PELLETS
TOTAL MONTH: 0.0 INCH 5 = HAIL
GRTST 24HR 0.0 6 = FREEZING RAIN OR DRIZZLE
GRTST DEPTH: 0 7 = DUSTSTORM OR SANDSTORM:
VSBY 1/2 MILE OR LESS
8 = SMOKE OR HAZE
[NO. OF DAYS WITH] [WEATHER - DAYS WITH] 9 = BLOWING SNOW
X = TORNADO
MAX 32 OR BELOW: 0 0.01 INCH OR MORE: 5
MAX 90 OR ABOVE: 10 0.10 INCH OR MORE: 3
MIN 32 OR BELOW: 0 0.50 INCH OR MORE: 2
MIN 0 OR BELOW: 0 1.00 INCH OR MORE: 0
[HDD (BASE 65) ]
TOTAL THIS MO. 51 CLEAR (SCALE 0-3) 23
DPTR FM NORMAL 7 PTCLDY (SCALE 4-7) 5
TOTAL FM JUL 1 51 CLOUDY (SCALE 8-10) 2
DPTR FM NORMAL 6
[CDD (BASE 65) ]
TOTAL THIS MO. 184
DPTR FM NORMAL -27 [PRESSURE DATA]
TOTAL FM JAN 1 1864 HIGHEST SLP M ON M
DPTR FM NORMAL 272 LOWEST SLP 29.68 ON M
[REMARKS]
#FINAL-09-20#